{"id":990,"date":"2024-08-17T20:46:25","date_gmt":"2024-08-17T20:46:25","guid":{"rendered":"https:\/\/www.vlaknapameti.cz\/?page_id=990"},"modified":"2024-09-11T10:34:34","modified_gmt":"2024-09-11T10:34:34","slug":"uvodni-strana","status":"publish","type":"page","link":"https:\/\/www.vlaknapameti.cz\/?page_id=990","title":{"rendered":"\u00davodn\u00ed strana"},"content":{"rendered":"<p>Vl\u00e1kna pam\u011bti<\/p>\n<p>Minulost a sou\u010dasnost vambereck\u00e9ho krajk\u00e1\u0159stv\u00ed<\/p>\n<p>Projekt Vl\u00e1kna pam\u011bti. Minulost a sou\u010dasnost vambereck\u00e9ho krajk\u00e1\u0159stv\u00ed (DH23PO30VV022) je financov\u00e1n z prost\u0159edk\u016f Ministerstva kultury \u010cesk\u00e9 republiky. Program NAKI III \u2013 program na podporu aplikovan\u00e9ho v\u00fdzkumu v oblasti n\u00e1rodn\u00ed a kulturn\u00ed identity na l\u00e9ta 2023 a\u017e 2030<\/p>\n<p><a href=\"https:\/\/www.vlaknapameti.cz\/?page_id=436\">V\u00edce o projektu<\/a><\/p>\n","protected":false},"excerpt":{"rendered":"<p>Vl\u00e1kna pam\u011bti Minulost a sou\u010dasnost vambereck\u00e9ho krajk\u00e1\u0159stv\u00ed Projekt Vl\u00e1kna pam\u011bti. Minulost a sou\u010dasnost vambereck\u00e9ho krajk\u00e1\u0159stv\u00ed (DH23PO30VV022) je financov\u00e1n z prost\u0159edk\u016f Ministerstva kultury \u010cesk\u00e9 republiky. Program NAKI III \u2013 program na &#8230;<\/p>\n","protected":false},"author":1,"featured_media":0,"parent":0,"menu_order":0,"comment_status":"closed","ping_status":"closed","template":"","meta":{"footnotes":""},"class_list":["post-990","page","type-page","status-publish","hentry"],"_links":{"self":[{"href":"https:\/\/www.vlaknapameti.cz\/index.php?rest_route=\/wp\/v2\/pages\/990","targetHints":{"allow":["GET"]}}],"collection":[{"href":"https:\/\/www.vlaknapameti.cz\/index.php?rest_route=\/wp\/v2\/pages"}],"about":[{"href":"https:\/\/www.vlaknapameti.cz\/index.php?rest_route=\/wp\/v2\/types\/page"}],"author":[{"embeddable":true,"href":"https:\/\/www.vlaknapameti.cz\/index.php?rest_route=\/wp\/v2\/users\/1"}],"replies":[{"embeddable":true,"href":"https:\/\/www.vlaknapameti.cz\/index.php?rest_route=%2Fwp%2Fv2%2Fcomments&post=990"}],"version-history":[{"count":3,"href":"https:\/\/www.vlaknapameti.cz\/index.php?rest_route=\/wp\/v2\/pages\/990\/revisions"}],"predecessor-version":[{"id":1130,"href":"https:\/\/www.vlaknapameti.cz\/index.php?rest_route=\/wp\/v2\/pages\/990\/revisions\/1130"}],"wp:attachment":[{"href":"https:\/\/www.vlaknapameti.cz\/index.php?rest_route=%2Fwp%2Fv2%2Fmedia&parent=990"}],"curies":[{"name":"wp","href":"https:\/\/api.w.org\/{rel}","templated":true}]}}