{"id":885,"date":"2024-04-10T22:43:54","date_gmt":"2024-04-10T22:43:54","guid":{"rendered":"https:\/\/www.vlaknapameti.cz\/?page_id=885"},"modified":"2026-05-13T11:48:22","modified_gmt":"2026-05-13T11:48:22","slug":"krajka-v-cirkvi-cirkev-v-krajce-krajka-v-liturgickem-umeni","status":"publish","type":"page","link":"https:\/\/www.vlaknapameti.cz\/?page_id=885","title":{"rendered":"Krajka v c\u00edrkvi C\u00edrkev v krajce Krajka v&nbsp;liturgick\u00e9m um\u011bn\u00ed"},"content":{"rendered":"<p style=\"text-align: left;\"><strong>Krajka v c\u00edrkvi. C\u00edrkev v krajce \u2013 Krajka v liturgick\u00e9m um\u011bn\u00ed<\/strong><\/p>\r\n<p>Od 16. stolet\u00ed si krajka na\u0161la sv\u00e9 nezastupiteln\u00e9 m\u00edsto jak ve sv\u011btsk\u00e9 m\u00f3d\u011b, tak i ve specifick\u00e9m c\u00edrkevn\u00edm prost\u0159ed\u00ed. Po technologick\u00e9 str\u00e1nce jde sice o stejn\u00e9 krajky, ale jejich specifick\u00e9 u\u017eit\u00ed se v\u00a0nich projevilo nejenom zapojen\u00edm charakteristick\u00fdch c\u00edrkevn\u00edch symbol\u016f. S\u00a0jej\u00ed k\u0159ehkou kr\u00e1sou se od t\u00e9 doby setk\u00e1v\u00e1me na n\u011bkter\u00fdch typech bohoslu\u017eebn\u00e9ho od\u011bvu, ale i ve v\u00fdzdob\u011b samotn\u00e9ho olt\u00e1\u0159e. Jde \u010dasto o ty nejlep\u0161\u00ed projevy soudob\u00e9ho krajk\u00e1\u0159sk\u00e9ho um\u011bn\u00ed, proto\u017ee za jejich vznikem nest\u00e1la jen prost\u00e1 touha objednavatele ozdobit se n\u011b\u010d\u00edm m\u00f3dn\u00edm a drahocenn\u00fdm a pro jejich tv\u016frce p\u0159irozen\u00e1 snaha u\u017eivit se v\u00a0t\u011b\u017ek\u00fdch \u010dasech, ale motivace mnohem v\u00edce duchovn\u00ed &#8211; d\u00e1t Bohu a bohoslu\u017eb\u011b to nejlep\u0161\u00ed, co \u010dlov\u011bk dok\u00e1\u017ee vytvo\u0159it.<\/p>\r\n<figure id=\"attachment_3566\" aria-describedby=\"caption-attachment-3566\" style=\"width: 800px\" class=\"wp-caption alignnone\"><img loading=\"lazy\" decoding=\"async\" class=\"size-large wp-image-3566\" src=\"https:\/\/www.vlaknapameti.cz\/wp-content\/uploads\/vlakna-pameti-pozvanka-1350x1080m6.jpg\" alt=\"Pozv\u00e1nka na v\u00fdstavu: Krajka v c\u00edrkvi\" width=\"800\" height=\"1000\" \/><figcaption id=\"caption-attachment-3566\" class=\"wp-caption-text\">Pozv\u00e1nka na v\u00fdstavu: Krajka v c\u00edrkvi<\/figcaption><\/figure>\r\n<figure id=\"attachment_3569\" aria-describedby=\"caption-attachment-3569\" style=\"width: 800px\" class=\"wp-caption alignnone\"><img loading=\"lazy\" decoding=\"async\" class=\"size-large wp-image-3569\" src=\"https:\/\/www.vlaknapameti.cz\/wp-content\/uploads\/vlakna-pameti-plakat-a3_m2.jpg\" alt=\"Plak\u00e1t: Krajka v c\u00edrkvi\" width=\"800\" height=\"1000\" \/><figcaption id=\"caption-attachment-3569\" class=\"wp-caption-text\">Plak\u00e1t: Krajka v c\u00edrkvi<\/figcaption><\/figure>\r\n<p class=\"has-small-font-size\">C\u00edrkevn\u00ed krajky vznikaly nej\u010dast\u011bji v \u017eensk\u00fdch kl\u00e1\u0161terech, z nich\u017e mnoh\u00e9 byly ve sv\u00e9 dob\u011b i centry v\u00fduky\u00a0 rukod\u011bln\u00fdch \u017eensk\u00fdch prac\u00ed, v\u010detn\u011b krajk\u00e1\u0159stv\u00ed. Ne\u0161lo tu toti\u017e v\u016fbec o \u010das, ani o pen\u00edze. Jemnost a dokonalost pr\u00e1ce, kter\u00e1 mnohdy ani nemohla b\u00fdt vid\u011bt, byla vn\u011bj\u0161\u00edm projevem modlitby a kontemplace \u0159eholnic stran\u00edc\u00edch se sv\u011btu. Krom\u011b \u0161it\u00fdch a pali\u010dkovan\u00fdch krajek z ln\u011bn\u00fdch nit\u00ed zdob\u00edc\u00edch olt\u00e1\u0159n\u00ed pl\u00e1tna, rozmanit\u00e9 chr\u00e1mov\u00e9 pokr\u00fdvky a okraje kn\u011b\u017esk\u00fdch alb a rochet, se na hedv\u00e1bn\u00fdch bohoslu\u017eebn\u00fdch od\u011bvech (tzv. paramentech) \u010dasto u\u017e\u00edvalo k ozdob\u011b krajek zhotoven\u00fdch ze zlat\u00fdch a st\u0159\u00edbrn\u00fdch dracoun\u016f, badatelsky dosud st\u00e1le m\u00e1lo zn\u00e1m\u00fdch. V\u00fdjime\u010dnost u\u017eit\u00ed krajek v c\u00edrkevn\u00edm prost\u0159ed\u00ed je i v tom, \u017ee nebylo tak z\u00e1visl\u00e9 na prom\u011bnlivosti okoln\u00ed sv\u011btsk\u00e9 m\u00f3dy,\u00a0 tak\u017ee se tu \u010dasto dochovaly v neb\u00fdval\u00e9m po\u010dtu.<\/p>\r\n<!-- \/wp:post-content -->\r\n\r\n<!-- wp:paragraph {\"fontSize\":\"small\"} -->\r\n<p class=\"has-small-font-size\">V\u00fdstava, jej\u00edm\u017e kur\u00e1torem je PhDr. Radek Martinek, Ph.D., p\u0159edstav\u00ed \u0161irokou \u0161k\u00e1lu krajek ln\u011bn\u00fdch, bavln\u011bn\u00fdch i dracounov\u00fdch u\u017e\u00edvan\u00fdch v\u00a0c\u00edrkevn\u00edm prost\u0159ed\u00ed na orn\u00e1tech i tzv. \u201ekosteln\u00edm pr\u00e1dle\u201c, tj. alb\u00e1ch, rochet\u00e1ch a olt\u00e1\u0159n\u00edch pl\u00e1tnech vesm\u011bs z\u00a0c\u00edrkevn\u00edch sb\u00edrek, a to od 16. stolet\u00ed a\u017e do poloviny 20. stolet\u00ed. \u00a0\u00a0Expozici dopln\u00ed i bohat\u00fd obrazov\u00fd materi\u00e1l, v\u010detn\u011b dobov\u00fdch portr\u00e9t\u016f a grafik.<\/p>\r\n<!-- \/wp:paragraph -->\r\n\r\n<!-- wp:paragraph {\"fontSize\":\"small\"} -->\r\n<p class=\"has-small-font-size\">K\u00a0v\u00fdstav\u011b bude vyd\u00e1n bohat\u011b ilustrovan\u00fd katalog.<\/p>\r\n<p class=\"has-small-font-size\"><img loading=\"lazy\" decoding=\"async\" class=\"alignnone wp-image-398 size-large\" src=\"https:\/\/www.vlaknapameti.cz\/wp-content\/uploads\/2023\/07\/alessandro_magnasco_reholnice_m-1024x726.jpg\" alt=\"Obraz \u0159eholnic p\u0159i pr\u00e1ci s textilem \u2013 pali\u010dkovan\u00e1 krajka, p\u0159eden\u00ed, vy\u0161\u00edv\u00e1n\u00ed\" width=\"1024\" height=\"726\" srcset=\"https:\/\/www.vlaknapameti.cz\/wp-content\/uploads\/2023\/07\/alessandro_magnasco_reholnice_m-1024x726.jpg 1024w, https:\/\/www.vlaknapameti.cz\/wp-content\/uploads\/2023\/07\/alessandro_magnasco_reholnice_m-300x213.jpg 300w, https:\/\/www.vlaknapameti.cz\/wp-content\/uploads\/2023\/07\/alessandro_magnasco_reholnice_m-768x545.jpg 768w, https:\/\/www.vlaknapameti.cz\/wp-content\/uploads\/2023\/07\/alessandro_magnasco_reholnice_m.jpg 1400w\" sizes=\"auto, (max-width: 1024px) 100vw, 1024px\" \/> Alessandro Magnasco &#8211; n\u00e1sledovn\u00edk, \u0158eholnice p\u0159i pr\u00e1ci, olej na pl\u00e1tn\u011b. \u2013 New York, Metropolitan Museum, Linsky Collection (zdroj: <a href=\"https:\/\/collectionapi.metmuseum.org\/api\/collection\/v1\/iiif\/436936\/796604\/main-image\">metmuseum.org\/open.acess<\/a>)<\/p>\r\n<p class=\"has-small-font-size\"><img loading=\"lazy\" decoding=\"async\" class=\"alignnone wp-image-406 size-full\" src=\"https:\/\/www.vlaknapameti.cz\/wp-content\/uploads\/2023\/07\/korporal_krajka_arma_christi_m.jpg\" alt=\"Krajkov\u00fd korpor\u00e1l Kristovy arm\u00e1dy \u2013 historick\u00e1 krajka pro sakr\u00e1ln\u00ed \u00fa\u010dely\" width=\"1400\" height=\"1406\" srcset=\"https:\/\/www.vlaknapameti.cz\/wp-content\/uploads\/2023\/07\/korporal_krajka_arma_christi_m.jpg 1400w, https:\/\/www.vlaknapameti.cz\/wp-content\/uploads\/2023\/07\/korporal_krajka_arma_christi_m-300x300.jpg 300w, https:\/\/www.vlaknapameti.cz\/wp-content\/uploads\/2023\/07\/korporal_krajka_arma_christi_m-1020x1024.jpg 1020w, https:\/\/www.vlaknapameti.cz\/wp-content\/uploads\/2023\/07\/korporal_krajka_arma_christi_m-150x150.jpg 150w, https:\/\/www.vlaknapameti.cz\/wp-content\/uploads\/2023\/07\/korporal_krajka_arma_christi_m-768x771.jpg 768w\" sizes=\"auto, (max-width: 1400px) 100vw, 1400px\" \/> Korpor\u00e1l s \u0161irokou krajkou s motivy Arma Christi, ln\u011bn\u00e9 pl\u00e1tno, \u0161it\u00e1 a pali\u010dkovan\u00e1 krajka (Punto di Mil\u00e1no), Lombardie, konec 17. stolet\u00ed. \u2013 Cleveland, Museum of Art, Wade Memorial Collection (zdroj: clevelandart.org\/openacess).<\/p>\r\n<p class=\"has-small-font-size\"><img loading=\"lazy\" decoding=\"async\" class=\"alignnone wp-image-399 size-full\" src=\"https:\/\/www.vlaknapameti.cz\/wp-content\/uploads\/2023\/07\/angelica_kauffmann_monsignor_giuseppe_spina_m.jpg\" alt=\"Portr\u00e9t Monsignora \u2013 krajkou zdoben\u00fd od\u011bv\" width=\"1400\" height=\"1649\" srcset=\"https:\/\/www.vlaknapameti.cz\/wp-content\/uploads\/2023\/07\/angelica_kauffmann_monsignor_giuseppe_spina_m.jpg 1400w, https:\/\/www.vlaknapameti.cz\/wp-content\/uploads\/2023\/07\/angelica_kauffmann_monsignor_giuseppe_spina_m-255x300.jpg 255w, https:\/\/www.vlaknapameti.cz\/wp-content\/uploads\/2023\/07\/angelica_kauffmann_monsignor_giuseppe_spina_m-869x1024.jpg 869w, https:\/\/www.vlaknapameti.cz\/wp-content\/uploads\/2023\/07\/angelica_kauffmann_monsignor_giuseppe_spina_m-768x905.jpg 768w, https:\/\/www.vlaknapameti.cz\/wp-content\/uploads\/2023\/07\/angelica_kauffmann_monsignor_giuseppe_spina_m-1304x1536.jpg 1304w\" sizes=\"auto, (max-width: 1400px) 100vw, 1400px\" \/> Angelica Kauffmann, Monsignor Giuseppe Spina, olej na pl\u00e1tn\u011b, 1798. \u2013 New York, Metropolitan Museum, Caro Orsi Collection (zdroj: <a href=\"https:\/\/collectionapi.metmuseum.org\/api\/collection\/v1\/iiif\/726543\/1887665\/main-image\">metmuseum.org\/open.acess<\/a>)<\/p>\r\n<p class=\"has-small-font-size\"><img loading=\"lazy\" decoding=\"async\" class=\"alignnone wp-image-400 size-full\" src=\"https:\/\/www.vlaknapameti.cz\/wp-content\/uploads\/2023\/07\/knezska_alba_italie_m.jpg\" alt=\"Kn\u011b\u017esk\u00e1 krajkov\u00e1 alba \u2013 krajka, dekorativn\u00ed vzor, historie\" width=\"1400\" height=\"1072\" srcset=\"https:\/\/www.vlaknapameti.cz\/wp-content\/uploads\/2023\/07\/knezska_alba_italie_m.jpg 1400w, https:\/\/www.vlaknapameti.cz\/wp-content\/uploads\/2023\/07\/knezska_alba_italie_m-300x230.jpg 300w, https:\/\/www.vlaknapameti.cz\/wp-content\/uploads\/2023\/07\/knezska_alba_italie_m-1024x784.jpg 1024w, https:\/\/www.vlaknapameti.cz\/wp-content\/uploads\/2023\/07\/knezska_alba_italie_m-768x588.jpg 768w\" sizes=\"auto, (max-width: 1400px) 100vw, 1400px\" \/> Kn\u011b\u017esk\u00e1 alba s \u0161irokou pali\u010dkovanou krajkou (detail), It\u00e1lie (Lombardie?), konec 17. stolet\u00ed. \u2013 New York, Metropolitan Museum, Brooklyn Museum Costume Collection (zdroj: metmuseum.org\/open.acess)<\/p>\r\n<p><a href=\"https:\/\/www.vlaknapameti.cz\/?page_id=498\">&lt; zp\u011bt<\/a><\/p>","protected":false},"excerpt":{"rendered":"<p>Krajka v c\u00edrkvi. C\u00edrkev v krajce \u2013 Krajka v liturgick\u00e9m um\u011bn\u00ed Od 16. stolet\u00ed si krajka na\u0161la sv\u00e9 nezastupiteln\u00e9 m\u00edsto jak ve sv\u011btsk\u00e9 m\u00f3d\u011b, tak i ve specifick\u00e9m c\u00edrkevn\u00edm prost\u0159ed\u00ed. &#8230;<\/p>\n","protected":false},"author":1,"featured_media":0,"parent":498,"menu_order":0,"comment_status":"closed","ping_status":"closed","template":"","meta":{"footnotes":""},"class_list":["post-885","page","type-page","status-publish","hentry"],"_links":{"self":[{"href":"https:\/\/www.vlaknapameti.cz\/index.php?rest_route=\/wp\/v2\/pages\/885","targetHints":{"allow":["GET"]}}],"collection":[{"href":"https:\/\/www.vlaknapameti.cz\/index.php?rest_route=\/wp\/v2\/pages"}],"about":[{"href":"https:\/\/www.vlaknapameti.cz\/index.php?rest_route=\/wp\/v2\/types\/page"}],"author":[{"embeddable":true,"href":"https:\/\/www.vlaknapameti.cz\/index.php?rest_route=\/wp\/v2\/users\/1"}],"replies":[{"embeddable":true,"href":"https:\/\/www.vlaknapameti.cz\/index.php?rest_route=%2Fwp%2Fv2%2Fcomments&post=885"}],"version-history":[{"count":18,"href":"https:\/\/www.vlaknapameti.cz\/index.php?rest_route=\/wp\/v2\/pages\/885\/revisions"}],"predecessor-version":[{"id":3581,"href":"https:\/\/www.vlaknapameti.cz\/index.php?rest_route=\/wp\/v2\/pages\/885\/revisions\/3581"}],"up":[{"embeddable":true,"href":"https:\/\/www.vlaknapameti.cz\/index.php?rest_route=\/wp\/v2\/pages\/498"}],"wp:attachment":[{"href":"https:\/\/www.vlaknapameti.cz\/index.php?rest_route=%2Fwp%2Fv2%2Fmedia&parent=885"}],"curies":[{"name":"wp","href":"https:\/\/api.w.org\/{rel}","templated":true}]}}