{"id":436,"date":"2023-07-25T09:43:22","date_gmt":"2023-07-25T09:43:22","guid":{"rendered":"https:\/\/www.vlaknapameti.cz\/?page_id=436"},"modified":"2024-08-18T00:30:16","modified_gmt":"2024-08-18T00:30:16","slug":"vice-o-projektu-2","status":"publish","type":"page","link":"https:\/\/www.vlaknapameti.cz\/?page_id=436","title":{"rendered":"V\u00edce o projektu"},"content":{"rendered":"\r\n<h1>V\u00edce o projektu<\/h1>\r\n<p><img loading=\"lazy\" decoding=\"async\" class=\"wp-image-1097 size-large alignnone\" src=\"https:\/\/www.vlaknapameti.cz\/wp-content\/uploads\/2024\/08\/loga_web_blok_m-1024x375.png\" alt=\"Loga \u0159e\u0161itel\u016f projektu: NP\u00da, V\u0160CHT a UHK\" width=\"800\" height=\"293\" srcset=\"https:\/\/www.vlaknapameti.cz\/wp-content\/uploads\/2024\/08\/loga_web_blok_m-1024x375.png 1024w, https:\/\/www.vlaknapameti.cz\/wp-content\/uploads\/2024\/08\/loga_web_blok_m-300x110.png 300w, https:\/\/www.vlaknapameti.cz\/wp-content\/uploads\/2024\/08\/loga_web_blok_m-768x281.png 768w, https:\/\/www.vlaknapameti.cz\/wp-content\/uploads\/2024\/08\/loga_web_blok_m-1536x563.png 1536w, https:\/\/www.vlaknapameti.cz\/wp-content\/uploads\/2024\/08\/loga_web_blok_m.png 1676w\" sizes=\"auto, (max-width: 800px) 100vw, 800px\" \/><\/p>\r\n<p class=\"has-small-font-size\">P\u0159\u00edjemcem-koordin\u00e1torem finan\u010dn\u00ed podpory p\u0159ijat\u00e9ho projektu \u201e<strong>Vl\u00e1kna pam\u011bti. <\/strong>Minulost a\u00a0sou\u010dasnost vambereck\u00e9ho krajk\u00e1\u0159stv\u00ed&#8221;\u00a0je <a href=\"https:\/\/www.uhk.cz\/cs\/pedagogicka-fakulta\/pdf\" data-type=\"URL\" data-id=\"https:\/\/www.uhk.cz\/cs\/pedagogicka-fakulta\/pdf\">Univerzita Hradec Kr\u00e1lov\u00e9, Pedagogick\u00e1 fakulta<\/a>.<\/p>\r\n\r\n\r\n\r\n<p class=\"has-small-font-size\">Dal\u0161\u00edmi p\u0159\u00edjemci jsou <a href=\"https:\/\/www.vscht.cz\/\" data-type=\"URL\" data-id=\"https:\/\/www.vscht.cz\/\">Vysok\u00e1 \u0161kola chemicko-technologick\u00e1 v\u00a0Praze<\/a> a\u00a0<a href=\"https:\/\/www.npu.cz\/cs\" data-type=\"URL\" data-id=\"https:\/\/www.npu.cz\/cs\">N\u00e1rodn\u00ed pam\u00e1tkov\u00fd \u00fastav<\/a>. \u0158e\u0161itelsk\u00fd t\u00fdm p\u0159\u00edjemce-koordin\u00e1tora, Univerzity Hradec Kr\u00e1lov\u00e9, Pedagogick\u00e9 fakulty, tvo\u0159\u00ed krom\u011b n\u011bkolika \u010dlen\u016f Katedry v\u00fdtvarn\u00e9 kultury a\u00a0textiln\u00ed tvorby PdF UHK \u010dlen Katedry kulturn\u00edch a\u00a0n\u00e1bo\u017eensk\u00fdch studi\u00ed PdF UHK, odborn\u00e1 pracovnice Moravsk\u00e9ho zemsk\u00e9ho muzea v\u00a0Brn\u011b a\u00a0odborn\u00ed pracovn\u00edci Muzea a\u00a0galerie Orlick\u00fdch hor v\u00a0Rychnov\u011b nad Kn\u011b\u017enou a\u00a0jeho pobo\u010dky Muzea krajky ve Vamberku.<\/p>\r\n\r\n\r\n\r\n<p class=\"has-small-font-size\">Program NAKI III \u2013 program na podporu aplikovan\u00e9ho v\u00fdzkumu v\u00a0oblasti n\u00e1rodn\u00ed a\u00a0kulturn\u00ed identity na l\u00e9ta 2023 a\u017e 2030 je zam\u011b\u0159en na aplikovan\u00fd v\u00fdzkum v\u00a0humanitn\u00edch oborech. Poskytovatelem je Ministerstvo kultury \u010cesk\u00e9 republiky. Doba \u0159e\u0161en\u00ed projektu \u201eVl\u00e1kna pam\u011bti. Minulost a\u00a0sou\u010dasnost vambereck\u00e9ho krajk\u00e1\u0159stv\u00ed\u201c\u00a0je 1.\u00a03.\u00a02023 \u2013 31.\u00a012.\u00a02027.<\/p>\r\n\r\n\r\n\r\n<p class=\"has-small-font-size\">Smyslem projektu Vl\u00e1kna pam\u011bti je vytvo\u0159en\u00ed nov\u00e9ho, komplexn\u00edho pohledu na krajk\u00e1\u0159skou tvorbu v\u00a0regionu Orlick\u00fdch hor a\u00a0jejich podh\u016f\u0159\u00ed (tzv. vambereckou krajku) a\u00a0jej\u00ed zasazen\u00ed do evropsk\u00e9ho kulturn\u00edho kontextu. V\u00a0minulosti byla uveden\u00e1 oblast jedn\u00edm z\u00a0tradi\u010dn\u00edch krajk\u00e1\u0159sk\u00fdch center.<\/p>\r\n\r\n\r\n\r\n<p class=\"has-small-font-size\">P\u0159i pr\u016fzkumu a\u00a0zpracov\u00e1v\u00e1n\u00ed t\u00e9matu vambereck\u00e9 krajky bude uplatn\u011bno \u0161ir\u0161\u00ed historick\u00e9, um\u011blecko-historick\u00e9 a\u00a0pam\u00e1tk\u00e1\u0159sk\u00e9 hledisko a\u00a0hledisko vhodn\u00e9 p\u00e9\u010de o krajky v\u00a0za\u0159\u00edzen\u00edch muzejn\u00edho typu. Odborn\u00edci z Vysok\u00e9 \u0161koly chemicko-technologick\u00e9 provedou podrobn\u00fd restaur\u00e1torsk\u00fd pr\u016fzkum krajek a\u00a0dlouhodob\u00fd monitoring klimatu \u00falo\u017en\u00fdch a\u00a0v\u00fdstavn\u00edch prostor zejm\u00e9na v\u00a0Muzeu krajky ve Vamberku. Budou se v\u011bnovat problematice jejich konzervov\u00e1n\u00ed, rekonzervov\u00e1n\u00ed a restaurov\u00e1n\u00ed, vhodn\u00e9ho ulo\u017een\u00ed v\u00a0depozit\u00e1\u0159\u00edch a vystavov\u00e1n\u00ed. Zpracuj\u00ed metodiku v\u011bnovanou restaurov\u00e1n\u00ed a preventivn\u00ed konzervaci krajek. Proveden bude v\u00fdzkum v\u00fdvoje technologie zhotovov\u00e1n\u00ed krajek v oblasti, jejich specifik. \u010clenov\u00e9 \u0159e\u0161itelsk\u00e9ho t\u00fdmu vytvo\u0159\u00ed soupis v\u00fdrobc\u016f vambereck\u00e9 krajky, budou se v\u011bnovat textiln\u00edm v\u00fdtvarnic\u00edm a v\u00fdtvarn\u00edk\u016fm inspirovan\u00fdm vambereckou krajkou, v\u00fdtvarnic\u00edm spolupracuj\u00edc\u00edm s\u00a0dru\u017estvem Vambereck\u00e1 krajka Vamberk. Ke krajce a jej\u00ed v\u00fdrob\u011b budou p\u0159ipraveny eduka\u010dn\u00ed programy, pom\u016fcky a populariza\u010dn\u00ed materi\u00e1ly.<\/p>\r\n\r\n\r\n\r\n<p class=\"has-small-font-size\">V\u00fdzkum bude zac\u00edlen rovn\u011b\u017e na vyu\u017eit\u00ed vambereck\u00e9 krajky v\u00a0lidov\u00e9m i\u00a0m\u011bstsk\u00e9m prost\u0159ed\u00ed, na jej\u00ed aplikaci na od\u011bvu aristokrat\u016f a\u00a0v\u00a0c\u00edrkevn\u00edm prost\u0159ed\u00ed. Pozornost bude v\u011bnov\u00e1na i\u00a0strojn\u00ed v\u00fdrob\u011b krajky nebo v\u00fduce ru\u010dn\u00edho krajk\u00e1\u0159stv\u00ed.<\/p>\r\n\r\n\r\n\r\n<p class=\"has-small-font-size\">Na z\u00e1klad\u011b z\u00edskan\u00fdch dat bude vytvo\u0159ena interaktivn\u00ed mapa s\u00a0odborn\u00fdm obsahem, kter\u00e1 bude ve\u0159ejnosti p\u0159\u00edstupn\u00e1 na webov\u00fdch str\u00e1nk\u00e1ch projektu. K\u00a0v\u00fdstup\u016fm projektu budou pat\u0159it t\u0159i v\u00fdstavy s\u00a0kritick\u00fdmi katalogy: Krajka v\u00a0c\u00edrkvi. C\u00edrkev v\u00a0krajce \u2013 Krajka v\u00a0liturgick\u00e9m um\u011bn\u00ed (2026), Krajka na historick\u00e9m portr\u00e9tu (2026) a Vl\u00e1kna pam\u011bti.Minulost a\u00a0sou\u010dasnost vambereck\u00e9ho krajk\u00e1\u0159stv\u00ed (2027)<strong>.<\/strong> Uspo\u0159\u00e1d\u00e1na bude stejnojmenn\u00e1 konference (2027) a konference Krajka v historii (2027), budou publikov\u00e1ny \u010dl\u00e1nky v odborn\u00e9m tisku.<\/p>\r\n","protected":false},"excerpt":{"rendered":"<p>V\u00edce o projektu P\u0159\u00edjemcem-koordin\u00e1torem finan\u010dn\u00ed podpory p\u0159ijat\u00e9ho projektu \u201eVl\u00e1kna pam\u011bti. Minulost a\u00a0sou\u010dasnost vambereck\u00e9ho krajk\u00e1\u0159stv\u00ed&#8221;\u00a0je Univerzita Hradec Kr\u00e1lov\u00e9, Pedagogick\u00e1 fakulta. Dal\u0161\u00edmi p\u0159\u00edjemci jsou Vysok\u00e1 \u0161kola chemicko-technologick\u00e1 v\u00a0Praze a\u00a0N\u00e1rodn\u00ed pam\u00e1tkov\u00fd \u00fastav. \u0158e\u0161itelsk\u00fd &#8230;<\/p>\n","protected":false},"author":1,"featured_media":0,"parent":0,"menu_order":0,"comment_status":"closed","ping_status":"closed","template":"","meta":{"footnotes":""},"class_list":["post-436","page","type-page","status-publish","hentry"],"_links":{"self":[{"href":"https:\/\/www.vlaknapameti.cz\/index.php?rest_route=\/wp\/v2\/pages\/436","targetHints":{"allow":["GET"]}}],"collection":[{"href":"https:\/\/www.vlaknapameti.cz\/index.php?rest_route=\/wp\/v2\/pages"}],"about":[{"href":"https:\/\/www.vlaknapameti.cz\/index.php?rest_route=\/wp\/v2\/types\/page"}],"author":[{"embeddable":true,"href":"https:\/\/www.vlaknapameti.cz\/index.php?rest_route=\/wp\/v2\/users\/1"}],"replies":[{"embeddable":true,"href":"https:\/\/www.vlaknapameti.cz\/index.php?rest_route=%2Fwp%2Fv2%2Fcomments&post=436"}],"version-history":[{"count":5,"href":"https:\/\/www.vlaknapameti.cz\/index.php?rest_route=\/wp\/v2\/pages\/436\/revisions"}],"predecessor-version":[{"id":1114,"href":"https:\/\/www.vlaknapameti.cz\/index.php?rest_route=\/wp\/v2\/pages\/436\/revisions\/1114"}],"wp:attachment":[{"href":"https:\/\/www.vlaknapameti.cz\/index.php?rest_route=%2Fwp%2Fv2%2Fmedia&parent=436"}],"curies":[{"name":"wp","href":"https:\/\/api.w.org\/{rel}","templated":true}]}}