{"id":3479,"date":"2025-12-11T09:38:56","date_gmt":"2025-12-11T09:38:56","guid":{"rendered":"https:\/\/www.vlaknapameti.cz\/?page_id=3479"},"modified":"2025-12-11T09:39:17","modified_gmt":"2025-12-11T09:39:17","slug":"im-nadezda-sevcikova","status":"publish","type":"page","link":"https:\/\/www.vlaknapameti.cz\/?page_id=3479","title":{"rendered":"IM: Nad\u011b\u017eda \u0160ev\u010d\u00edkov\u00e1"},"content":{"rendered":"<h2>Nad\u011b\u017eda \u0160ev\u010d\u00edkov\u00e1<\/h2>\n<p><em>(polo\u017eka interaktivn\u00ed mapy s v\u00edcero reprodukcemi)<\/em><\/p>\n<p>Podrobn\u011bj\u0161\u00ed text o autorce je pr\u00e1v\u011b v p\u0159\u00edprav\u011b.<\/p>\n<figure id=\"attachment_3377\" aria-describedby=\"caption-attachment-3377\" style=\"width: 758px\" class=\"wp-caption alignnone\"><img loading=\"lazy\" decoding=\"async\" class=\" wp-image-3377\" src=\"https:\/\/www.vlaknapameti.cz\/wp-content\/uploads\/1356v-590x1024.jpg\" alt=\"Labut\u00ed jezero, 140\u00d786 cm, pali\u010dkovan\u00e1 krajka, 1992\" width=\"758\" height=\"1316\" srcset=\"https:\/\/www.vlaknapameti.cz\/wp-content\/uploads\/1356v-590x1024.jpg 590w, https:\/\/www.vlaknapameti.cz\/wp-content\/uploads\/1356v-173x300.jpg 173w, https:\/\/www.vlaknapameti.cz\/wp-content\/uploads\/1356v-768x1332.jpg 768w\" sizes=\"auto, (max-width: 758px) 100vw, 758px\" \/><figcaption id=\"caption-attachment-3377\" class=\"wp-caption-text\">Labut\u00ed jezero, 140\u00d786 cm, pali\u010dkovan\u00e1 krajka, 1992<\/figcaption><\/figure>\n<figure id=\"attachment_3378\" aria-describedby=\"caption-attachment-3378\" style=\"width: 762px\" class=\"wp-caption alignnone\"><img loading=\"lazy\" decoding=\"async\" class=\"size-large wp-image-3378\" src=\"https:\/\/www.vlaknapameti.cz\/wp-content\/uploads\/1356va-762x1024.jpg\" alt=\"Mat\u011bjsk\u00e1 pou\u0165, 1959, 68\u00d790 cm, abituriensk\u00e1 pr\u00e1ce, pravd\u011bpodobn\u011b ln\u011bn\u00e1 p\u0159\u00edze\" width=\"762\" height=\"1024\" srcset=\"https:\/\/www.vlaknapameti.cz\/wp-content\/uploads\/1356va-762x1024.jpg 762w, https:\/\/www.vlaknapameti.cz\/wp-content\/uploads\/1356va-223x300.jpg 223w, https:\/\/www.vlaknapameti.cz\/wp-content\/uploads\/1356va-768x1032.jpg 768w, https:\/\/www.vlaknapameti.cz\/wp-content\/uploads\/1356va-1143x1536.jpg 1143w, https:\/\/www.vlaknapameti.cz\/wp-content\/uploads\/1356va.jpg 1200w\" sizes=\"auto, (max-width: 762px) 100vw, 762px\" \/><figcaption id=\"caption-attachment-3378\" class=\"wp-caption-text\">Mat\u011bjsk\u00e1 pou\u0165, 1959, 68\u00d790 cm, abituriensk\u00e1 pr\u00e1ce, pravd\u011bpodobn\u011b ln\u011bn\u00e1 p\u0159\u00edze<\/figcaption><\/figure>\n","protected":false},"excerpt":{"rendered":"<p>Nad\u011b\u017eda \u0160ev\u010d\u00edkov\u00e1 (polo\u017eka interaktivn\u00ed mapy s v\u00edcero reprodukcemi) Podrobn\u011bj\u0161\u00ed text o autorce je pr\u00e1v\u011b v p\u0159\u00edprav\u011b.<\/p>\n","protected":false},"author":1,"featured_media":0,"parent":0,"menu_order":0,"comment_status":"closed","ping_status":"closed","template":"","meta":{"footnotes":""},"class_list":["post-3479","page","type-page","status-publish","hentry"],"_links":{"self":[{"href":"https:\/\/www.vlaknapameti.cz\/index.php?rest_route=\/wp\/v2\/pages\/3479","targetHints":{"allow":["GET"]}}],"collection":[{"href":"https:\/\/www.vlaknapameti.cz\/index.php?rest_route=\/wp\/v2\/pages"}],"about":[{"href":"https:\/\/www.vlaknapameti.cz\/index.php?rest_route=\/wp\/v2\/types\/page"}],"author":[{"embeddable":true,"href":"https:\/\/www.vlaknapameti.cz\/index.php?rest_route=\/wp\/v2\/users\/1"}],"replies":[{"embeddable":true,"href":"https:\/\/www.vlaknapameti.cz\/index.php?rest_route=%2Fwp%2Fv2%2Fcomments&post=3479"}],"version-history":[{"count":1,"href":"https:\/\/www.vlaknapameti.cz\/index.php?rest_route=\/wp\/v2\/pages\/3479\/revisions"}],"predecessor-version":[{"id":3480,"href":"https:\/\/www.vlaknapameti.cz\/index.php?rest_route=\/wp\/v2\/pages\/3479\/revisions\/3480"}],"wp:attachment":[{"href":"https:\/\/www.vlaknapameti.cz\/index.php?rest_route=%2Fwp%2Fv2%2Fmedia&parent=3479"}],"curies":[{"name":"wp","href":"https:\/\/api.w.org\/{rel}","templated":true}]}}