{"id":3229,"date":"2025-11-17T16:25:59","date_gmt":"2025-11-17T16:25:59","guid":{"rendered":"https:\/\/www.vlaknapameti.cz\/?page_id=3229"},"modified":"2025-11-17T17:40:31","modified_gmt":"2025-11-17T17:40:31","slug":"im-marianna-horvathova","status":"publish","type":"page","link":"https:\/\/www.vlaknapameti.cz\/?page_id=3229","title":{"rendered":"IM: Marianna Horv\u00e1thov\u00e1"},"content":{"rendered":"<h2>Marianna Horv\u00e1thov\u00e1<\/h2>\n<p><em>(polo\u017eka interaktivn\u00ed mapy s v\u00edcero reprodukcemi)<\/em><\/p>\n<p>Marianna Horv\u00e1thov\u00e1 (1961) se specializuje na pali\u010dkov\u00e1n\u00ed od\u011bvn\u00edch a interi\u00e9rov\u00fdch dopl\u0148k\u016f. Studovala na gymn\u00e1ziu v Dunajsk\u00e9 Stred\u011b a na Vysok\u00e9 \u0161kole um\u011bleckopr\u016fmyslov\u00e9 v Praze, v ateli\u00e9ru textiln\u00edch v\u00fdtvarn\u00edk\u016f profesor\u016f Bohuslava Felcmana a Marie Va\u0148kov\u00e9. Po ukon\u010den\u00ed studia pracovala jako v\u00fdtvarnice a dokument\u00e1torka sb\u00edrky \u0160kolsk\u00e9ho \u00fastavu um\u011bleck\u00e9 v\u00fdroby Praha, respektive Vy\u0161\u0161\u00ed odborn\u00e9 \u0161koly textiln\u00edch \u0159emesel a St\u0159edn\u00ed um\u011blecky \u0161kole textiln\u00edch \u0159emesel v Praze. V roce 2002 z\u00edskala diplom Muzea krajky Vamberk na I. Bien\u00e1le \u010desk\u00e9 krajky ve Vamberku a o dva roky pozd\u011bji, v roce 2004, na 2. Bien\u00e1le St\u0159\u00edbrnou pali\u010dku.<\/p>\n<figure id=\"attachment_3157\" aria-describedby=\"caption-attachment-3157\" style=\"width: 800px\" class=\"wp-caption alignnone\"><img loading=\"lazy\" decoding=\"async\" class=\"size-large wp-image-3157\" src=\"https:\/\/www.vlaknapameti.cz\/wp-content\/uploads\/1345v-1024x976.jpg\" alt=\"Pokr\u00fdvky, bavlna, pali\u010dkovan\u00e1 krajka, 1992\" width=\"800\" height=\"763\" srcset=\"https:\/\/www.vlaknapameti.cz\/wp-content\/uploads\/1345v-1024x976.jpg 1024w, https:\/\/www.vlaknapameti.cz\/wp-content\/uploads\/1345v-300x286.jpg 300w, https:\/\/www.vlaknapameti.cz\/wp-content\/uploads\/1345v-768x732.jpg 768w, https:\/\/www.vlaknapameti.cz\/wp-content\/uploads\/1345v.jpg 1200w\" sizes=\"auto, (max-width: 800px) 100vw, 800px\" \/><figcaption id=\"caption-attachment-3157\" class=\"wp-caption-text\">Pokr\u00fdvky, bavlna, pali\u010dkovan\u00e1 krajka, 1992<\/figcaption><\/figure>\n<figure id=\"attachment_3158\" aria-describedby=\"caption-attachment-3158\" style=\"width: 800px\" class=\"wp-caption alignnone\"><img loading=\"lazy\" decoding=\"async\" class=\"size-large wp-image-3158\" src=\"https:\/\/www.vlaknapameti.cz\/wp-content\/uploads\/1345va-1024x695.jpg\" alt=\"Alfa a Omega, kovov\u00e1 ni\u0165, sklo, zrcadlo, 40\u00d735\u00d76cm, pali\u010dkovan\u00e1 krajka, 2000\" width=\"800\" height=\"543\" srcset=\"https:\/\/www.vlaknapameti.cz\/wp-content\/uploads\/1345va-1024x695.jpg 1024w, https:\/\/www.vlaknapameti.cz\/wp-content\/uploads\/1345va-300x204.jpg 300w, https:\/\/www.vlaknapameti.cz\/wp-content\/uploads\/1345va-768x521.jpg 768w, https:\/\/www.vlaknapameti.cz\/wp-content\/uploads\/1345va.jpg 1200w\" sizes=\"auto, (max-width: 800px) 100vw, 800px\" \/><figcaption id=\"caption-attachment-3158\" class=\"wp-caption-text\">Alfa a Omega, kovov\u00e1 ni\u0165, sklo, zrcadlo, 40\u00d735\u00d76cm, pali\u010dkovan\u00e1 krajka, 2000<\/figcaption><\/figure>\n","protected":false},"excerpt":{"rendered":"<p>Marianna Horv\u00e1thov\u00e1 (polo\u017eka interaktivn\u00ed mapy s v\u00edcero reprodukcemi) Marianna Horv\u00e1thov\u00e1 (1961) se specializuje na pali\u010dkov\u00e1n\u00ed od\u011bvn\u00edch a interi\u00e9rov\u00fdch dopl\u0148k\u016f. Studovala na gymn\u00e1ziu v Dunajsk\u00e9 Stred\u011b a na Vysok\u00e9 \u0161kole um\u011bleckopr\u016fmyslov\u00e9 &#8230;<\/p>\n","protected":false},"author":1,"featured_media":0,"parent":0,"menu_order":0,"comment_status":"closed","ping_status":"closed","template":"","meta":{"footnotes":""},"class_list":["post-3229","page","type-page","status-publish","hentry"],"_links":{"self":[{"href":"https:\/\/www.vlaknapameti.cz\/index.php?rest_route=\/wp\/v2\/pages\/3229","targetHints":{"allow":["GET"]}}],"collection":[{"href":"https:\/\/www.vlaknapameti.cz\/index.php?rest_route=\/wp\/v2\/pages"}],"about":[{"href":"https:\/\/www.vlaknapameti.cz\/index.php?rest_route=\/wp\/v2\/types\/page"}],"author":[{"embeddable":true,"href":"https:\/\/www.vlaknapameti.cz\/index.php?rest_route=\/wp\/v2\/users\/1"}],"replies":[{"embeddable":true,"href":"https:\/\/www.vlaknapameti.cz\/index.php?rest_route=%2Fwp%2Fv2%2Fcomments&post=3229"}],"version-history":[{"count":2,"href":"https:\/\/www.vlaknapameti.cz\/index.php?rest_route=\/wp\/v2\/pages\/3229\/revisions"}],"predecessor-version":[{"id":3251,"href":"https:\/\/www.vlaknapameti.cz\/index.php?rest_route=\/wp\/v2\/pages\/3229\/revisions\/3251"}],"wp:attachment":[{"href":"https:\/\/www.vlaknapameti.cz\/index.php?rest_route=%2Fwp%2Fv2%2Fmedia&parent=3229"}],"curies":[{"name":"wp","href":"https:\/\/api.w.org\/{rel}","templated":true}]}}