{"id":3227,"date":"2025-11-17T16:24:36","date_gmt":"2025-11-17T16:24:36","guid":{"rendered":"https:\/\/www.vlaknapameti.cz\/?page_id=3227"},"modified":"2025-11-17T17:40:49","modified_gmt":"2025-11-17T17:40:49","slug":"im-rudolf-richter","status":"publish","type":"page","link":"https:\/\/www.vlaknapameti.cz\/?page_id=3227","title":{"rendered":"IM: Rudolf Richter"},"content":{"rendered":"<h2>Rudolf Richter<\/h2>\n<p><em>(polo\u017eka interaktivn\u00ed mapy s v\u00edcero reprodukcemi)<\/em><\/p>\n<p>Rudolf Richter (1918-1984) p\u016fsobil ve \u0160kolsk\u00e9m \u00fastavu um\u011bleck\u00e9 v\u00fdroby v Praze. Svoji kari\u00e9ru tam zah\u00e1jil jako kresl\u00ed\u0159. Posl\u00e9ze se etabloval jako v\u00fdtvarn\u00edk. Jeho po\u010d\u00e1te\u010dn\u00ed role kresl\u00ed\u0159e spo\u010d\u00edvala v manu\u00e1ln\u00ed p\u0159\u00edprav\u011b p\u0159edloh \u2013 podvink\u016f pro krajk\u00e1\u0159ky. Znalost krajk\u00e1\u0159sk\u00e9ho \u0159emesla si osvojil ji\u017e v d\u011btstv\u00ed, co\u017e bylo d\u00e1no jak vlivem matky, tak jeho p\u016fvodem z tradi\u010dn\u00edho krajk\u00e1\u0159sk\u00e9ho regionu, z Letohradska. Jeho um\u011bleck\u00e1 produkce, v\u00fdrazn\u011b ovlivn\u011bn\u00e1 textiln\u00ed tvorbou 30. let 20. stolet\u00ed a lidov\u00fdm um\u011bn\u00edm, dos\u00e1hla sv\u00e9ho vrcholu na p\u0159elomu 50. a 60. let. Pro jeho n\u00e1vrhy bylo charakteristick\u00e9 precizn\u00ed technick\u00e9 proveden\u00ed, dokonal\u00e1 technick\u00e1 kresba (kter\u00e1 usnad\u0148ovala n\u00e1slednou realizaci) a netradi\u010dn\u00ed vyu\u017eit\u00ed zaveden\u00fdch krajk\u00e1\u0159sk\u00fdch technik. Richter se specializoval zejm\u00e9na na pali\u010dkovanou krajku, kde s hlubokou znalost\u00ed \u0159emesla mistrn\u011b vyu\u017e\u00edval ve\u0161ker\u00e9 jej\u00ed technick\u00e9 mo\u017enosti a prvky. Krajky, realizovan\u00e9 dle jeho p\u0159edloh, vynikaj\u00ed jedine\u010dnou strukturou umocn\u011bnou pou\u017eit\u00edm p\u0159\u00edrodn\u00edch p\u0159\u00edz\u00ed. Jeho tv\u016fr\u010d\u00ed pozornost byla zam\u011b\u0159ena na u\u017eitou krajku \u2013\u2060 na n\u00e1vrhy prost\u00edrek, ubrus\u016f, de\u010dek, lem\u016f, ale i od\u011bvn\u00edch dopl\u0148k\u016f, jako jsou l\u00edmce a \u0161\u00e1ly. Bohat\u00e1 tvorba Rudolfa Richtera v\u00fdznamn\u011b spoluvytv\u00e1\u0159ela obraz produkce \u0160kolsk\u00e9ho \u00fastavu um\u011bleck\u00e9 v\u00fdroby, zejm\u00e9na v kl\u00ed\u010dov\u00e9m obdob\u00ed 50. a 60. let 20. stolet\u00ed. Jeho pr\u00e1ce se do\u010dkaly uzn\u00e1n\u00ed nejen v dom\u00e1c\u00edm prost\u0159ed\u00ed, ale byly ocen\u011bny i na zahrani\u010dn\u00edch v\u00fdstav\u00e1ch. Krajky navr\u017een\u00e9 Rudolfem Richterem jsou dnes mimo jin\u00e9 i sou\u010d\u00e1st\u00ed sb\u00edrkov\u00e9ho fondu Muzea krajky ve Vamberku.<\/p>\n<figure id=\"attachment_3167\" aria-describedby=\"caption-attachment-3167\" style=\"width: 800px\" class=\"wp-caption alignnone\"><img loading=\"lazy\" decoding=\"async\" class=\"size-large wp-image-3167\" src=\"https:\/\/www.vlaknapameti.cz\/wp-content\/uploads\/1348v-1024x1024.jpg\" alt=\"Kruhov\u00e1 pokr\u00fdvka, len, pr\u016fm\u011br 75 cm, kolem roku 1945\" width=\"800\" height=\"800\" srcset=\"https:\/\/www.vlaknapameti.cz\/wp-content\/uploads\/1348v-1024x1024.jpg 1024w, https:\/\/www.vlaknapameti.cz\/wp-content\/uploads\/1348v-300x300.jpg 300w, https:\/\/www.vlaknapameti.cz\/wp-content\/uploads\/1348v-150x150.jpg 150w, https:\/\/www.vlaknapameti.cz\/wp-content\/uploads\/1348v-768x769.jpg 768w, https:\/\/www.vlaknapameti.cz\/wp-content\/uploads\/1348v.jpg 1200w\" sizes=\"auto, (max-width: 800px) 100vw, 800px\" \/><figcaption id=\"caption-attachment-3167\" class=\"wp-caption-text\">Kruhov\u00e1 pokr\u00fdvka, len, pr\u016fm\u011br 75 cm, kolem roku 1945<\/figcaption><\/figure>\n<figure id=\"attachment_3168\" aria-describedby=\"caption-attachment-3168\" style=\"width: 800px\" class=\"wp-caption alignnone\"><img loading=\"lazy\" decoding=\"async\" class=\"size-large wp-image-3168\" src=\"https:\/\/www.vlaknapameti.cz\/wp-content\/uploads\/1348va-1008x1024.jpg\" alt=\"Pokr\u00fdvka, pr\u016fm\u011br 16 cm, pali\u010dkovan\u00e1 krajka, 1942\" width=\"800\" height=\"813\" srcset=\"https:\/\/www.vlaknapameti.cz\/wp-content\/uploads\/1348va-1008x1024.jpg 1008w, https:\/\/www.vlaknapameti.cz\/wp-content\/uploads\/1348va-295x300.jpg 295w, https:\/\/www.vlaknapameti.cz\/wp-content\/uploads\/1348va-768x780.jpg 768w, https:\/\/www.vlaknapameti.cz\/wp-content\/uploads\/1348va.jpg 1200w\" sizes=\"auto, (max-width: 800px) 100vw, 800px\" \/><figcaption id=\"caption-attachment-3168\" class=\"wp-caption-text\">Pokr\u00fdvka, pr\u016fm\u011br 16 cm, pali\u010dkovan\u00e1 krajka, 1942<\/figcaption><\/figure>\n<figure id=\"attachment_3169\" aria-describedby=\"caption-attachment-3169\" style=\"width: 800px\" class=\"wp-caption alignnone\"><img loading=\"lazy\" decoding=\"async\" class=\"size-large wp-image-3169\" src=\"https:\/\/www.vlaknapameti.cz\/wp-content\/uploads\/1348vb-1019x1024.jpg\" alt=\"Prost\u00edr\u00e1n\u00ed. 31,5\u00d731 cm, pali\u010dkovan\u00e1 krajka, 1943\" width=\"800\" height=\"804\" srcset=\"https:\/\/www.vlaknapameti.cz\/wp-content\/uploads\/1348vb-1019x1024.jpg 1019w, https:\/\/www.vlaknapameti.cz\/wp-content\/uploads\/1348vb-150x150.jpg 150w, https:\/\/www.vlaknapameti.cz\/wp-content\/uploads\/1348vb-768x772.jpg 768w, https:\/\/www.vlaknapameti.cz\/wp-content\/uploads\/1348vb.jpg 1200w\" sizes=\"auto, (max-width: 800px) 100vw, 800px\" \/><figcaption id=\"caption-attachment-3169\" class=\"wp-caption-text\">Prost\u00edr\u00e1n\u00ed. 31,5\u00d731 cm, pali\u010dkovan\u00e1 krajka, 1943<\/figcaption><\/figure>\n<figure id=\"attachment_3170\" aria-describedby=\"caption-attachment-3170\" style=\"width: 800px\" class=\"wp-caption alignnone\"><img loading=\"lazy\" decoding=\"async\" class=\"size-large wp-image-3170\" src=\"https:\/\/www.vlaknapameti.cz\/wp-content\/uploads\/1348vc-1024x760.jpg\" alt=\"Ubrus (detail), pali\u010dkovan\u00e1 krajka a vsazov\u00e1n\u00ed, 1963\" width=\"800\" height=\"594\" srcset=\"https:\/\/www.vlaknapameti.cz\/wp-content\/uploads\/1348vc-1024x760.jpg 1024w, https:\/\/www.vlaknapameti.cz\/wp-content\/uploads\/1348vc-300x223.jpg 300w, https:\/\/www.vlaknapameti.cz\/wp-content\/uploads\/1348vc-768x570.jpg 768w, https:\/\/www.vlaknapameti.cz\/wp-content\/uploads\/1348vc.jpg 1200w\" sizes=\"auto, (max-width: 800px) 100vw, 800px\" \/><figcaption id=\"caption-attachment-3170\" class=\"wp-caption-text\">Ubrus (detail), pali\u010dkovan\u00e1 krajka a vsazov\u00e1n\u00ed, 1963<\/figcaption><\/figure>\n<figure id=\"attachment_3171\" aria-describedby=\"caption-attachment-3171\" style=\"width: 800px\" class=\"wp-caption alignnone\"><img loading=\"lazy\" decoding=\"async\" class=\"size-large wp-image-3171\" src=\"https:\/\/www.vlaknapameti.cz\/wp-content\/uploads\/1348vd-1024x797.jpg\" alt=\"Ozdobn\u00fd kapesn\u00edk (detail), pali\u010dkovan\u00e1 krajka, 1972\" width=\"800\" height=\"623\" srcset=\"https:\/\/www.vlaknapameti.cz\/wp-content\/uploads\/1348vd-1024x797.jpg 1024w, https:\/\/www.vlaknapameti.cz\/wp-content\/uploads\/1348vd-300x234.jpg 300w, https:\/\/www.vlaknapameti.cz\/wp-content\/uploads\/1348vd-768x598.jpg 768w, https:\/\/www.vlaknapameti.cz\/wp-content\/uploads\/1348vd.jpg 1200w\" sizes=\"auto, (max-width: 800px) 100vw, 800px\" \/><figcaption id=\"caption-attachment-3171\" class=\"wp-caption-text\">Ozdobn\u00fd kapesn\u00edk (detail), pali\u010dkovan\u00e1 krajka, 1972<\/figcaption><\/figure>\n<p>&nbsp;<\/p>\n","protected":false},"excerpt":{"rendered":"<p>Rudolf Richter (polo\u017eka interaktivn\u00ed mapy s v\u00edcero reprodukcemi) Rudolf Richter (1918-1984) p\u016fsobil ve \u0160kolsk\u00e9m \u00fastavu um\u011bleck\u00e9 v\u00fdroby v Praze. Svoji kari\u00e9ru tam zah\u00e1jil jako kresl\u00ed\u0159. Posl\u00e9ze se etabloval jako v\u00fdtvarn\u00edk. &#8230;<\/p>\n","protected":false},"author":1,"featured_media":0,"parent":0,"menu_order":0,"comment_status":"closed","ping_status":"closed","template":"","meta":{"footnotes":""},"class_list":["post-3227","page","type-page","status-publish","hentry"],"_links":{"self":[{"href":"https:\/\/www.vlaknapameti.cz\/index.php?rest_route=\/wp\/v2\/pages\/3227","targetHints":{"allow":["GET"]}}],"collection":[{"href":"https:\/\/www.vlaknapameti.cz\/index.php?rest_route=\/wp\/v2\/pages"}],"about":[{"href":"https:\/\/www.vlaknapameti.cz\/index.php?rest_route=\/wp\/v2\/types\/page"}],"author":[{"embeddable":true,"href":"https:\/\/www.vlaknapameti.cz\/index.php?rest_route=\/wp\/v2\/users\/1"}],"replies":[{"embeddable":true,"href":"https:\/\/www.vlaknapameti.cz\/index.php?rest_route=%2Fwp%2Fv2%2Fcomments&post=3227"}],"version-history":[{"count":3,"href":"https:\/\/www.vlaknapameti.cz\/index.php?rest_route=\/wp\/v2\/pages\/3227\/revisions"}],"predecessor-version":[{"id":3258,"href":"https:\/\/www.vlaknapameti.cz\/index.php?rest_route=\/wp\/v2\/pages\/3227\/revisions\/3258"}],"wp:attachment":[{"href":"https:\/\/www.vlaknapameti.cz\/index.php?rest_route=%2Fwp%2Fv2%2Fmedia&parent=3227"}],"curies":[{"name":"wp","href":"https:\/\/api.w.org\/{rel}","templated":true}]}}