{"id":2596,"date":"2025-09-08T23:50:45","date_gmt":"2025-09-08T23:50:45","guid":{"rendered":"https:\/\/www.vlaknapameti.cz\/?page_id=2596"},"modified":"2025-09-12T19:25:11","modified_gmt":"2025-09-12T19:25:11","slug":"im_miroslava-sustrova","status":"publish","type":"page","link":"https:\/\/www.vlaknapameti.cz\/?page_id=2596","title":{"rendered":"IM: Miroslava \u0160ustrov\u00e1"},"content":{"rendered":"<h1>Miroslava \u0160ustrov\u00e1<\/h1>\n<p><em>(polo\u017eka interaktivn\u00ed mapy s v\u00edcero reprodukcemi)<\/em><\/p>\n<p>Podobn\u011b jako mnoho jej\u00edch vrstevnic, doch\u00e1zela i Miroslava \u0160ustrov\u00e1 (1966) p\u0159i z\u00e1kladn\u00ed \u0161kole na v\u00fduku pali\u010dkov\u00e1n\u00ed ve vambereck\u00e9 Krajk\u00e1\u0159sk\u00e9 \u0161kole. Krajk\u00e1\u0159sk\u00e9 \u0159emeslo se j\u00ed zal\u00edbilo natolik, \u017ee se rozhodla v\u011bnovat se mu profesion\u00e1ln\u011b. Na St\u0159edn\u00edm odborn\u00e9m u\u010dili\u0161ti textiln\u00edm v Hronov\u011b-Velk\u00e9m Po\u0159\u00ed\u010d\u00ed absolvovala dvoulet\u00fd u\u010debn\u00ed obor ru\u010dn\u00ed krajk\u00e1\u0159ka, v letech 1982\u20131986 studovala na St\u0159edn\u00ed odborn\u00e9 um\u011blecko\u0159emesln\u00e9 \u0161kole p\u0159i \u0160kolsk\u00e9m \u00fastavu um\u011bleck\u00e9 v\u00fdroby v Praze. Jej\u00edm prvn\u00edm p\u016fsobi\u0161t\u011bm se stalo v roce 1986 dru\u017estvo Vambereck\u00e1 krajka Vamberk. Zast\u00e1vala v n\u011bm pozici mistra odborn\u00e9 v\u00fdchovy. Do roku 1997 se v\u011bnovala p\u0159\u00edprav\u011b dal\u0161\u00ed generace ru\u010dn\u00edch krajk\u00e1\u0159ek na St\u0159edn\u00edm odborn\u00e9m u\u010dili\u0161ti textiln\u00edm v Hronov\u011b-Velk\u00e9m Po\u0159\u00ed\u010d\u00ed. V letech 1997-1999 vyu\u010dovala v krajk\u00e1\u0159sk\u00e9m kurzu pra\u017esk\u00e9ho \u0160kolsk\u00e9ho \u00fastavu um\u011bleck\u00e9 v\u00fdroby v Letohrad\u011b, od roku 1999 je jej\u00edm p\u016fsobi\u0161t\u011bm Krajk\u00e1\u0159sk\u00e1 \u0161kola ve Vamberku. V letech 1999\u20132000 si na Vysok\u00e9 \u0161kole pedagogick\u00e9 v Hradci Kr\u00e1lov\u00e9 doplnila vzd\u011bl\u00e1n\u00ed pro profesi mistr odborn\u00e9 v\u00fdchovy. V\u011bnuje se tvorb\u011b krajek, navrhuje je. Vytvo\u0159ila mnoho voln\u00fdch pali\u010dkovan\u00fdch krajek a krajek ur\u010den\u00fdch k praktick\u00e9mu pou\u017eit\u00ed \u2013 stoln\u00edch dekorac\u00ed, m\u00f3dn\u00edch dopl\u0148k\u016f, \u0161perk\u016f, krajkov\u00fdch aplikac\u00ed. Sv\u00fdmi pracemi se z\u00fa\u010dastnila \u0159ady tuzemsk\u00fdch a zahrani\u010dn\u00edch v\u00fdstav.<\/p>\n<figure id=\"attachment_2610\" aria-describedby=\"caption-attachment-2610\" style=\"width: 800px\" class=\"wp-caption alignleft\"><img loading=\"lazy\" decoding=\"async\" class=\"size-large wp-image-2610\" src=\"https:\/\/www.vlaknapameti.cz\/wp-content\/uploads\/1066v-1024x991.jpg\" alt=\"Miroslava \u0160ustrov\u00e1 (2008) \" width=\"800\" height=\"774\" srcset=\"https:\/\/www.vlaknapameti.cz\/wp-content\/uploads\/1066v-1024x991.jpg 1024w, https:\/\/www.vlaknapameti.cz\/wp-content\/uploads\/1066v-300x290.jpg 300w, https:\/\/www.vlaknapameti.cz\/wp-content\/uploads\/1066v-768x743.jpg 768w, https:\/\/www.vlaknapameti.cz\/wp-content\/uploads\/1066v.jpg 1200w\" sizes=\"auto, (max-width: 800px) 100vw, 800px\" \/><figcaption id=\"caption-attachment-2610\" class=\"wp-caption-text\">Miroslava \u0160ustrov\u00e1 (2008)<\/figcaption><\/figure>\n<figure id=\"attachment_2611\" aria-describedby=\"caption-attachment-2611\" style=\"width: 456px\" class=\"wp-caption alignleft\"><img loading=\"lazy\" decoding=\"async\" class=\"size-large wp-image-2611\" src=\"https:\/\/www.vlaknapameti.cz\/wp-content\/uploads\/1066va-456x1024.jpg\" alt=\"\u0160aty s pali\u010dkovanou krajkou, len, kovov\u00e9 vl\u00e1kno, perli\u010dky, \u0161if\u00f3n, 2008\" width=\"456\" height=\"1024\" srcset=\"https:\/\/www.vlaknapameti.cz\/wp-content\/uploads\/1066va-456x1024.jpg 456w, https:\/\/www.vlaknapameti.cz\/wp-content\/uploads\/1066va-133x300.jpg 133w, https:\/\/www.vlaknapameti.cz\/wp-content\/uploads\/1066va-768x1726.jpg 768w, https:\/\/www.vlaknapameti.cz\/wp-content\/uploads\/1066va-683x1536.jpg 683w, https:\/\/www.vlaknapameti.cz\/wp-content\/uploads\/1066va-911x2048.jpg 911w, https:\/\/www.vlaknapameti.cz\/wp-content\/uploads\/1066va-scaled.jpg 1139w\" sizes=\"auto, (max-width: 456px) 100vw, 456px\" \/><figcaption id=\"caption-attachment-2611\" class=\"wp-caption-text\">\u0160aty s pali\u010dkovanou krajkou, len, kovov\u00e9 vl\u00e1kno, perli\u010dky, \u0161if\u00f3n, 2008<\/figcaption><\/figure>\n<figure id=\"attachment_2612\" aria-describedby=\"caption-attachment-2612\" style=\"width: 800px\" class=\"wp-caption alignleft\"><img loading=\"lazy\" decoding=\"async\" class=\"size-large wp-image-2612\" src=\"https:\/\/www.vlaknapameti.cz\/wp-content\/uploads\/1066vb-1024x510.jpg\" alt=\"Sny o mot\u00fdlech, pali\u010dkovan\u00e1 krajka, 2010\" width=\"800\" height=\"398\" srcset=\"https:\/\/www.vlaknapameti.cz\/wp-content\/uploads\/1066vb-1024x510.jpg 1024w, https:\/\/www.vlaknapameti.cz\/wp-content\/uploads\/1066vb-300x150.jpg 300w, https:\/\/www.vlaknapameti.cz\/wp-content\/uploads\/1066vb-768x383.jpg 768w, https:\/\/www.vlaknapameti.cz\/wp-content\/uploads\/1066vb.jpg 1200w\" sizes=\"auto, (max-width: 800px) 100vw, 800px\" \/><figcaption id=\"caption-attachment-2612\" class=\"wp-caption-text\">Sny o mot\u00fdlech, pali\u010dkovan\u00e1 krajka, 2010<\/figcaption><\/figure>\n<figure id=\"attachment_2645\" aria-describedby=\"caption-attachment-2645\" style=\"width: 680px\" class=\"wp-caption alignleft\"><img loading=\"lazy\" decoding=\"async\" class=\"size-large wp-image-2645\" src=\"https:\/\/www.vlaknapameti.cz\/wp-content\/uploads\/1066vc-680x1024.jpg\" alt=\"\u010cerven\u00fd n\u00e1hrdeln\u00edk, pali\u010dkovan\u00e1 krajka, 2014\" width=\"680\" height=\"1024\" srcset=\"https:\/\/www.vlaknapameti.cz\/wp-content\/uploads\/1066vc-680x1024.jpg 680w, https:\/\/www.vlaknapameti.cz\/wp-content\/uploads\/1066vc-199x300.jpg 199w, https:\/\/www.vlaknapameti.cz\/wp-content\/uploads\/1066vc-768x1156.jpg 768w, https:\/\/www.vlaknapameti.cz\/wp-content\/uploads\/1066vc-1020x1536.jpg 1020w, https:\/\/www.vlaknapameti.cz\/wp-content\/uploads\/1066vc.jpg 1200w\" sizes=\"auto, (max-width: 680px) 100vw, 680px\" \/><figcaption id=\"caption-attachment-2645\" class=\"wp-caption-text\">\u010cerven\u00fd n\u00e1hrdeln\u00edk, pali\u010dkovan\u00e1 krajka, 2014<\/figcaption><\/figure>\n","protected":false},"excerpt":{"rendered":"<p>Miroslava \u0160ustrov\u00e1 (polo\u017eka interaktivn\u00ed mapy s v\u00edcero reprodukcemi) Podobn\u011b jako mnoho jej\u00edch vrstevnic, doch\u00e1zela i Miroslava \u0160ustrov\u00e1 (1966) p\u0159i z\u00e1kladn\u00ed \u0161kole na v\u00fduku pali\u010dkov\u00e1n\u00ed ve vambereck\u00e9 Krajk\u00e1\u0159sk\u00e9 \u0161kole. Krajk\u00e1\u0159sk\u00e9 \u0159emeslo &#8230;<\/p>\n","protected":false},"author":1,"featured_media":0,"parent":0,"menu_order":0,"comment_status":"closed","ping_status":"closed","template":"","meta":{"footnotes":""},"class_list":["post-2596","page","type-page","status-publish","hentry"],"_links":{"self":[{"href":"https:\/\/www.vlaknapameti.cz\/index.php?rest_route=\/wp\/v2\/pages\/2596","targetHints":{"allow":["GET"]}}],"collection":[{"href":"https:\/\/www.vlaknapameti.cz\/index.php?rest_route=\/wp\/v2\/pages"}],"about":[{"href":"https:\/\/www.vlaknapameti.cz\/index.php?rest_route=\/wp\/v2\/types\/page"}],"author":[{"embeddable":true,"href":"https:\/\/www.vlaknapameti.cz\/index.php?rest_route=\/wp\/v2\/users\/1"}],"replies":[{"embeddable":true,"href":"https:\/\/www.vlaknapameti.cz\/index.php?rest_route=%2Fwp%2Fv2%2Fcomments&post=2596"}],"version-history":[{"count":6,"href":"https:\/\/www.vlaknapameti.cz\/index.php?rest_route=\/wp\/v2\/pages\/2596\/revisions"}],"predecessor-version":[{"id":2744,"href":"https:\/\/www.vlaknapameti.cz\/index.php?rest_route=\/wp\/v2\/pages\/2596\/revisions\/2744"}],"wp:attachment":[{"href":"https:\/\/www.vlaknapameti.cz\/index.php?rest_route=%2Fwp%2Fv2%2Fmedia&parent=2596"}],"curies":[{"name":"wp","href":"https:\/\/api.w.org\/{rel}","templated":true}]}}