{"id":2509,"date":"2025-09-07T18:56:04","date_gmt":"2025-09-07T18:56:04","guid":{"rendered":"https:\/\/www.vlaknapameti.cz\/?page_id=2509"},"modified":"2025-09-12T19:26:51","modified_gmt":"2025-09-12T19:26:51","slug":"im_vamberecka-krajka-vamberk","status":"publish","type":"page","link":"https:\/\/www.vlaknapameti.cz\/?page_id=2509","title":{"rendered":"IM: Vambereck\u00e1 krajka Vamberk"},"content":{"rendered":"<h1>Vambereck\u00e1 krajka Vamberk<\/h1>\n<p><em>(polo\u017eka interaktivn\u00ed mapy s v\u00edcero reprodukcemi)<\/em><\/p>\n<p>Organizaci krajk\u00e1\u0159sk\u00e9 v\u00fdroby na Vamberecku p\u0159evzalo ve druh\u00e9 polovin\u011b 20. stol. dru\u017estvo zn\u00e1m\u00e9 pod zkratkou VKV (Vambereck\u00e1 kajka Vamberk). Dru\u017estvo zam\u011bstn\u00e1valo v\u00a0dob\u00e1ch nejv\u011bt\u0161\u00edho rozkv\u011btu a\u017e 400 krajk\u00e1\u0159ek. Vzniklo 11. kv\u011btna 1946 a do obchodn\u00edho rejst\u0159\u00edku bylo zaps\u00e1no 7. 6. 1946 jako VKV, v\u00fdrobn\u00ed dru\u017estvo pro krajky a v\u00fd\u0161ivky v\u00a0\u010cech\u00e1ch, zapsan\u00e9 spole\u010denstvo s\u00a0ru\u010den\u00edm obmezen\u00fdm v\u00a0Rychnov\u011b nad Kn\u011b\u017enou. Jako p\u0159edm\u011bt \u010dinnosti m\u011blo zaps\u00e1no spole\u010dn\u00e9 provozov\u00e1n\u00ed lidov\u00e9 a um\u011bleck\u00e9 v\u00fdroby, a to zejm\u00e9na ru\u010dn\u00edch i strojov\u00fdch krajek a v\u00fd\u0161ivky, pr\u00e1dla a sou\u010d\u00e1stek od\u011bv\u016f s\u00a0v\u00fdzdobou ru\u010dn\u00ed krajky a v\u00fd\u0161ivky, strojov\u00e9 krajky a v\u00fd\u0161ivky atd. Od po\u010d\u00e1tku spolupracovalo s\u00a0n\u00e1rodn\u00edm podnikem Textiln\u00ed tvorba, Praha a s\u00a0jeho n\u00e1stupcem, \u00dastavem bytov\u00e9 a od\u011bvn\u00ed kultury. Spolupr\u00e1ci nav\u00e1zalo tak\u00e9 se \u0160kolsk\u00fdm \u00fastavem um\u011bleck\u00e9 v\u00fdroby a v\u00fdtvarn\u00fdmi radami slo\u017een\u00fdmi ze z\u00e1stupc\u016f r\u016fzn\u00fdch um\u011bleck\u00fdch a v\u011bdeck\u00fdch pracovi\u0161\u0165, st\u0159edn\u00edch a vysok\u00fdch \u0161kol. V roce 1952 (dne 30. 8.) p\u0159evedlo dru\u017estvo svoje s\u00eddlo do Vamberka a zm\u011bnilo n\u00e1zev na V\u00fdrobn\u00ed dru\u017estvo VKV pro krajky a v\u00fd\u0161ivky zapsan\u00e9 spole\u010denstvo s\u00a0ru\u010den\u00edm obmezen\u00fdm Vamberk. V\u00a0roce 1954 (dne 21. 5.) do\u0161lo k\u00a0dal\u0161\u00ed zm\u011bn\u011b n\u00e1zvu na Lidov\u00e9 v\u00fdrobn\u00ed dru\u017estvo VKV pro krajky a v\u00fd\u0161ivky ve Vamberku, co\u017e bylo t\u00e9ho\u017e roku (dne 17. 9.) opraveno na Vambereck\u00e1 krajka, lidov\u00e9 v\u00fdrobn\u00ed dru\u017estvo ve Vamberku. Dru\u017estvo se zaslou\u017eilo o uchov\u00e1n\u00ed znalosti tvorby pali\u010dkovan\u00e9 krajky na Vamberecku na vysok\u00e9 \u00farovni a o uplatn\u011bn\u00ed pali\u010dkovan\u00e9 tvorby v\u00a0bytov\u00e9 \u010di od\u011bvn\u00ed kultu\u0159e p\u0159edev\u0161\u00edm ve druh\u00e9 pol. 20. stol. Stalo se tak z\u00e1sluhou dotac\u00ed ministerstva kultury, d\u00edky nim\u017e se dru\u017estvo mohlo vracet ke star\u00fdm vzor\u016fm formou replik p\u00e1skov\u00fdch a z\u00e1krutkov\u00fdch krajek. Z\u00e1slu\u017en\u00fdm \u00fakolem byla obnova vl\u00e1\u010dkov\u00e9 krajky jako kulturn\u00edho d\u011bdictv\u00ed kraje. Vedle toho dru\u017estvo spolupracovalo s\u00a0v\u00fdtvarnicemi a realizovalo i modern\u00ed krajky. Podle jejich n\u00e1vrh\u016f vyr\u00e1b\u011blo l\u00edmce, pokr\u00fdvky, obrazov\u00e9 krajky i drobn\u00e9 kousky bi\u017euterie, nap\u0159. kyti\u010dky ze st\u0159\u00edbrn\u00fdch a modrost\u0159\u00edbrn\u00fdch nit\u00ed, bi\u017euterii v\u00a0kombinaci krajky a dal\u0161\u00edch materi\u00e1l\u016f (kov, d\u0159evo). Tak\u00e9 zde vznikala d\u00e1msk\u00e1 konfekce zdoben\u00e1 ru\u010dn\u00ed pali\u010dkovanou krajkou. Nap\u0159\u00edklad v\u00a0podob\u011b mal\u00fdch ozdobn\u00fdch kv\u011bt\u016f nebo pali\u010dkovan\u00fdch sedel \u0161at\u016f \u010di halenek. Dru\u017estvo v\u00a070. letech hledalo dal\u0161\u00ed sm\u011bry aktivit pro udr\u017een\u00ed sv\u00e9 v\u00fdroby. Roz\u0161\u00ed\u0159ilo p\u0159edm\u011bt sv\u00e9 \u010dinnosti o \u00fadr\u017ebu a opravy ru\u010dn\u00edch i strojn\u00edch krajek, ru\u010dn\u00ed i strojn\u00ed tkan\u00ed, zak\u00e1zkov\u00e9 ru\u010dn\u00ed i strojn\u00ed pleten\u00ed, v\u00fdrobu od\u011bv\u016f i pr\u00e1dla, v\u00fdrobu hra\u010dek z\u00a0textiln\u00edch materi\u00e1l\u016f a prodej vlastn\u00edch i jin\u00fdch v\u00fdrobk\u016f ve vlastn\u00ed maloobchodn\u00ed s\u00edti. Od t\u00e9to doby tak\u00e9 vykupovalo a prod\u00e1valo krajky a textiln\u00ed v\u00fdrobky i jin\u00fdch organizac\u00ed nebo od soukrom\u00fdch v\u00fdrobc\u016f. VKV zaznamenalo \u00fasp\u011bchy se sv\u00fdmi v\u00fdrobky na mezin\u00e1rodn\u00ed sc\u00e9n\u011b, nap\u0159\u00edklad na sv\u011btov\u00fdch v\u00fdstav\u00e1ch EXPO 58 v\u00a0Bruselu a EXPO 67 v\u00a0Montrealu. Ty je mo\u017en\u00e9 spat\u0159it v\u00a0expozici Muzea krajky ve Vamberku. V 90. letech 20. stol. do\u0161lo k\u00a0v\u00fdrazn\u00e9mu poklesu z\u00e1jmu o produkci dru\u017estva v\u00a0souvislosti se spole\u010densk\u00fdmi a ekonomick\u00fdmi zm\u011bnami po sametov\u00e9 revoluci. Od roku 1990 hledalo nov\u00e9 uplatn\u011bn\u00ed na trhu roz\u0161\u00ed\u0159en\u00edm \u010dinnosti i o zahrani\u010dn\u00ed obchod a jin\u00e9 nesourod\u00e9 \u010dinnosti. Po\u010det zam\u011bstnanc\u016f vambereck\u00e9ho dru\u017estva se razantn\u011b sn\u00ed\u017eil na jednotky osob.\u00a0V\u00a0roce 1995 doch\u00e1z\u00ed k\u00a0dal\u0161\u00ed zm\u011bn\u011b n\u00e1zvu na Vambereck\u00e1 krajka, dru\u017estvo um\u011bleck\u00e9 v\u00fdroby Vamberk, kter\u00e9 je od roku 1997 pr\u00e1vn\u011b v\u00a0likvidaci, a to vlivem vysok\u00fdch dluh\u016f dru\u017estva (zejm\u00e9na v\u016f\u010di Svazu \u010desk\u00fdch a moravsk\u00fdch v\u00fdrobn\u00edch dru\u017estev). V\u00a0roce 2002 (dne 14. 6.) doch\u00e1z\u00ed k\u00a0dal\u0161\u00ed zm\u011bn\u011b n\u00e1zvu na Vambereck\u00e1 krajka, dru\u017estvo um\u011bleck\u00e9 v\u00fdroby Vamberk v\u00a0likvidaci. Krajsk\u00fd soud v\u00a0Hradci Kr\u00e1lov\u00e9 dne 30. 11. 2002 vyhla\u0161uje konkurz na n\u00e1vrh dru\u017estva, kter\u00fd byl zru\u0161en 22. 12. 2004 po vypo\u0159\u00e1d\u00e1n\u00ed dluh\u016f. \u010cinnost dru\u017estva dosud form\u00e1ln\u011b nebyla ukon\u010dena. Pokra\u010dovatelem dru\u017estva se stala firma Vambereck\u00e1 krajka CZ, s.r.o., zalo\u017een\u00e1 dne 22. 9. 2003, kter\u00e1 p\u0159ebrala jeho majetek i v\u00fdrobn\u00ed prostory.<\/p>\n<figure id=\"attachment_2566\" aria-describedby=\"caption-attachment-2566\" style=\"width: 800px\" class=\"wp-caption alignleft\"><img loading=\"lazy\" decoding=\"async\" class=\"size-large wp-image-2566\" src=\"https:\/\/www.vlaknapameti.cz\/wp-content\/uploads\/1065v-1024x682.jpg\" alt=\"Objekt dru\u017estva Vambereck\u00e1 krajka Vamberk (2025)\" width=\"800\" height=\"533\" srcset=\"https:\/\/www.vlaknapameti.cz\/wp-content\/uploads\/1065v-1024x682.jpg 1024w, https:\/\/www.vlaknapameti.cz\/wp-content\/uploads\/1065v-300x200.jpg 300w, https:\/\/www.vlaknapameti.cz\/wp-content\/uploads\/1065v-768x511.jpg 768w, https:\/\/www.vlaknapameti.cz\/wp-content\/uploads\/1065v.jpg 1200w\" sizes=\"auto, (max-width: 800px) 100vw, 800px\" \/><figcaption id=\"caption-attachment-2566\" class=\"wp-caption-text\">Objekt dru\u017estva Vambereck\u00e1 krajka Vamberk (2025)<\/figcaption><\/figure>\n<figure id=\"attachment_2567\" aria-describedby=\"caption-attachment-2567\" style=\"width: 800px\" class=\"wp-caption alignleft\"><img loading=\"lazy\" decoding=\"async\" class=\"size-large wp-image-2567\" src=\"https:\/\/www.vlaknapameti.cz\/wp-content\/uploads\/1065va-1024x737.jpg\" alt=\"Pali\u010dkovan\u00e9 bro\u017ee, Vambereck\u00e1 krajka Vamberk (2. pol. 20. stol.)\" width=\"800\" height=\"576\" srcset=\"https:\/\/www.vlaknapameti.cz\/wp-content\/uploads\/1065va-1024x737.jpg 1024w, https:\/\/www.vlaknapameti.cz\/wp-content\/uploads\/1065va-300x216.jpg 300w, https:\/\/www.vlaknapameti.cz\/wp-content\/uploads\/1065va-768x553.jpg 768w, https:\/\/www.vlaknapameti.cz\/wp-content\/uploads\/1065va.jpg 1200w\" sizes=\"auto, (max-width: 800px) 100vw, 800px\" \/><figcaption id=\"caption-attachment-2567\" class=\"wp-caption-text\">Pali\u010dkovan\u00e9 bro\u017ee, Vambereck\u00e1 krajka Vamberk (2. pol. 20. stol.)<\/figcaption><\/figure>\n<figure id=\"attachment_2568\" aria-describedby=\"caption-attachment-2568\" style=\"width: 800px\" class=\"wp-caption alignleft\"><img loading=\"lazy\" decoding=\"async\" class=\"size-large wp-image-2568\" src=\"https:\/\/www.vlaknapameti.cz\/wp-content\/uploads\/1065vb-1024x749.jpg\" alt=\"Halenky zdoben\u00e9 pali\u010dkovanou krajkou, Vambereck\u00e1 krajka Vamberk (2. pol. 20. stol.)\" width=\"800\" height=\"585\" srcset=\"https:\/\/www.vlaknapameti.cz\/wp-content\/uploads\/1065vb-1024x749.jpg 1024w, https:\/\/www.vlaknapameti.cz\/wp-content\/uploads\/1065vb-300x220.jpg 300w, https:\/\/www.vlaknapameti.cz\/wp-content\/uploads\/1065vb-768x562.jpg 768w, https:\/\/www.vlaknapameti.cz\/wp-content\/uploads\/1065vb.jpg 1200w\" sizes=\"auto, (max-width: 800px) 100vw, 800px\" \/><figcaption id=\"caption-attachment-2568\" class=\"wp-caption-text\">Halenky zdoben\u00e9 pali\u010dkovanou krajkou, Vambereck\u00e1 krajka Vamberk (2. pol. 20. stol.)<\/figcaption><\/figure>\n<figure id=\"attachment_2569\" aria-describedby=\"caption-attachment-2569\" style=\"width: 800px\" class=\"wp-caption alignleft\"><img loading=\"lazy\" decoding=\"async\" class=\"size-large wp-image-2569\" src=\"https:\/\/www.vlaknapameti.cz\/wp-content\/uploads\/1065vc-1024x744.jpg\" alt=\"Krajkov\u00e9 z\u00e1v\u011bsn\u00e9 obr\u00e1zky pali\u010dkovan\u00e9 pro Vambereckou krajku Vamberk B. Koukolovou a A. Hole\u010dkovou z Rybn\u00e9 nad Zdobnic\u00ed (2. pol. 20. stol.)\" width=\"800\" height=\"581\" srcset=\"https:\/\/www.vlaknapameti.cz\/wp-content\/uploads\/1065vc-1024x744.jpg 1024w, https:\/\/www.vlaknapameti.cz\/wp-content\/uploads\/1065vc-300x218.jpg 300w, https:\/\/www.vlaknapameti.cz\/wp-content\/uploads\/1065vc-768x558.jpg 768w, https:\/\/www.vlaknapameti.cz\/wp-content\/uploads\/1065vc.jpg 1200w\" sizes=\"auto, (max-width: 800px) 100vw, 800px\" \/><figcaption id=\"caption-attachment-2569\" class=\"wp-caption-text\">Krajkov\u00e9 z\u00e1v\u011bsn\u00e9 obr\u00e1zky pali\u010dkovan\u00e9 pro Vambereckou krajku Vamberk B. Koukolovou a A. Hole\u010dkovou z Rybn\u00e9 nad Zdobnic\u00ed (2. pol. 20. stol.)<\/figcaption><\/figure>\n<figure id=\"attachment_2570\" aria-describedby=\"caption-attachment-2570\" style=\"width: 800px\" class=\"wp-caption alignleft\"><img loading=\"lazy\" decoding=\"async\" class=\" wp-image-2570\" src=\"https:\/\/www.vlaknapameti.cz\/wp-content\/uploads\/1065vd-744x1024.jpg\" alt=\"Krajk\u00e1\u0159sk\u00e1 d\u00edlna v dru\u017estvu Vambereck\u00e1 krajka Vamberk (2. pol. 20. stol.)\" width=\"800\" height=\"1101\" srcset=\"https:\/\/www.vlaknapameti.cz\/wp-content\/uploads\/1065vd-744x1024.jpg 744w, https:\/\/www.vlaknapameti.cz\/wp-content\/uploads\/1065vd-218x300.jpg 218w, https:\/\/www.vlaknapameti.cz\/wp-content\/uploads\/1065vd-768x1057.jpg 768w, https:\/\/www.vlaknapameti.cz\/wp-content\/uploads\/1065vd-1116x1536.jpg 1116w, https:\/\/www.vlaknapameti.cz\/wp-content\/uploads\/1065vd.jpg 1200w\" sizes=\"auto, (max-width: 800px) 100vw, 800px\" \/><figcaption id=\"caption-attachment-2570\" class=\"wp-caption-text\">Krajk\u00e1\u0159sk\u00e1 d\u00edlna v dru\u017estvu Vambereck\u00e1 krajka Vamberk (2. pol. 20. stol.)<\/figcaption><\/figure>\n<p>&nbsp;<\/p>\n","protected":false},"excerpt":{"rendered":"<p>Vambereck\u00e1 krajka Vamberk (polo\u017eka interaktivn\u00ed mapy s v\u00edcero reprodukcemi) Organizaci krajk\u00e1\u0159sk\u00e9 v\u00fdroby na Vamberecku p\u0159evzalo ve druh\u00e9 polovin\u011b 20. stol. dru\u017estvo zn\u00e1m\u00e9 pod zkratkou VKV (Vambereck\u00e1 kajka Vamberk). Dru\u017estvo zam\u011bstn\u00e1valo &#8230;<\/p>\n","protected":false},"author":1,"featured_media":0,"parent":0,"menu_order":0,"comment_status":"closed","ping_status":"closed","template":"","meta":{"footnotes":""},"class_list":["post-2509","page","type-page","status-publish","hentry"],"_links":{"self":[{"href":"https:\/\/www.vlaknapameti.cz\/index.php?rest_route=\/wp\/v2\/pages\/2509","targetHints":{"allow":["GET"]}}],"collection":[{"href":"https:\/\/www.vlaknapameti.cz\/index.php?rest_route=\/wp\/v2\/pages"}],"about":[{"href":"https:\/\/www.vlaknapameti.cz\/index.php?rest_route=\/wp\/v2\/types\/page"}],"author":[{"embeddable":true,"href":"https:\/\/www.vlaknapameti.cz\/index.php?rest_route=\/wp\/v2\/users\/1"}],"replies":[{"embeddable":true,"href":"https:\/\/www.vlaknapameti.cz\/index.php?rest_route=%2Fwp%2Fv2%2Fcomments&post=2509"}],"version-history":[{"count":5,"href":"https:\/\/www.vlaknapameti.cz\/index.php?rest_route=\/wp\/v2\/pages\/2509\/revisions"}],"predecessor-version":[{"id":2754,"href":"https:\/\/www.vlaknapameti.cz\/index.php?rest_route=\/wp\/v2\/pages\/2509\/revisions\/2754"}],"wp:attachment":[{"href":"https:\/\/www.vlaknapameti.cz\/index.php?rest_route=%2Fwp%2Fv2%2Fmedia&parent=2509"}],"curies":[{"name":"wp","href":"https:\/\/api.w.org\/{rel}","templated":true}]}}