{"id":2420,"date":"2025-08-17T20:43:19","date_gmt":"2025-08-17T20:43:19","guid":{"rendered":"https:\/\/www.vlaknapameti.cz\/?page_id=2420"},"modified":"2025-09-12T19:21:37","modified_gmt":"2025-09-12T19:21:37","slug":"im_technicky_popis","status":"publish","type":"page","link":"https:\/\/www.vlaknapameti.cz\/?page_id=2420","title":{"rendered":"IM: Co obsahuje interaktivn\u00ed mapa?"},"content":{"rendered":"<h1><strong>Co obsahuje interaktivn\u00ed mapa?<\/strong><\/h1>\n<p><strong>Interaktivn\u00ed mapa \u201c<em>Krajk\u00e1\u0159sk\u00e1 tradice v \u010cR se zvl\u00e1\u0161tn\u00edm zam\u011b\u0159en\u00edm na Vamberecko od 17. stolet\u00ed po sou\u010dasnost<\/em>\u201d je synt\u00e9zou kartograficky vyj\u00e1d\u0159en\u00fdch bodov\u00fdch, plo\u0161n\u00fdch informac\u00ed a souvislost\u00ed mezi nimi. Jej\u00ed sou\u010d\u00e1st\u00ed jsou reprodukce fotografi\u00ed (osoby, p\u0159edm\u011bty ze sb\u00edrek pam\u011b\u0165ov\u00fdch instituc\u00ed, objekty a jejich interi\u00e9ry), skeny listinn\u00fdch dokument\u016f.<\/strong><\/p>\n<p><img loading=\"lazy\" decoding=\"async\" class=\" wp-image-2715 alignnone\" src=\"https:\/\/www.vlaknapameti.cz\/wp-content\/uploads\/imukazka2-1-1024x246.png\" alt=\"Uk\u00e1zka z interaktivn\u00ed mapy\" width=\"1033\" height=\"248\" srcset=\"https:\/\/www.vlaknapameti.cz\/wp-content\/uploads\/imukazka2-1-1024x246.png 1024w, https:\/\/www.vlaknapameti.cz\/wp-content\/uploads\/imukazka2-1-300x72.png 300w, https:\/\/www.vlaknapameti.cz\/wp-content\/uploads\/imukazka2-1-768x185.png 768w, https:\/\/www.vlaknapameti.cz\/wp-content\/uploads\/imukazka2-1.png 1301w\" sizes=\"auto, (max-width: 1033px) 100vw, 1033px\" \/><\/p>\n<p>Mapa sest\u00e1v\u00e1 ze \u010dty\u0159 \u010dasov\u00fdch vrstev. V\u00a0map\u011b zastoupen\u00e9 lokality do nich byly za\u0159azov\u00e1ny dle toho, ve kter\u00e9m roce se s\u00a0nimi spjat\u00e9 p\u0159\u00edslu\u0161n\u00e9 osoby narodily, respektive ve kter\u00e9m roce vznikly v\u00a0lokalit\u00e1ch existuj\u00edc\u00ed instituce, dru\u017estva, firmy &#8230; V\u00fdjimku \u010din\u00ed lokality spjat\u00e9 s\u00a0c\u00edrkevn\u00ed krajkou. Lokality s kostely, v\u00a0nich\u017e se krajky nach\u00e1zely, byly do \u010dasov\u00e9 vrstvy za\u0159azeny podle data vzniku krajek, tj. do prvn\u00ed a druh\u00e9 \u010dasov\u00e9 vrstvy. Informace o datu narozen\u00ed, vzniku instituce, dru\u017estva, firmy jsou p\u0159itom pouze d\u00edl\u010d\u00edmi informacemi spojen\u00fdmi s osobami, institucemi atp.<\/p>\n<p>Na v\u00a0map\u011b zastoupen\u00e9 lokality je odkazov\u00e1no prost\u0159ednictv\u00edm osmi ikon v\u011bnovan\u00fdch n\u00e1sleduj\u00edc\u00edm oblastem v\u00fdzkumu sv\u00e1zan\u00e9ho s v\u00fdstupem:<\/p>\n<ol>\n<li>a) c\u00edrkevn\u00ed krajky<\/li>\n<li>b) v\u00fduka krajky<\/li>\n<li>c) m\u00edsta ru\u010dn\u00ed v\u00fdroby krajek<\/li>\n<li>d) obchodov\u00e1n\u00ed s\u00a0krajkou<\/li>\n<li>e) strojn\u00ed v\u00fdroba krajek<\/li>\n<li>f) krajk\u00e1\u0159sk\u00e1 dru\u017estva<\/li>\n<li>g) um\u011bleck\u00e1 krajka<\/li>\n<li>h) krajky ve sb\u00edrk\u00e1ch<\/li>\n<\/ol>\n<p><strong>Prvn\u00ed \u010dasov\u00e1 vrstva<\/strong> je v\u011bnov\u00e1na obdob\u00ed od 17. do 19. stolet\u00ed. Od 40. let 17. stolet\u00ed se na Vamberecku z\u00e1sluhou Magdaleny Grambov\u00e9, rozen\u00e9 Reichlin, man\u017eelky plukovn\u00edka Ka\u0161para Gramba, kter\u00fd vlastnil od roku 1629 panstv\u00ed Pot\u0161tejn<a href=\"#_ftn1\" name=\"_ftnref1\">[1]<\/a>,\u00a0 rozvinula v\u00fdroba pali\u010dkovan\u00e9 krajky z\u00e1padoevropsk\u00e9ho, belgick\u00e9ho typu.\u00a0Magdalena Reichlin se z\u0159ejm\u011b narodila a vyr\u016fstala v\u00a0n\u011bkter\u00e9 z\u00a0lokalit spjat\u00fdch s\u00a0jej\u00ed rodinou, snad v\u00a0\u00dcberlingenu na severn\u00edm b\u0159ehu Bodamsk\u00e9ho jezera. P\u0159esn\u00e9 datum jej\u00edho narozen\u00ed nen\u00ed zn\u00e1mo. Narodila se asi p\u0159ed rokem 1610. Datem jej\u00edho \u00famrt\u00ed je pravd\u011bpodobn\u011b 24.7.1671. Jej\u00ed mumie se nach\u00e1z\u00ed v\u00a0kostele sv. Prokopa ve Vamberku.<a href=\"#_ftn2\" name=\"_ftnref2\">[2]<\/a> Vamberecko se postupn\u011b stalo spolu s\u00a0Kru\u0161nohorskem (od druh\u00e9 poloviny 16. stol.)<a href=\"#_ftn3\" name=\"_ftnref3\">[3]<\/a>, s okol\u00edm Sedlice u Blatn\u00e9 v ji\u017en\u00edch \u010cech\u00e1ch (od prvn\u00ed poloviny 18. stol.) a s pomez\u00edm \u010cesk\u00e9ho lesa a \u0160umavy, nap\u0159. Klatovskem<a href=\"#_ftn4\" name=\"_ftnref4\">[4]<\/a> (od po\u010d\u00e1tku 19. stol.), v\u00fdznamn\u00fdm krajk\u00e1\u0159sk\u00fdm regionem.<\/p>\n<p>Krajk\u00e1\u0159stv\u00ed sehr\u00e1valo v\u00fdznamnou roli v\u00a0soci\u00e1ln\u011b ekonomick\u00e9, estetick\u00e9, kulturn\u00ed rovin\u011b, v \u00farovni vzd\u011blanosti v\u00a0hlavn\u00ed oblasti sledovan\u00e9 mapou nejenom v\u00a017.-19. stolet\u00ed, ale i v\u00a0letech 1900-1945, kter\u00fdm je v\u011bnov\u00e1na druh\u00e1 \u010dasov\u00e1 vrstva mapy. Nep\u0159\u00edli\u0161 \u00farodn\u00e1 p\u016fda, nep\u0159\u00edzniv\u00e9 klimatick\u00e9 podm\u00ednky a\u00a0dal\u0161\u00ed okolnosti vylu\u010dovaly, aby se ve\u0161ker\u00e9 obyvatelstvo u\u017eivilo zem\u011bd\u011blstv\u00edm. V\u00fdroba krajek a\u00a0obchodov\u00e1n\u00ed s\u00a0nimi byly zdrojem ob\u017eivy mnoha rodin.<a href=\"#_ftn5\" name=\"_ftnref5\">[5]<\/a> Podom\u00e1ck\u00e9 pali\u010dkov\u00e1n\u00ed obvykle nepat\u0159ilo k\u00a0dob\u0159e placen\u00fdm druh\u016fm dom\u00e1ck\u00e9 v\u00fdroby, ale v\u00a0dan\u00e9m regionu se udr\u017eelo, nebo\u0165 v\u00a0n\u011bm m\u011blo (zejm\u00e9na na Vamberecku) hlubok\u00e9 ko\u0159eny. Krajky zhotovovaly nejen \u017eeny, ale tak\u00e9 mu\u017ei a\u00a0d\u011bti. Odm\u011bna za zhotoven\u00e9 krajky p\u0159edstavovala v\u00fdznamn\u00fd zdroj p\u0159\u00edjm\u016f p\u0159edev\u0161\u00edm v\u00a0rodin\u00e1ch bezzemk\u016f. Pali\u010dkovalo se tak\u00e9 mezi drobn\u00fdmi zem\u011bd\u011blci a na selsk\u00fdch usedlostech, a\u00a0to zejm\u00e9na v\u00a0zimn\u00edm obdob\u00ed.<\/p>\n<p>Pali\u010dkov\u00e1n\u00ed krajek se v\u00a0regionu v\u011bnovali \u010ce\u0161i i N\u011bmci. Po dom\u00e1cnostech se mnohdy pali\u010dkovalo spole\u010dn\u011b, podobn\u011b jako na \u201ep\u0159\u00e1stk\u00e1ch\u201c. Spole\u010dn\u00e9 pali\u010dkov\u00e1n\u00ed bylo ostatn\u011b ve sledovan\u00e9m regionu \u201ep\u0159\u00e1stkami\u201c ozna\u010dov\u00e1no. Pali\u010dkov\u00e1n\u00ed tak nab\u00fdvalo komunitn\u00edho a\u00a0kulturn\u00edho rozm\u011bru (zp\u011bv, p\u0159ed\u010d\u00edt\u00e1n\u00ed, vypr\u00e1v\u011bn\u00ed, hry \u2026).<\/p>\n<p>V\u00fdrobu krajek a obchod s\u00a0nimi v\u00a0obdob\u00ed vymezen\u00e9m prvn\u00ed \u010dasovou vrstvou mapy organizovala zpo\u010d\u00e1tku vrchnost, kter\u00e1 disponovala pracovn\u00ed silami, materi\u00e1lem vhodn\u00fdm ke zpracov\u00e1n\u00ed, person\u00e1lem pov\u011b\u0159en\u00fdm organizac\u00ed v\u00fdroby a obchodem s\u00a0krajkami. V\u00fdroba prob\u00edhala v\u00a0r\u00e1mci pln\u011bn\u00ed robotn\u00ed povinnosti poddan\u00fdch, p\u0159\u00edpadn\u011b za mzdu. Od konce 18. stolet\u00ed do po\u010d\u00e1tku 20. stolet\u00ed se v\u00a0organizaci v\u00fdroby krajek a obchodu s\u00a0nimi uplatnil faktorsk\u00fd, n\u00e1kladnick\u00fd syst\u00e9m.\u00a0 Jeho princip spo\u010d\u00edval v\u00a0tom, \u017ee pot\u0159ebn\u00fd materi\u00e1l a\u00a0podklady dod\u00e1vali v\u00fdrobc\u016fm krajek fakto\u0159i, n\u00e1kladn\u00edci. Ti od nich krajky n\u00e1sledn\u011b vykupovali a\u00a0v\u00fdhodn\u011b prod\u00e1vali. Tento syst\u00e9m, ozna\u010dovan\u00fd jako rozpt\u00fdlen\u00e1 manufaktura, je na Vamberecku dolo\u017een ji\u017e na konci 18. stolet\u00ed.<\/p>\n<p>Krom\u011b faktor\u016f vykupovali v\u00a0rodin\u00e1ch krajky tak\u00e9 podomn\u00ed obchodn\u00edci. N\u011bkolik v\u00fdznamn\u011bj\u0161\u00edch obchodn\u00edk\u016f s\u00a0krajkami vlastnilo \u201ekamenn\u00e9 obchody\u201c, a\u00a0to zejm\u00e9na ve Vamberku (nap\u0159. obchody Anton\u00edna Koblice, Franti\u0161ky Gr\u00fcnerov\u00e9, Franti\u0161ka Merty). Ke konci 19. stolet\u00ed byly krajky pos\u00edl\u00e1ny tak\u00e9 p\u0159ekupn\u00edk\u016fm, a\u00a0to prost\u0159ednictv\u00edm po\u0161ty.<\/p>\n<p>S\u00a0neb\u00fdval\u00fdm rozkv\u011btem krajk\u00e1\u0159stv\u00ed na Vamberecku, kde poskytovalo ob\u017eivu n\u011bkolika tis\u00edc\u016fm lid\u00ed, souvis\u00ed i vznik Prvn\u00ed odborn\u00e9 \u010desk\u00e9 \u0161koly krajk\u00e1\u0159sk\u00e9 ve Vamberku roku 1889.\u00a0 Vznikla z\u00a0iniciativy zastupitelstva m\u011bsta Vamberka, kter\u00e9 sledovalo z\u0159\u00edzen\u00edm \u0161koly mo\u017enost nav\u00e1zat na roz\u0161\u00ed\u0159enou v\u00fdrobu pali\u010dkovan\u00fdch krajek na Vamberecku jej\u00ed kvalifikovanou v\u00fdukou, a tak dos\u00e1hnout nejenom udr\u017een\u00ed kvality tamn\u00ed v\u00fdroby, ale i zaveden\u00ed v\u00fduky soudob\u00fdch, v\u00a0regionu m\u00e1lo zn\u00e1m\u00fdch krajek. M\u011blo to napomoci konkurenceschopnosti v\u00fdrobk\u016f absolventek \u0161koly, kter\u00e9 poch\u00e1zely z\u00a0Vamberka a \u0161irok\u00e9ho okol\u00ed. Roku 1905 byla \u0161kola zest\u00e1tn\u011bna a pod\u0159\u00edzena c.k. \u00dast\u0159edn\u00edmu b\u011bhu krajk\u00e1\u0159sk\u00e9mu ve V\u00eddni pod n\u00e1zvem Prvn\u00ed \u010desk\u00e1 st\u00e1tn\u00ed odborn\u00e1 \u0161kola krajk\u00e1\u0159sk\u00e1 ve Vamberku. Od roku 1919 \u0161kola spadala pod v\u00a0uveden\u00e9m roce vznikl\u00fd St\u00e1tn\u00ed \u00fastav \u0161kolsk\u00fd pro dom\u00e1ck\u00fd pr\u016fmysl v\u00a0Praze.<a href=\"#_ftn6\" name=\"_ftnref6\">[6]<\/a><\/p>\n<p>Se zpo\u017ed\u011bn\u00edm a\u00a0s\u00a0obt\u00ed\u017eemi se do hornat\u00e9ho regionu dost\u00e1vala pr\u016fmyslov\u00e1 v\u00fdroba. V\u00a0posledn\u00ed \u010dtvrtin\u011b 19. stolet\u00ed (\u201eTextiln\u00ed z\u00e1vody Anton\u00edna Bedn\u00e1\u0159e synov\u00e9 Vamberk\u201c) pronikla i\u00a0do tradi\u010dn\u00ed ru\u010dn\u00ed v\u00fdroby krajek. S t\u00edm souvisel p\u0159echod odb\u011bratel\u016f k levn\u011bj\u0161\u00ed strojov\u00e9 krajce, kter\u00e1 byla dod\u00e1v\u00e1na na trh ve st\u00e1le v\u011bt\u0161\u00edch objemech a v dokonal\u00e9m proveden\u00ed. Cena strojn\u00edch krajek byla ni\u017e\u0161\u00ed ne\u017e cena krajek pali\u010dkovan\u00fdch ru\u010dn\u011b. D\u00edky tomu se zhor\u0161ila ekonomick\u00e1 situace ru\u010dn\u00edch krajk\u00e1\u0159ek, kter\u00e9 se na konci 19. stolet\u00ed a na po\u010d\u00e1tku 20. stolet\u00ed ji\u017e velmi t\u011b\u017eko vyrovn\u00e1valy s tlakem tov\u00e1rn\u00edch v\u00fdrobk\u016f. Na Vamberecku, kde byly rodiny z\u00e1visl\u00e9 na p\u0159iv\u00fdd\u011blku z pali\u010dkov\u00e1n\u00ed, bylo nutn\u00e9 hledat jin\u00e9 zdroje ob\u017eivy nebo cestovat s v\u00fdrobky do vzd\u00e1len\u00fdch oblast\u00ed v r\u00e1mci podomn\u00edho obchodu.<\/p>\n<p><strong>Ve druh\u00e9 \u010dasov\u00e9 vrstv\u011b<\/strong>, v\u00a0letech 1900-1945, byly krajky v\u00a0dan\u00e9 oblasti zhotovov\u00e1ny v\u00a0kontinu\u00e1ln\u00ed n\u00e1vaznosti na situaci sledovanou v\u00a0p\u0159edch\u00e1zej\u00edc\u00ed \u010dasov\u00e9 vrstv\u011b v\u00a0jednotliv\u00fdch rodin\u00e1ch, podom\u00e1cku, a to jak individu\u00e1ln\u011b, tak krajk\u00e1\u0159kami a\u00a0krajk\u00e1\u0159i soust\u0159ed\u011bn\u00fdmi v\u00a0dru\u017estvech.\u00a0 V\u00fdrob\u011b krajek se mnohdy v\u011bnovaly cel\u00e9 rodiny od mal\u00fdch d\u011bt\u00ed, p\u0159es jejich rodi\u010de a\u017e po prarodi\u010de. Dru\u017estva zakl\u00e1dali v\u00fdrobci krajek ve snaze o nez\u00e1vislost na obchodn\u00edc\u00edch s\u00a0krajkami. Prvn\u00ed bylo zalo\u017eeno v\u00a0roce 1922 v\u00a0Sopotnici. Z\u00e1hy v\u0161ak zaniklo. Dal\u0161\u00ed sopotnick\u00e9 dru\u017estvo vzniklo v\u00a0polovin\u011b dvac\u00e1t\u00fdch let. Zaniklo ve t\u0159ic\u00e1t\u00fdch letech.<\/p>\n<p>Av\u0161ak tak\u00e9 obchodn\u00edci s\u00a0krajkami se organizovali. V\u00a0prvn\u00ed polovin\u011b 20. stolet\u00ed existoval ve Vamberku Odbor obchodn\u00edk\u016f s\u00a0pali\u010dkovan\u00fdmi krajkami, jeho\u017e \u010dleny byli obchodn\u00edci a\u00a0obchodnice z\u00a0Vamberka, \u017damberka, z\u00a0Rybn\u00e9 nad Zdobnic\u00ed a\u00a0Rychnova nad Kn\u011b\u017enou. Krajky z\u00a0Orlick\u00fdch hor a\u00a0Podorlicka byly jejich z\u00e1sluhou vyv\u00e1\u017eeny\u00a0na Moravu a\u00a0na Slovensko a\u00a0pravd\u011bpodobn\u011b i\u00a0do dal\u0161\u00edch zem\u00ed. Odbor po roce 1945 zanikl<em>.<\/em><\/p>\n<p>V\u00a0dan\u00e9 \u010dasov\u00e9 vrstv\u011b se d\u00e1le rozv\u00edjela strojn\u00ed v\u00fdroba krajek. Byly vyr\u00e1b\u011bny v drobn\u00fdch dom\u00e1c\u00edch provozovn\u00e1ch s\u00a0pali\u010dkovac\u00edmi stroji a od t\u0159ic\u00e1t\u00fdch let 20. stolet\u00ed, vedle Bedn\u00e1\u0159ovy vambereck\u00e9 tov\u00e1rny, i ve strojn\u00ed krajk\u00e1rn\u011b vybudovan\u00e9 firmou \u201eAnton\u00edn Koblic, V\u00fdroba krajek a z\u00e1clon ve Vamberku\u201c v\u00a0Rychnov\u011b nad Kn\u011b\u017enou.<\/p>\n<p><strong>T\u0159et\u00ed \u010dasov\u00e1 vrstva<\/strong> odpov\u00edd\u00e1 let\u016fm 1946-1989. Krajk\u00e1\u0159skou tradici na Vamberecku ovlivnil pov\u00e1le\u010dn\u00fd odsun n\u011bmeck\u00e9ho obyvatelstva. Zmizely star\u00e9 vzory, podvinky. Negativn\u011b se v n\u00ed projevil tak\u00e9 zn\u00e1rod\u0148ovac\u00ed proces. Po druh\u00e9 sv\u011btov\u00e9 v\u00e1lce byla Bedn\u00e1\u0159ova vambereck\u00e1 strojn\u00ed krajk\u00e1rna za\u010dlen\u011bna do n\u00e1rodn\u00edho podniku Tylex, Letovice a pozd\u011bji zru\u0161ena. Zlikvidov\u00e1na byla tak\u00e9 strojn\u00ed krajk\u00e1rna firmy Koblic v\u00a0Rychnov\u011b nad Kn\u011b\u017enou.<\/p>\n<p>Ve snaze v\u00fdrobu krajek na Vamberecku udr\u017eet, vyu\u017e\u00edt potenci\u00e1l krajk\u00e1\u0159ek z\u00a0regionu, bylo v\u00a0roce 1946 zalo\u017eeno krajk\u00e1\u0159sk\u00e9 dru\u017estvo Vambereck\u00e1 krajka, Vamberk (VKV). V\u00a0dob\u00e1ch nejv\u011bt\u0161\u00edho rozkv\u011btu, v\u00a080. letech 20. stolet\u00ed, zam\u011bstn\u00e1valo a\u017e 400 krajk\u00e1\u0159ek.<a href=\"#_ftn7\" name=\"_ftnref7\">[7]<\/a> Dru\u017estvo spolupracovalo i s\u00a0krajk\u00e1\u0159kami-v\u00fdtvarnicemi, a to s\u00a0t\u011bmi, kter\u00e9 poch\u00e1zely z\u00a0regionu i mimo n\u011bj.<a href=\"#_ftn8\" name=\"_ftnref8\">[8]<\/a><\/p>\n<p>Bylo usilov\u00e1no rovn\u011b\u017e o udr\u017een\u00ed krajk\u00e1\u0159sk\u00e9ho \u0161kolstv\u00ed v\u00a0oblasti. Po\u00a0roce 1919 v oblasti spadaly pod St\u00e1tn\u00ed \u00fastav \u0161kolsk\u00fd pro dom\u00e1ck\u00fd pr\u016fmysl se s\u00eddlem v\u00a0Praze Krajk\u00e1\u0159sk\u00e1 \u0161kola ve Vamberku a\u00a0kurzy v Chocni, Neko\u0159i, Pastvin\u00e1ch, Pot\u0161tejn\u011b, Rokytnici v\u00a0Orlick\u00fdch hor\u00e1ch, Rybn\u00e9 nad Zdobnic\u00ed\/N\u011bmeck\u00e9 Rybn\u00e9, Slatin\u011b nad Zdobnic\u00ed, \u017damberku. Po druh\u00e9 sv\u011btov\u00e9 v\u00e1lce se krajce ji\u017e nevyu\u010dovalo v\u00a0Neko\u0159i a ve Slatin\u011b nad Zdobnic\u00ed, v\u00a0Chocni se vyu\u010dovalo do roku 1947, v\u00a0Pastvin\u00e1ch, Rybn\u00e9 nad Zdobnic\u00ed \/N\u011bmeck\u00e9 Rybn\u00e9 a\u00a0v\u00a0\u017damberku do roku 1951. P\u0159ibyly kurzy v \u010cesk\u00e9 Rybn\u00e9 a Letohradu. St\u00e1tn\u00ed \u00fastav \u0161kolsk\u00fd pro dom\u00e1ck\u00fd pr\u016fmysl byl roku 1964 p\u0159ejmenov\u00e1n na \u0160kolsk\u00fd \u00fastav um\u011bleck\u00e9 v\u00fdroby v Praze. V\u00a0rozmez\u00ed let 1964\u20131999 \u0159\u00eddil v Orlick\u00fdch hor\u00e1ch a\u00a0Podorlicku krajk\u00e1\u0159skou \u0161kolu ve Vamberku a kurzy v\u00a0Letohradu, Pot\u0161tejn\u011b a\u00a0v\u00a0Rokytnici v\u00a0Orlick\u00fdch hor\u00e1ch.<\/p>\n<p>V\u00fdrazn\u011b napomohlo uchov\u00e1n\u00ed tradice a rozvoji krajk\u00e1\u0159stv\u00ed v\u00a0oblasti Muzeum krajky Vamberk (MKV), jeho\u017e p\u0159edch\u016fdcem je vambereck\u00e9 krajk\u00e1\u0159sk\u00e9 muzeum zalo\u017een\u00e9 roku 1927. V\u00a0roce 1959 tamn\u00ed m\u011bstsk\u00e9 a krajk\u00e1\u0159sk\u00e9 muzeum svoje sb\u00edrky spojily. V\u00a0roce 1976 se stalo MKV sou\u010d\u00e1st\u00ed Muzea a galerie Orlick\u00fdch hor v\u00a0Rychnov\u011b nad Kn\u011b\u017enou.<\/p>\n<p>Krajce se v\u00a0dan\u00e9 oblasti v\u011bnovala \u0159ada osob v\u00a0oblasti z\u00e1jmov\u00e9 \u010dinnosti.<\/p>\n<p><strong>Ve \u010dtvrt\u00e9 \u010dasov\u00e9 vrstv\u011b<\/strong>, po\u010d\u00ednaj\u00edc\u00ed rokem 1990, do\u0161lo k\u00a0v\u00fdrazn\u00e9mu poklesu z\u00e1jmu o produkci dru\u017estva Vambereck\u00e1 krajka, Vamberk v\u00a0souvislosti se spole\u010densk\u00fdmi a ekonomick\u00fdmi zm\u011bnami po sametov\u00e9 revoluci. Od roku 1990 hledalo dru\u017estvo nov\u00e9 uplatn\u011bn\u00ed na trhu roz\u0161\u00ed\u0159en\u00edm \u010dinnosti tak\u00e9 o zahrani\u010dn\u00ed obchod a jin\u00e9 nesourod\u00e9 \u010dinnosti. Po\u010det zam\u011bstnanc\u016f vambereck\u00e9ho dru\u017estva se razantn\u011b sn\u00ed\u017eil na jednotky osob. V roce 2002 byl na dru\u017estvo vyhl\u00e1\u0161en konkurz, kter\u00fd byl v\u00a0roce 2004 po vypo\u0159\u00e1d\u00e1n\u00ed dluh\u016f zru\u0161en. \u010cinnost dru\u017estva dosud form\u00e1ln\u011b nebyla ukon\u010dena. Pr\u00e1vn\u00edm n\u00e1stupcem dru\u017estva se stala firma Vambereck\u00e1 krajka CZ, s.r.o., kter\u00e1 je v\u0161ak v\u00a0sou\u010dasn\u00e9 dob\u011b neaktivn\u00ed.<\/p>\n<p>Dal\u0161\u00ed etapa v historii krajk\u00e1\u0159sk\u00e9ho \u0161kolstv\u00ed v\u00a0oblasti je spojena s\u00a0obdob\u00edm po roce 1999, ve kter\u00e9m byl \u0160kolsk\u00fd \u00fastav um\u011bleck\u00e9 v\u00fdroby zru\u0161en<a href=\"#_ftn9\" name=\"_ftnref9\">[9]<\/a>\u00a0a\u00a0vambereck\u00e1 krajk\u00e1\u0159sk\u00e1 \u0161kola a\u00a0kurzy v\u00a0okoln\u00edch m\u011bstech a obc\u00edch si musely naj\u00edt nov\u00e9 z\u0159izovatele. P\u0159i n\u011bkolika z\u00e1kladn\u00edch \u0161kol\u00e1ch ve sledovan\u00e9 oblasti vznikly krajk\u00e1\u0159sk\u00e9 krou\u017eky.<\/p>\n<p>V\u00a0sou\u010dasnosti je ru\u010dn\u00ed zhotovov\u00e1n\u00ed krajek na Vamberecku, v\u00a0Orlick\u00fdch hor\u00e1ch a\u00a0Podorlicku zejm\u00e9na z\u00e1jmovou \u010dinnost\u00ed, volno\u010dasovou aktivitou a\u00a0oblast\u00ed um\u011bleck\u00e9 textiln\u00ed tvorby.<\/p>\n<p>Krajce jsou v\u00a0regionu v\u011bnov\u00e1ny v\u00fdstavn\u00ed p\u0159ehl\u00eddky, setk\u00e1n\u00ed a\u00a0dal\u0161\u00ed akce. Od roku 1994 je, p\u0159edev\u0161\u00edm z\u00e1sluhou m\u011bsta Vamberk a Muzea krajky ve Vamberku, po\u0159\u00e1d\u00e1no Mezin\u00e1rodn\u00ed setk\u00e1n\u00ed krajk\u00e1\u0159ek. V\u00a0r\u00e1mci setk\u00e1n\u00ed je od roku 2002 uskute\u010d\u0148ov\u00e1na sout\u011b\u017en\u00ed p\u0159ehl\u00eddka Bien\u00e1le \u010desk\u00e9 krajky ve Vamberku. V\u00a0lich\u00fdch letech jsou ve Vamberku po\u0159\u00e1d\u00e1ny Krajk\u00e1\u0159sk\u00e9 slavnosti.<\/p>\n<hr \/>\n<p><a href=\"#_ftnref1\" name=\"_ftn1\">[1]<\/a> Panstv\u00ed bylo po Grambov\u011b smrti rozd\u011bleno na Pot\u0161tejn, Vamberk a Kostelec.<\/p>\n<p><a href=\"#_ftnref2\" name=\"_ftn2\">[2]<\/a> Dragoun, Bohum\u00edr et al.\u00a0<em>Magdalena Grambov\u00e1 \u2013 n\u00e1vrat tv\u00e1\u0159e.<\/em> Vamberk: Spolek p\u0159\u00e1tel historie Vamberka, 2021. 83 stran.\u00a0ISBN 978-80-908351-1-5.<\/p>\n<p><a href=\"#_ftnref3\" name=\"_ftn3\">[3]<\/a> Vr\u00e1nov\u00e1, Marie.\u00a0<em>Kru\u0161nohorsk\u00e1 pali\u010dkovan\u00e1 krajka<\/em>. Karlovy Vary: Krajsk\u00e9 muzeum Karlovy Vary, 2004. 40 s.\u00a0ISBN 80-239-4120-8.<\/p>\n<p><a href=\"#_ftnref4\" name=\"_ftn4\">[4]<\/a> Sieberov\u00e1, Ivana.\u00a0<em>Str\u00e1\u017eovsk\u00e9 krajk\u00e1\u0159stv\u00ed<\/em>. Klatovy: Okresn\u00ed muzeum, 1998. 44 stran.\u00a0ISBN 80-86104-11-7 a Ji\u0159\u00edkov\u00e1, Jitka.\u00a0<em>Str\u00e1\u017eovsk\u00e1 krajka<\/em>. Str\u00e1\u017eov: m\u011bsto Str\u00e1\u017eov, 2020. 66 stran.\u00a0ISBN 978-80-11-00152-0.<\/p>\n<p><a href=\"#_ftnref5\" name=\"_ftn5\">[5]<\/a> Interaktivn\u00ed mapa to dokl\u00e1d\u00e1. V\u00a0dan\u00e9 \u010dasov\u00e9 vrstv\u011b tvo\u0159\u00ed lokality spjat\u00e9 s\u00a0ru\u010dn\u00ed v\u00fdrobou krajek cca 42 % v\u0161ech lokalit (ze v\u0161ech \u010dasov\u00fdch vrstev) zachycen\u00fdch v\u00a0map\u011b (aplikace \u00fadaj\u016f, kter\u00e9 lze z\u00edskat z\u00a0ok\u00e9nka ozna\u010den\u00e9ho \u201ePo\u010det:\u201c v\u00a0lev\u00e9m horn\u00edm rohu mapy).<\/p>\n<p><a href=\"#_ftnref6\" name=\"_ftn6\">[6]<\/a> \u0160kola ve Vamberku se pod r\u016fzn\u00fdmi z\u0159izovateli, v r\u016fzn\u00fdch podob\u00e1ch a na r\u016fzn\u00fdch m\u00edstech udr\u017eela do sou\u010dasnosti, a v\u00fdrazn\u011b tak p\u0159isp\u011bla k zaji\u0161t\u011bn\u00ed kontinuity pali\u010dkov\u00e1n\u00ed v oblasti.<\/p>\n<p><a href=\"#_ftnref7\" name=\"_ftn7\">[7]<\/a> V seznamu krajk\u00e1\u0159ek pracuj\u00edc\u00edch ve\u00a0VKV nebo s\u00a0n\u00edm spolupracuj\u00edc\u00edch k 1.3.1974, deponovan\u00e9m v\u00a0Muzeu krajky Vamberk, je uvedeno 105 osob. K\u00a0tomu viz lokality pod ikonou f) krajk\u00e1\u0159sk\u00e1 dru\u017estva interaktivn\u00ed mapy, u nich\u017e je ve vyskakovac\u00edm oknu u \u0159\u00e1dku \u201e\u00dadaje poskytl\u201c uvedeno \u201eKrajk\u00e1\u0159ky spolupracuj\u00edc\u00ed s\u00a0VKV z\u00a0roku 1974\u201c.<\/p>\n<p><a href=\"#_ftnref8\" name=\"_ftn8\">[8]<\/a> K\u00a0v\u00fdznamn\u00fdm textiln\u00edm tv\u016frc\u016fm inspirovan\u00fdm krajkami z\u00a0oblasti, k\u00a0v\u00fdtvarn\u00edk\u016fm spolupracuj\u00edc\u00edm s\u00a0dru\u017estvem Vambereck\u00e1 krajka a\u00a0Vambereck\u00e1 krajka CZ s.r.o., pat\u0159ili a pat\u0159\u00ed Marie Cerbsov\u00e1, Mil\u010da Eremi\u00e1\u0161ov\u00e1<em>,\u00a0<\/em>Eva Fialov\u00e1, Emilie Frydeck\u00e1, Bohumila Gru\u0161kovsk\u00e1, Blanka Gr\u00fcnerov\u00e1, Blanka Hanu\u0161ov\u00e1, Elena Holeczyov\u00e1, Luba Krej\u010d\u00ed,Lenka Kroul\u00edkov\u00e1, Anna Kuncov\u00e1, Stanislava Losov\u00e1, Emilie Pali\u010dkov\u00e1-Mildeov\u00e1, Sv\u011btlana Pavl\u00ed\u010dkov\u00e1, Marie Poludov\u00e1-Holcov\u00e1, F. Ren\u00e1tov\u00e1, Bo\u017eena Rothmayerov\u00e1, Rudolf Richter, Jana \u0160tefkov\u00e1, Marie Va\u0148kov\u00e1-Kuchynkov\u00e1. N\u011bkter\u00e9 z\u00a0nich byly pracovnicemi \u00dast\u0159ed\u00ed lidov\u00e9 um\u011bleck\u00e9 v\u00fdroby, s\u00a0n\u00edm\u017e dru\u017estvo spolupracovalo. Vzory pro dru\u017estvo Vambereck\u00e1 krajka citliv\u011b rozkreslovala nap\u0159. Anna Kuncov\u00e1.<\/p>\n<p><a href=\"#_ftnref9\" name=\"_ftn9\">[9]<\/a> Jeho pr\u00e1vn\u00edm n\u00e1stupcem je\u00a0<a href=\"https:\/\/www.textilniskola.cz\/stredni-umelecka-skola-textilnich-remesel\/\">St\u0159edn\u00ed um\u011bleck\u00e1 \u0161kola textiln\u00edch \u0159emesel a\u00a0Vy\u0161\u0161\u00ed odborn\u00e1 \u0161kola textiln\u00edch \u0159emesel v\u00a0Praze<\/a> (SU\u0160T\u0158 a VO\u0160T\u0158 v\u00a0Praze)<\/p>\n","protected":false},"excerpt":{"rendered":"<p>Co obsahuje interaktivn\u00ed mapa? Interaktivn\u00ed mapa \u201cKrajk\u00e1\u0159sk\u00e1 tradice v \u010cR se zvl\u00e1\u0161tn\u00edm zam\u011b\u0159en\u00edm na Vamberecko od 17. stolet\u00ed po sou\u010dasnost\u201d je synt\u00e9zou kartograficky vyj\u00e1d\u0159en\u00fdch bodov\u00fdch, plo\u0161n\u00fdch informac\u00ed a souvislost\u00ed mezi &#8230;<\/p>\n","protected":false},"author":1,"featured_media":0,"parent":0,"menu_order":0,"comment_status":"closed","ping_status":"closed","template":"","meta":{"footnotes":""},"class_list":["post-2420","page","type-page","status-publish","hentry"],"_links":{"self":[{"href":"https:\/\/www.vlaknapameti.cz\/index.php?rest_route=\/wp\/v2\/pages\/2420","targetHints":{"allow":["GET"]}}],"collection":[{"href":"https:\/\/www.vlaknapameti.cz\/index.php?rest_route=\/wp\/v2\/pages"}],"about":[{"href":"https:\/\/www.vlaknapameti.cz\/index.php?rest_route=\/wp\/v2\/types\/page"}],"author":[{"embeddable":true,"href":"https:\/\/www.vlaknapameti.cz\/index.php?rest_route=\/wp\/v2\/users\/1"}],"replies":[{"embeddable":true,"href":"https:\/\/www.vlaknapameti.cz\/index.php?rest_route=%2Fwp%2Fv2%2Fcomments&post=2420"}],"version-history":[{"count":55,"href":"https:\/\/www.vlaknapameti.cz\/index.php?rest_route=\/wp\/v2\/pages\/2420\/revisions"}],"predecessor-version":[{"id":2727,"href":"https:\/\/www.vlaknapameti.cz\/index.php?rest_route=\/wp\/v2\/pages\/2420\/revisions\/2727"}],"wp:attachment":[{"href":"https:\/\/www.vlaknapameti.cz\/index.php?rest_route=%2Fwp%2Fv2%2Fmedia&parent=2420"}],"curies":[{"name":"wp","href":"https:\/\/api.w.org\/{rel}","templated":true}]}}