{"id":2409,"date":"2025-08-13T01:46:10","date_gmt":"2025-08-13T01:46:10","guid":{"rendered":"https:\/\/www.vlaknapameti.cz\/?page_id=2409"},"modified":"2025-09-12T19:27:28","modified_gmt":"2025-09-12T19:27:28","slug":"im_zakladni-skola-rokytnice-v-orlickych-horach","status":"publish","type":"page","link":"https:\/\/www.vlaknapameti.cz\/?page_id=2409","title":{"rendered":"IM: Z\u00e1kladn\u00ed \u0161kola Rokytnice v Orlick\u00fdch hor\u00e1ch"},"content":{"rendered":"<h2>Z\u00e1kladn\u00ed \u0161kola Rokytnice v Orlick\u00fdch hor\u00e1ch<\/h2>\n<p><em>(polo\u017eka interaktivn\u00ed mapy s v\u00edcero reprodukcemi)<\/em><\/p>\n<p>V\u00a0Rokytnici v\u00a0Orlick\u00fdch hor\u00e1ch z\u0159izoval \u0160kolsk\u00fd \u00fastav pro dom\u00e1ck\u00fd pr\u016fmysl krajk\u00e1\u0159sk\u00fd kurz v\u00a0letech 1919\u20131957 a v\u00a0letech 1973-1999. Z\u0159izovatel kurzu byl mezit\u00edm, v\u00a0roce 1964, p\u0159ejmenov\u00e1n na \u0160kolsk\u00fd \u00fastav um\u011bleck\u00e9 v\u00fdroby. V\u00a0roli lektorek se v\u00a0Rokytnici p\u016fsobily mimo jin\u00e9 Josefa Bat\u00edkov\u00e1-Dr\u00e1bkov\u00e1, Daniela Fitzkov\u00e1, Kristina Gallethov\u00e1, Al\u017eb\u011bta Jirkovsk\u00e1, Hedvika Modritschov\u00e1, Kate\u0159ina Schmidov\u00e1. Po zru\u0161en\u00ed kurzu za\u0161t\u00edtila v\u00fduku pali\u010dkovan\u00e9 krajky rokytnick\u00e1 z\u00e1kladn\u00ed \u0161kola, na kter\u00e9 existoval po druh\u00e9 sv\u011btov\u00e9 v\u00e1lce krajk\u00e1\u0159sk\u00fd krou\u017eek. V\u00a0\u0161edes\u00e1t\u00fdch letech se v\u00a0n\u011bm d\u011btem v\u011bnovala Josefa Bat\u00edkov\u00e1-Dr\u00e1bkov\u00e1, lektorka rokytnick\u00e9ho krajk\u00e1\u0159sk\u00e9ho kurzu. V\u00a0sou\u010dasn\u00e9 dob\u011b vede \u0161kola\u010dky v\u00a0krajk\u00e1\u0159sk\u00e9m krou\u017eku Vladim\u00edra Hlou\u0161kov\u00e1 a Daniela Fitzkov\u00e1, kter\u00e1 ji\u017e p\u0159edt\u00edm p\u016fsobila v\u00a0Rokytnici jako lektorka zm\u00edn\u011bn\u00e9ho kurzu.<\/p>\n<figure id=\"attachment_2291\" aria-describedby=\"caption-attachment-2291\" style=\"width: 800px\" class=\"wp-caption alignleft\"><img loading=\"lazy\" decoding=\"async\" class=\" wp-image-2291\" src=\"https:\/\/www.vlaknapameti.cz\/wp-content\/uploads\/1332va-768x1024.jpg\" alt=\"Z u\u010debny (d\u00edlny) krajk\u00e1\u0159sk\u00e9ho krou\u017eku p\u0159i Z\u0160 Rokytnice v Orlick\u00fdch hor\u00e1ch (2024)\" width=\"800\" height=\"1067\" srcset=\"https:\/\/www.vlaknapameti.cz\/wp-content\/uploads\/1332va-768x1024.jpg 768w, https:\/\/www.vlaknapameti.cz\/wp-content\/uploads\/1332va-225x300.jpg 225w, https:\/\/www.vlaknapameti.cz\/wp-content\/uploads\/1332va-1152x1536.jpg 1152w, https:\/\/www.vlaknapameti.cz\/wp-content\/uploads\/1332va.jpg 1200w\" sizes=\"auto, (max-width: 800px) 100vw, 800px\" \/><figcaption id=\"caption-attachment-2291\" class=\"wp-caption-text\">Z u\u010debny (d\u00edlny) krajk\u00e1\u0159sk\u00e9ho krou\u017eku p\u0159i Z\u0160 Rokytnice v Orlick\u00fdch hor\u00e1ch (2024)<\/figcaption><\/figure>\n<figure id=\"attachment_2292\" aria-describedby=\"caption-attachment-2292\" style=\"width: 800px\" class=\"wp-caption alignleft\"><img loading=\"lazy\" decoding=\"async\" class=\"size-large wp-image-2292\" src=\"https:\/\/www.vlaknapameti.cz\/wp-content\/uploads\/1332vb-1024x576.jpg\" alt=\"Z u\u010debny (d\u00edlny) krajk\u00e1\u0159sk\u00e9ho krou\u017eku p\u0159i Z\u0160 Rokytnice v Orlick\u00fdch hor\u00e1ch (2024)\" width=\"800\" height=\"450\" srcset=\"https:\/\/www.vlaknapameti.cz\/wp-content\/uploads\/1332vb-1024x576.jpg 1024w, https:\/\/www.vlaknapameti.cz\/wp-content\/uploads\/1332vb-300x169.jpg 300w, https:\/\/www.vlaknapameti.cz\/wp-content\/uploads\/1332vb-768x432.jpg 768w, https:\/\/www.vlaknapameti.cz\/wp-content\/uploads\/1332vb.jpg 1200w\" sizes=\"auto, (max-width: 800px) 100vw, 800px\" \/><figcaption id=\"caption-attachment-2292\" class=\"wp-caption-text\">Z u\u010debny (d\u00edlny) krajk\u00e1\u0159sk\u00e9ho krou\u017eku p\u0159i Z\u0160 Rokytnice v Orlick\u00fdch hor\u00e1ch (2024)<\/figcaption><\/figure>\n<figure id=\"attachment_2293\" aria-describedby=\"caption-attachment-2293\" style=\"width: 800px\" class=\"wp-caption alignleft\"><img loading=\"lazy\" decoding=\"async\" class=\"size-large wp-image-2293\" src=\"https:\/\/www.vlaknapameti.cz\/wp-content\/uploads\/1332vc-1024x576.jpg\" alt=\"Z u\u010debny (d\u00edlny) krajk\u00e1\u0159sk\u00e9ho krou\u017eku p\u0159i Z\u0160 Rokytnice v Orlick\u00fdch hor\u00e1ch (2024)\" width=\"800\" height=\"450\" srcset=\"https:\/\/www.vlaknapameti.cz\/wp-content\/uploads\/1332vc-1024x576.jpg 1024w, https:\/\/www.vlaknapameti.cz\/wp-content\/uploads\/1332vc-300x169.jpg 300w, https:\/\/www.vlaknapameti.cz\/wp-content\/uploads\/1332vc-768x432.jpg 768w, https:\/\/www.vlaknapameti.cz\/wp-content\/uploads\/1332vc.jpg 1200w\" sizes=\"auto, (max-width: 800px) 100vw, 800px\" \/><figcaption id=\"caption-attachment-2293\" class=\"wp-caption-text\">Z u\u010debny (d\u00edlny) krajk\u00e1\u0159sk\u00e9ho krou\u017eku p\u0159i Z\u0160 Rokytnice v Orlick\u00fdch hor\u00e1ch (2024)<\/figcaption><\/figure>\n<figure id=\"attachment_2294\" aria-describedby=\"caption-attachment-2294\" style=\"width: 800px\" class=\"wp-caption alignleft\"><img loading=\"lazy\" decoding=\"async\" class=\"size-large wp-image-2294\" src=\"https:\/\/www.vlaknapameti.cz\/wp-content\/uploads\/1332vd-1024x614.jpg\" alt=\"Z u\u010debny (d\u00edlny) krajk\u00e1\u0159sk\u00e9ho krou\u017eku p\u0159i Z\u0160 Rokytnice v Orlick\u00fdch hor\u00e1ch (2024)\" width=\"800\" height=\"480\" srcset=\"https:\/\/www.vlaknapameti.cz\/wp-content\/uploads\/1332vd-1024x614.jpg 1024w, https:\/\/www.vlaknapameti.cz\/wp-content\/uploads\/1332vd-300x180.jpg 300w, https:\/\/www.vlaknapameti.cz\/wp-content\/uploads\/1332vd-768x461.jpg 768w, https:\/\/www.vlaknapameti.cz\/wp-content\/uploads\/1332vd.jpg 1200w\" sizes=\"auto, (max-width: 800px) 100vw, 800px\" \/><figcaption id=\"caption-attachment-2294\" class=\"wp-caption-text\">Z u\u010debny (d\u00edlny) krajk\u00e1\u0159sk\u00e9ho krou\u017eku p\u0159i Z\u0160 Rokytnice v Orlick\u00fdch hor\u00e1ch (2024)<\/figcaption><\/figure>\n<figure id=\"attachment_2295\" aria-describedby=\"caption-attachment-2295\" style=\"width: 800px\" class=\"wp-caption alignleft\"><img loading=\"lazy\" decoding=\"async\" class=\"size-large wp-image-2295\" src=\"https:\/\/www.vlaknapameti.cz\/wp-content\/uploads\/1332ve-1024x576.jpg\" alt=\"Z u\u010debny (d\u00edlny) krajk\u00e1\u0159sk\u00e9ho krou\u017eku p\u0159i Z\u0160 Rokytnice v Orlick\u00fdch hor\u00e1ch (2024)\" width=\"800\" height=\"450\" srcset=\"https:\/\/www.vlaknapameti.cz\/wp-content\/uploads\/1332ve-1024x576.jpg 1024w, https:\/\/www.vlaknapameti.cz\/wp-content\/uploads\/1332ve-300x169.jpg 300w, https:\/\/www.vlaknapameti.cz\/wp-content\/uploads\/1332ve-768x432.jpg 768w, https:\/\/www.vlaknapameti.cz\/wp-content\/uploads\/1332ve.jpg 1200w\" sizes=\"auto, (max-width: 800px) 100vw, 800px\" \/><figcaption id=\"caption-attachment-2295\" class=\"wp-caption-text\">Z u\u010debny (d\u00edlny) krajk\u00e1\u0159sk\u00e9ho krou\u017eku p\u0159i Z\u0160 Rokytnice v Orlick\u00fdch hor\u00e1ch (2024)<\/figcaption><\/figure>\n<figure id=\"attachment_2296\" aria-describedby=\"caption-attachment-2296\" style=\"width: 794px\" class=\"wp-caption alignleft\"><img loading=\"lazy\" decoding=\"async\" class=\"size-large wp-image-2296\" src=\"https:\/\/www.vlaknapameti.cz\/wp-content\/uploads\/1332vf-794x1024.jpg\" alt=\"Z u\u010debny (d\u00edlny) krajk\u00e1\u0159sk\u00e9ho krou\u017eku p\u0159i Z\u0160 Rokytnice v Orlick\u00fdch hor\u00e1ch (2024)\" width=\"794\" height=\"1024\" srcset=\"https:\/\/www.vlaknapameti.cz\/wp-content\/uploads\/1332vf-794x1024.jpg 794w, https:\/\/www.vlaknapameti.cz\/wp-content\/uploads\/1332vf-233x300.jpg 233w, https:\/\/www.vlaknapameti.cz\/wp-content\/uploads\/1332vf-768x990.jpg 768w, https:\/\/www.vlaknapameti.cz\/wp-content\/uploads\/1332vf-1191x1536.jpg 1191w, https:\/\/www.vlaknapameti.cz\/wp-content\/uploads\/1332vf.jpg 1200w\" sizes=\"auto, (max-width: 794px) 100vw, 794px\" \/><figcaption id=\"caption-attachment-2296\" class=\"wp-caption-text\">Z u\u010debny (d\u00edlny) krajk\u00e1\u0159sk\u00e9ho krou\u017eku p\u0159i Z\u0160 Rokytnice v Orlick\u00fdch hor\u00e1ch (2024)<\/figcaption><\/figure>\n<figure id=\"attachment_2297\" aria-describedby=\"caption-attachment-2297\" style=\"width: 800px\" class=\"wp-caption alignleft\"><img loading=\"lazy\" decoding=\"async\" class=\"size-large wp-image-2297\" src=\"https:\/\/www.vlaknapameti.cz\/wp-content\/uploads\/1332vh-1024x830.jpg\" alt=\"Z u\u010debny (d\u00edlny) krajk\u00e1\u0159sk\u00e9ho krou\u017eku p\u0159i Z\u0160 Rokytnice v Orlick\u00fdch hor\u00e1ch (2024)\" width=\"800\" height=\"648\" srcset=\"https:\/\/www.vlaknapameti.cz\/wp-content\/uploads\/1332vh-1024x830.jpg 1024w, https:\/\/www.vlaknapameti.cz\/wp-content\/uploads\/1332vh-300x243.jpg 300w, https:\/\/www.vlaknapameti.cz\/wp-content\/uploads\/1332vh-768x623.jpg 768w, https:\/\/www.vlaknapameti.cz\/wp-content\/uploads\/1332vh.jpg 1200w\" sizes=\"auto, (max-width: 800px) 100vw, 800px\" \/><figcaption id=\"caption-attachment-2297\" class=\"wp-caption-text\">Z u\u010debny (d\u00edlny) krajk\u00e1\u0159sk\u00e9ho krou\u017eku p\u0159i Z\u0160 Rokytnice v Orlick\u00fdch hor\u00e1ch (2024)<\/figcaption><\/figure>\n<figure id=\"attachment_2298\" aria-describedby=\"caption-attachment-2298\" style=\"width: 800px\" class=\"wp-caption alignleft\"><img loading=\"lazy\" decoding=\"async\" class=\"size-large wp-image-2298\" src=\"https:\/\/www.vlaknapameti.cz\/wp-content\/uploads\/1332vj-1024x542.jpg\" alt=\"Z u\u010debny (d\u00edlny) krajk\u00e1\u0159sk\u00e9ho krou\u017eku p\u0159i Z\u0160 Rokytnice v Orlick\u00fdch hor\u00e1ch (2024)\" width=\"800\" height=\"423\" srcset=\"https:\/\/www.vlaknapameti.cz\/wp-content\/uploads\/1332vj-1024x542.jpg 1024w, https:\/\/www.vlaknapameti.cz\/wp-content\/uploads\/1332vj-300x159.jpg 300w, https:\/\/www.vlaknapameti.cz\/wp-content\/uploads\/1332vj-768x406.jpg 768w, https:\/\/www.vlaknapameti.cz\/wp-content\/uploads\/1332vj.jpg 1200w\" sizes=\"auto, (max-width: 800px) 100vw, 800px\" \/><figcaption id=\"caption-attachment-2298\" class=\"wp-caption-text\">Z u\u010debny (d\u00edlny) krajk\u00e1\u0159sk\u00e9ho krou\u017eku p\u0159i Z\u0160 Rokytnice v Orlick\u00fdch hor\u00e1ch (2024)<\/figcaption><\/figure>\n","protected":false},"excerpt":{"rendered":"<p>Z\u00e1kladn\u00ed \u0161kola Rokytnice v Orlick\u00fdch hor\u00e1ch (polo\u017eka interaktivn\u00ed mapy s v\u00edcero reprodukcemi) V\u00a0Rokytnici v\u00a0Orlick\u00fdch hor\u00e1ch z\u0159izoval \u0160kolsk\u00fd \u00fastav pro dom\u00e1ck\u00fd pr\u016fmysl krajk\u00e1\u0159sk\u00fd kurz v\u00a0letech 1919\u20131957 a v\u00a0letech 1973-1999. Z\u0159izovatel kurzu &#8230;<\/p>\n","protected":false},"author":1,"featured_media":0,"parent":0,"menu_order":0,"comment_status":"closed","ping_status":"closed","template":"","meta":{"footnotes":""},"class_list":["post-2409","page","type-page","status-publish","hentry"],"_links":{"self":[{"href":"https:\/\/www.vlaknapameti.cz\/index.php?rest_route=\/wp\/v2\/pages\/2409","targetHints":{"allow":["GET"]}}],"collection":[{"href":"https:\/\/www.vlaknapameti.cz\/index.php?rest_route=\/wp\/v2\/pages"}],"about":[{"href":"https:\/\/www.vlaknapameti.cz\/index.php?rest_route=\/wp\/v2\/types\/page"}],"author":[{"embeddable":true,"href":"https:\/\/www.vlaknapameti.cz\/index.php?rest_route=\/wp\/v2\/users\/1"}],"replies":[{"embeddable":true,"href":"https:\/\/www.vlaknapameti.cz\/index.php?rest_route=%2Fwp%2Fv2%2Fcomments&post=2409"}],"version-history":[{"count":2,"href":"https:\/\/www.vlaknapameti.cz\/index.php?rest_route=\/wp\/v2\/pages\/2409\/revisions"}],"predecessor-version":[{"id":2757,"href":"https:\/\/www.vlaknapameti.cz\/index.php?rest_route=\/wp\/v2\/pages\/2409\/revisions\/2757"}],"wp:attachment":[{"href":"https:\/\/www.vlaknapameti.cz\/index.php?rest_route=%2Fwp%2Fv2%2Fmedia&parent=2409"}],"curies":[{"name":"wp","href":"https:\/\/api.w.org\/{rel}","templated":true}]}}