{"id":2406,"date":"2025-08-13T01:40:48","date_gmt":"2025-08-13T01:40:48","guid":{"rendered":"https:\/\/www.vlaknapameti.cz\/?page_id=2406"},"modified":"2025-09-12T19:27:04","modified_gmt":"2025-09-12T19:27:04","slug":"im_zakladni-skola-a-materska-skola-slatina-nad-zdobnici","status":"publish","type":"page","link":"https:\/\/www.vlaknapameti.cz\/?page_id=2406","title":{"rendered":"IM: Z\u00e1kladn\u00ed \u0161kola a mate\u0159sk\u00e1 \u0161kola Slatina nad Zdobnic\u00ed"},"content":{"rendered":"<h2>Z\u00e1kladn\u00ed \u0161kola a mate\u0159sk\u00e1 \u0161kola Slatina nad Zdobnic\u00ed<\/h2>\n<p><em>(polo\u017eka interaktivn\u00ed mapy s v\u00edcero reprodukcemi)<\/em><\/p>\n<p>Ve Slatin\u011b nad Zdobnic\u00ed z\u0159\u00eddil \u0160kolsk\u00fd \u00fastav pro dom\u00e1ck\u00fd pr\u016fmysl krajk\u00e1\u0159sk\u00fd kurz po roce 1918. Kurz zanikl v\u00a0roce 1945. Po druh\u00e9 sv\u011btov\u00e9 v\u00e1lce existoval p\u0159i slatinsk\u00e9 \u0161kole krajk\u00e1\u0159sk\u00fd krou\u017eek. \u00dasp\u011b\u0161n\u00fd byl v\u00a0sedmdes\u00e1t\u00fdch a osmdes\u00e1t\u00fdch letech 20. stolet\u00ed. D\u011btem v\u00a0krou\u017eku se tehdy v\u011bnovala zejm\u00e9na Milu\u0161e H\u00e1jkov\u00e1-Bene\u0161ov\u00e1, \u0159editelka slatinsk\u00e9 mate\u0159sk\u00e9 \u0161koly. P\u0159edlohy \u201ekrajkov\u00fdch obr\u00e1zk\u016f\u201c pro \u017e\u00e1kyn\u011b navrhoval u\u010ditel v\u00fdtvarn\u00e9 v\u00fdchovy a dal\u0161\u00edch p\u0159edm\u011bt\u016f Jan Lakmayer. \u010clenky krou\u017eku byly \u00fasp\u011b\u0161n\u00e9 v\u00a0\u0159ad\u011b sout\u011b\u017e\u00ed. Pozd\u011bji zasv\u011bcovala do taj\u016f pali\u010dkovan\u00e9 krajky \u0161kola\u010dky ve Slatin\u011b nad Zdobnic\u00ed nap\u0159\u00edklad Daniela Fitzkov\u00e1, Pavla Trojanov\u00e1 a dal\u0161\u00ed krajk\u00e1\u0159ky.<\/p>\n<figure id=\"attachment_2319\" aria-describedby=\"caption-attachment-2319\" style=\"width: 800px\" class=\"wp-caption alignleft\"><img loading=\"lazy\" decoding=\"async\" class=\"size-large wp-image-2319\" src=\"https:\/\/www.vlaknapameti.cz\/wp-content\/uploads\/1331w-1024x744.jpg\" alt=\"Z dokumentace \u010dinnosti krajk\u00e1\u0159sk\u00e9ho krou\u017eku p\u0159i Z\u0160 a M\u0160 ve Slatin\u011b nad Zdobnic\u00ed (70. l\u00e9ta 20. stol.)\" width=\"800\" height=\"581\" srcset=\"https:\/\/www.vlaknapameti.cz\/wp-content\/uploads\/1331w-1024x744.jpg 1024w, https:\/\/www.vlaknapameti.cz\/wp-content\/uploads\/1331w-300x218.jpg 300w, https:\/\/www.vlaknapameti.cz\/wp-content\/uploads\/1331w-768x558.jpg 768w, https:\/\/www.vlaknapameti.cz\/wp-content\/uploads\/1331w-1536x1116.jpg 1536w, https:\/\/www.vlaknapameti.cz\/wp-content\/uploads\/1331w.jpg 1920w\" sizes=\"auto, (max-width: 800px) 100vw, 800px\" \/><figcaption id=\"caption-attachment-2319\" class=\"wp-caption-text\">Z dokumentace \u010dinnosti krajk\u00e1\u0159sk\u00e9ho krou\u017eku p\u0159i Z\u0160 a M\u0160 ve Slatin\u011b nad Zdobnic\u00ed (70. l\u00e9ta 20. stol.)<\/figcaption><\/figure>\n<figure id=\"attachment_2320\" aria-describedby=\"caption-attachment-2320\" style=\"width: 800px\" class=\"wp-caption alignnone\"><img loading=\"lazy\" decoding=\"async\" class=\" wp-image-2320\" src=\"https:\/\/www.vlaknapameti.cz\/wp-content\/uploads\/1331wa-744x1024.jpg\" alt=\"Z dokumentace \u010dinnosti krajk\u00e1\u0159sk\u00e9ho krou\u017eku p\u0159i Z\u0160 a M\u0160 ve Slatin\u011b nad Zdobnic\u00ed (70. l\u00e9ta 20. stol.)\" width=\"800\" height=\"1101\" srcset=\"https:\/\/www.vlaknapameti.cz\/wp-content\/uploads\/1331wa-744x1024.jpg 744w, https:\/\/www.vlaknapameti.cz\/wp-content\/uploads\/1331wa-218x300.jpg 218w, https:\/\/www.vlaknapameti.cz\/wp-content\/uploads\/1331wa-768x1057.jpg 768w, https:\/\/www.vlaknapameti.cz\/wp-content\/uploads\/1331wa-1116x1536.jpg 1116w, https:\/\/www.vlaknapameti.cz\/wp-content\/uploads\/1331wa-1488x2048.jpg 1488w, https:\/\/www.vlaknapameti.cz\/wp-content\/uploads\/1331wa-scaled.jpg 1860w\" sizes=\"auto, (max-width: 800px) 100vw, 800px\" \/><figcaption id=\"caption-attachment-2320\" class=\"wp-caption-text\">Z dokumentace \u010dinnosti krajk\u00e1\u0159sk\u00e9ho krou\u017eku p\u0159i Z\u0160 a M\u0160 ve Slatin\u011b nad Zdobnic\u00ed (70. l\u00e9ta 20. stol.)<\/figcaption><\/figure>\n<figure id=\"attachment_2322\" aria-describedby=\"caption-attachment-2322\" style=\"width: 807px\" class=\"wp-caption alignnone\"><img loading=\"lazy\" decoding=\"async\" class=\" wp-image-2322\" src=\"https:\/\/www.vlaknapameti.cz\/wp-content\/uploads\/1331wc-1024x744.jpg\" alt=\"Z dokumentace \u010dinnosti krajk\u00e1\u0159sk\u00e9ho krou\u017eku p\u0159i Z\u0160 a M\u0160 ve Slatin\u011b nad Zdobnic\u00ed (70. l\u00e9ta 20. stol.)\" width=\"807\" height=\"586\" srcset=\"https:\/\/www.vlaknapameti.cz\/wp-content\/uploads\/1331wc-1024x744.jpg 1024w, https:\/\/www.vlaknapameti.cz\/wp-content\/uploads\/1331wc-300x218.jpg 300w, https:\/\/www.vlaknapameti.cz\/wp-content\/uploads\/1331wc-768x558.jpg 768w, https:\/\/www.vlaknapameti.cz\/wp-content\/uploads\/1331wc-1536x1116.jpg 1536w, https:\/\/www.vlaknapameti.cz\/wp-content\/uploads\/1331wc.jpg 1920w\" sizes=\"auto, (max-width: 807px) 100vw, 807px\" \/><figcaption id=\"caption-attachment-2322\" class=\"wp-caption-text\">Z dokumentace \u010dinnosti krajk\u00e1\u0159sk\u00e9ho krou\u017eku p\u0159i Z\u0160 a M\u0160 ve Slatin\u011b nad Zdobnic\u00ed (70. l\u00e9ta 20. stol.)<\/figcaption><\/figure>\n<figure id=\"attachment_2288\" aria-describedby=\"caption-attachment-2288\" style=\"width: 808px\" class=\"wp-caption alignleft\"><img loading=\"lazy\" decoding=\"async\" class=\" wp-image-2288\" src=\"https:\/\/www.vlaknapameti.cz\/wp-content\/uploads\/1331vb-e1756297234497-744x1024.jpg\" alt=\"Z dokumentace \u010dinnosti krajk\u00e1\u0159sk\u00e9ho krou\u017eku p\u0159i Z\u0160 a M\u0160 ve Slatin\u011b nad Zdobnic\u00ed (70. l\u00e9ta 20. stol.)\" width=\"808\" height=\"1112\" srcset=\"https:\/\/www.vlaknapameti.cz\/wp-content\/uploads\/1331vb-e1756297234497-744x1024.jpg 744w, https:\/\/www.vlaknapameti.cz\/wp-content\/uploads\/1331vb-e1756297234497-218x300.jpg 218w, https:\/\/www.vlaknapameti.cz\/wp-content\/uploads\/1331vb-e1756297234497-768x1057.jpg 768w, https:\/\/www.vlaknapameti.cz\/wp-content\/uploads\/1331vb-e1756297234497.jpg 872w\" sizes=\"auto, (max-width: 808px) 100vw, 808px\" \/><figcaption id=\"caption-attachment-2288\" class=\"wp-caption-text\">Z dokumentace \u010dinnosti krajk\u00e1\u0159sk\u00e9ho krou\u017eku p\u0159i Z\u0160 a M\u0160 ve Slatin\u011b nad Zdobnic\u00ed (70. l\u00e9ta 20. stol.)<\/figcaption><\/figure>\n<figure id=\"attachment_2323\" aria-describedby=\"caption-attachment-2323\" style=\"width: 807px\" class=\"wp-caption alignnone\"><img loading=\"lazy\" decoding=\"async\" class=\" wp-image-2323\" src=\"https:\/\/www.vlaknapameti.cz\/wp-content\/uploads\/1331wd-1024x744.jpg\" alt=\"Z dokumentace \u010dinnosti krajk\u00e1\u0159sk\u00e9ho krou\u017eku p\u0159i Z\u0160 a M\u0160 ve Slatin\u011b nad Zdobnic\u00ed (70. l\u00e9ta 20. stol.)\" width=\"807\" height=\"586\" srcset=\"https:\/\/www.vlaknapameti.cz\/wp-content\/uploads\/1331wd-1024x744.jpg 1024w, https:\/\/www.vlaknapameti.cz\/wp-content\/uploads\/1331wd-300x218.jpg 300w, https:\/\/www.vlaknapameti.cz\/wp-content\/uploads\/1331wd-768x558.jpg 768w, https:\/\/www.vlaknapameti.cz\/wp-content\/uploads\/1331wd-1536x1116.jpg 1536w, https:\/\/www.vlaknapameti.cz\/wp-content\/uploads\/1331wd.jpg 1920w\" sizes=\"auto, (max-width: 807px) 100vw, 807px\" \/><figcaption id=\"caption-attachment-2323\" class=\"wp-caption-text\">Z dokumentace \u010dinnosti krajk\u00e1\u0159sk\u00e9ho krou\u017eku p\u0159i Z\u0160 a M\u0160 ve Slatin\u011b nad Zdobnic\u00ed (70. l\u00e9ta 20. stol.)<\/figcaption><\/figure>\n<p><img loading=\"lazy\" decoding=\"async\" class=\"\" src=\"https:\/\/d48-a.sdn.cz\/d_48\/c_img_E_D\/rFWQFR.jpeg\" alt=\"Z\u0160 a M\u0160 Slatina nad Zdobnic\u00ed\" width=\"800\" height=\"600\" \/><br \/>\nZ\u0160 a M\u0160 Slatina nad Zdobnic\u00ed, foto od vlastn\u00edka nemovitosti<\/p>\n","protected":false},"excerpt":{"rendered":"<p>Z\u00e1kladn\u00ed \u0161kola a mate\u0159sk\u00e1 \u0161kola Slatina nad Zdobnic\u00ed (polo\u017eka interaktivn\u00ed mapy s v\u00edcero reprodukcemi) Ve Slatin\u011b nad Zdobnic\u00ed z\u0159\u00eddil \u0160kolsk\u00fd \u00fastav pro dom\u00e1ck\u00fd pr\u016fmysl krajk\u00e1\u0159sk\u00fd kurz po roce 1918. Kurz &#8230;<\/p>\n","protected":false},"author":1,"featured_media":0,"parent":0,"menu_order":0,"comment_status":"closed","ping_status":"closed","template":"","meta":{"footnotes":""},"class_list":["post-2406","page","type-page","status-publish","hentry"],"_links":{"self":[{"href":"https:\/\/www.vlaknapameti.cz\/index.php?rest_route=\/wp\/v2\/pages\/2406","targetHints":{"allow":["GET"]}}],"collection":[{"href":"https:\/\/www.vlaknapameti.cz\/index.php?rest_route=\/wp\/v2\/pages"}],"about":[{"href":"https:\/\/www.vlaknapameti.cz\/index.php?rest_route=\/wp\/v2\/types\/page"}],"author":[{"embeddable":true,"href":"https:\/\/www.vlaknapameti.cz\/index.php?rest_route=\/wp\/v2\/users\/1"}],"replies":[{"embeddable":true,"href":"https:\/\/www.vlaknapameti.cz\/index.php?rest_route=%2Fwp%2Fv2%2Fcomments&post=2406"}],"version-history":[{"count":7,"href":"https:\/\/www.vlaknapameti.cz\/index.php?rest_route=\/wp\/v2\/pages\/2406\/revisions"}],"predecessor-version":[{"id":2755,"href":"https:\/\/www.vlaknapameti.cz\/index.php?rest_route=\/wp\/v2\/pages\/2406\/revisions\/2755"}],"wp:attachment":[{"href":"https:\/\/www.vlaknapameti.cz\/index.php?rest_route=%2Fwp%2Fv2%2Fmedia&parent=2406"}],"curies":[{"name":"wp","href":"https:\/\/api.w.org\/{rel}","templated":true}]}}