{"id":2404,"date":"2025-08-13T01:34:45","date_gmt":"2025-08-13T01:34:45","guid":{"rendered":"https:\/\/www.vlaknapameti.cz\/?page_id=2404"},"modified":"2025-09-12T19:27:17","modified_gmt":"2025-09-12T19:27:17","slug":"im_zakladni-skola-ceska-rybna","status":"publish","type":"page","link":"https:\/\/www.vlaknapameti.cz\/?page_id=2404","title":{"rendered":"IM: Z\u00e1kladn\u00ed \u0161kola \u010cesk\u00e1 Rybn\u00e1"},"content":{"rendered":"<h1>Z\u00e1kladn\u00ed \u0161kola \u010cesk\u00e1 Rybn\u00e1, \u010d.p. 141<\/h1>\n<p><em>(polo\u017eka interaktivn\u00ed mapy s v\u00edcero reprodukcemi)<\/em><\/p>\n<p>V\u00a0\u010cesk\u00e9 Rybn\u00e9 existoval krajk\u00e1\u0159sk\u00fd kurz z\u0159izovan\u00fd \u0160kolsk\u00fdm \u00fastavem pro dom\u00e1ck\u00fd pr\u016fmysl v\u00a0letech 1949-1959. K\u00a0inici\u00e1tor\u016fm jeho vzniku pat\u0159ilo z\u0159ejm\u011b i dru\u017estvo Vambereck\u00e1 krajka Vamberk, kter\u00e9 usilovalo o udr\u017een\u00ed krajk\u00e1\u0159sk\u00e9 tradice v Podorlicku. V\u00a0kurzu p\u016fsobily lektorky Marie Schejbalov\u00e1 (do roku 1952) a Karla Bou\u010dkov\u00e1 (1953-1957), kter\u00e1 p\u0159edt\u00edm p\u016fsobila v\u00a0krajk\u00e1\u0159sk\u00e9m kurzu v\u00a0Pastvin\u00e1ch. Posledn\u00ed lektorkou kurzu byla Anna Junkov\u00e1. V\u00a0n\u00e1sleduj\u00edc\u00edch letech existoval (a tak\u00e9 v\u00a0sou\u010dasn\u00e9 dob\u011b existuje) krajk\u00e1\u0159sk\u00fd krou\u017eek p\u0159i rybensk\u00e9 \u0161kole. Vede ho Eva Kr\u010dm\u00e1\u0159ov\u00e1.<\/p>\n<figure id=\"attachment_2314\" aria-describedby=\"caption-attachment-2314\" style=\"width: 800px\" class=\"wp-caption alignleft\"><img loading=\"lazy\" decoding=\"async\" class=\"size-large wp-image-2314\" src=\"https:\/\/www.vlaknapameti.cz\/wp-content\/uploads\/1330w-1024x576.jpg\" alt=\"\u017da\u010dky z krajk\u00e1\u0159sk\u00e9ho krou\u017eku p\u0159i Z\u0160 \u010cesk\u00e1 Rybn\u00e1\u00a0(2025)\" width=\"800\" height=\"450\" srcset=\"https:\/\/www.vlaknapameti.cz\/wp-content\/uploads\/1330w-1024x576.jpg 1024w, https:\/\/www.vlaknapameti.cz\/wp-content\/uploads\/1330w-300x169.jpg 300w, https:\/\/www.vlaknapameti.cz\/wp-content\/uploads\/1330w-768x432.jpg 768w, https:\/\/www.vlaknapameti.cz\/wp-content\/uploads\/1330w-1536x864.jpg 1536w, https:\/\/www.vlaknapameti.cz\/wp-content\/uploads\/1330w.jpg 1920w\" sizes=\"auto, (max-width: 800px) 100vw, 800px\" \/><figcaption id=\"caption-attachment-2314\" class=\"wp-caption-text\">\u017da\u010dky z krajk\u00e1\u0159sk\u00e9ho krou\u017eku p\u0159i Z\u0160 \u010cesk\u00e1 Rybn\u00e1\u00a0(2025)<\/figcaption><\/figure>\n<figure id=\"attachment_2315\" aria-describedby=\"caption-attachment-2315\" style=\"width: 800px\" class=\"wp-caption alignleft\"><img loading=\"lazy\" decoding=\"async\" class=\" wp-image-2315\" src=\"https:\/\/www.vlaknapameti.cz\/wp-content\/uploads\/1330wa-576x1024.jpg\" alt=\"\u017da\u010dky z krajk\u00e1\u0159sk\u00e9ho krou\u017eku p\u0159i Z\u0160 \u010cesk\u00e1 Rybn\u00e1 s lektorkou Evou Kr\u010dm\u00e1\u0159ovou (2025)\" width=\"800\" height=\"1422\" srcset=\"https:\/\/www.vlaknapameti.cz\/wp-content\/uploads\/1330wa-576x1024.jpg 576w, https:\/\/www.vlaknapameti.cz\/wp-content\/uploads\/1330wa-169x300.jpg 169w, https:\/\/www.vlaknapameti.cz\/wp-content\/uploads\/1330wa-768x1365.jpg 768w, https:\/\/www.vlaknapameti.cz\/wp-content\/uploads\/1330wa-864x1536.jpg 864w, https:\/\/www.vlaknapameti.cz\/wp-content\/uploads\/1330wa-1152x2048.jpg 1152w, https:\/\/www.vlaknapameti.cz\/wp-content\/uploads\/1330wa-scaled.jpg 1440w\" sizes=\"auto, (max-width: 800px) 100vw, 800px\" \/><figcaption id=\"caption-attachment-2315\" class=\"wp-caption-text\">\u017da\u010dky z krajk\u00e1\u0159sk\u00e9ho krou\u017eku p\u0159i Z\u0160 \u010cesk\u00e1 Rybn\u00e1 s lektorkou Evou Kr\u010dm\u00e1\u0159ovou (2025)<\/figcaption><\/figure>\n<figure id=\"attachment_2316\" aria-describedby=\"caption-attachment-2316\" style=\"width: 800px\" class=\"wp-caption alignleft\"><img loading=\"lazy\" decoding=\"async\" class=\"size-large wp-image-2316\" src=\"https:\/\/www.vlaknapameti.cz\/wp-content\/uploads\/1330wb-1024x576.jpg\" alt=\"\u017da\u010dky z krajk\u00e1\u0159sk\u00e9ho krou\u017eku p\u0159i Z\u0160 \u010cesk\u00e1 Rybn\u00e1\u00a0(2025)\" width=\"800\" height=\"450\" srcset=\"https:\/\/www.vlaknapameti.cz\/wp-content\/uploads\/1330wb-1024x576.jpg 1024w, https:\/\/www.vlaknapameti.cz\/wp-content\/uploads\/1330wb-300x169.jpg 300w, https:\/\/www.vlaknapameti.cz\/wp-content\/uploads\/1330wb-768x432.jpg 768w, https:\/\/www.vlaknapameti.cz\/wp-content\/uploads\/1330wb-1536x864.jpg 1536w, https:\/\/www.vlaknapameti.cz\/wp-content\/uploads\/1330wb.jpg 1920w\" sizes=\"auto, (max-width: 800px) 100vw, 800px\" \/><figcaption id=\"caption-attachment-2316\" class=\"wp-caption-text\">\u017da\u010dky z krajk\u00e1\u0159sk\u00e9ho krou\u017eku p\u0159i Z\u0160 \u010cesk\u00e1 Rybn\u00e1\u00a0(2025)<\/figcaption><\/figure>\n<figure id=\"attachment_2317\" aria-describedby=\"caption-attachment-2317\" style=\"width: 800px\" class=\"wp-caption alignleft\"><img loading=\"lazy\" decoding=\"async\" class=\"size-large wp-image-2317\" src=\"https:\/\/www.vlaknapameti.cz\/wp-content\/uploads\/1330wc-1024x576.jpg\" alt=\"\u017da\u010dky z krajk\u00e1\u0159sk\u00e9ho krou\u017eku p\u0159i Z\u0160 \u010cesk\u00e1 Rybn\u00e1\u00a0(2025)\" width=\"800\" height=\"450\" srcset=\"https:\/\/www.vlaknapameti.cz\/wp-content\/uploads\/1330wc-1024x576.jpg 1024w, https:\/\/www.vlaknapameti.cz\/wp-content\/uploads\/1330wc-300x169.jpg 300w, https:\/\/www.vlaknapameti.cz\/wp-content\/uploads\/1330wc-768x432.jpg 768w, https:\/\/www.vlaknapameti.cz\/wp-content\/uploads\/1330wc-1536x864.jpg 1536w, https:\/\/www.vlaknapameti.cz\/wp-content\/uploads\/1330wc.jpg 1920w\" sizes=\"auto, (max-width: 800px) 100vw, 800px\" \/><figcaption id=\"caption-attachment-2317\" class=\"wp-caption-text\">\u017da\u010dky z krajk\u00e1\u0159sk\u00e9ho krou\u017eku p\u0159i Z\u0160 \u010cesk\u00e1 Rybn\u00e1\u00a0(2025)<\/figcaption><\/figure>\n<figure id=\"attachment_2318\" aria-describedby=\"caption-attachment-2318\" style=\"width: 800px\" class=\"wp-caption alignleft\"><img loading=\"lazy\" decoding=\"async\" class=\"size-large wp-image-2318\" src=\"https:\/\/www.vlaknapameti.cz\/wp-content\/uploads\/1330wd-1024x646.jpg\" alt=\"\u010cesk\u00e1 Rybn\u00e1 se \u0161kolou (30. l\u00e9ta 20. stol.)\" width=\"800\" height=\"505\" srcset=\"https:\/\/www.vlaknapameti.cz\/wp-content\/uploads\/1330wd-1024x646.jpg 1024w, https:\/\/www.vlaknapameti.cz\/wp-content\/uploads\/1330wd-300x189.jpg 300w, https:\/\/www.vlaknapameti.cz\/wp-content\/uploads\/1330wd-768x485.jpg 768w, https:\/\/www.vlaknapameti.cz\/wp-content\/uploads\/1330wd-1536x970.jpg 1536w, https:\/\/www.vlaknapameti.cz\/wp-content\/uploads\/1330wd.jpg 1920w\" sizes=\"auto, (max-width: 800px) 100vw, 800px\" \/><figcaption id=\"caption-attachment-2318\" class=\"wp-caption-text\">\u010cesk\u00e1 Rybn\u00e1 se \u0161kolou (30. l\u00e9ta 20. stol.)<\/figcaption><\/figure>\n","protected":false},"excerpt":{"rendered":"<p>Z\u00e1kladn\u00ed \u0161kola \u010cesk\u00e1 Rybn\u00e1, \u010d.p. 141 (polo\u017eka interaktivn\u00ed mapy s v\u00edcero reprodukcemi) V\u00a0\u010cesk\u00e9 Rybn\u00e9 existoval krajk\u00e1\u0159sk\u00fd kurz z\u0159izovan\u00fd \u0160kolsk\u00fdm \u00fastavem pro dom\u00e1ck\u00fd pr\u016fmysl v\u00a0letech 1949-1959. K\u00a0inici\u00e1tor\u016fm jeho vzniku pat\u0159ilo z\u0159ejm\u011b &#8230;<\/p>\n","protected":false},"author":1,"featured_media":0,"parent":0,"menu_order":0,"comment_status":"closed","ping_status":"closed","template":"","meta":{"footnotes":""},"class_list":["post-2404","page","type-page","status-publish","hentry"],"_links":{"self":[{"href":"https:\/\/www.vlaknapameti.cz\/index.php?rest_route=\/wp\/v2\/pages\/2404","targetHints":{"allow":["GET"]}}],"collection":[{"href":"https:\/\/www.vlaknapameti.cz\/index.php?rest_route=\/wp\/v2\/pages"}],"about":[{"href":"https:\/\/www.vlaknapameti.cz\/index.php?rest_route=\/wp\/v2\/types\/page"}],"author":[{"embeddable":true,"href":"https:\/\/www.vlaknapameti.cz\/index.php?rest_route=\/wp\/v2\/users\/1"}],"replies":[{"embeddable":true,"href":"https:\/\/www.vlaknapameti.cz\/index.php?rest_route=%2Fwp%2Fv2%2Fcomments&post=2404"}],"version-history":[{"count":2,"href":"https:\/\/www.vlaknapameti.cz\/index.php?rest_route=\/wp\/v2\/pages\/2404\/revisions"}],"predecessor-version":[{"id":2756,"href":"https:\/\/www.vlaknapameti.cz\/index.php?rest_route=\/wp\/v2\/pages\/2404\/revisions\/2756"}],"wp:attachment":[{"href":"https:\/\/www.vlaknapameti.cz\/index.php?rest_route=%2Fwp%2Fv2%2Fmedia&parent=2404"}],"curies":[{"name":"wp","href":"https:\/\/api.w.org\/{rel}","templated":true}]}}