{"id":2385,"date":"2025-08-13T00:16:38","date_gmt":"2025-08-13T00:16:38","guid":{"rendered":"https:\/\/www.vlaknapameti.cz\/?page_id=2385"},"modified":"2025-09-28T19:38:54","modified_gmt":"2025-09-28T19:38:54","slug":"im_lenka-kroulikova","status":"publish","type":"page","link":"https:\/\/www.vlaknapameti.cz\/?page_id=2385","title":{"rendered":"IM: Lenka Kroul\u00edkov\u00e1"},"content":{"rendered":"<h2>Lenka Kroul\u00edkov\u00e1<\/h2>\n<p><em>(polo\u017eka interaktivn\u00ed mapy s v\u00edcero reprodukcemi)<\/em><\/p>\n<p>Lenka Kroul\u00edkov\u00e1 (1966) \u017eije v Kvasin\u00e1ch. Po absolvov\u00e1n\u00ed oboru \u201eRu\u010dn\u00ed krajk\u00e1\u0159ka\u201c na St\u0159edn\u00edm odborn\u00e9m u\u010dili\u0161ti textiln\u00edm v Hronov\u011b II (dnes Velk\u00e9 Po\u0159\u00ed\u010d\u00ed nad Metuj\u00ed) v roce 1983 studovala v letech 1983\u20131987 V\u00fdtvarn\u00e9 zpracov\u00e1n\u00ed krajky a v\u00fd\u0161ivky na St\u0159edn\u00ed pr\u016fmyslov\u00e9 \u0161kole textiln\u00ed v Brn\u011b. V letech 1987\u20131990 pracovala ve Vambereck\u00e9 krajce Vamberk, respektive ve Vambereck\u00e9 krajce CZ, a to jako n\u00e1vrh\u00e1\u0159ka ve v\u00fdvojov\u00e9m st\u0159edisku, vedouc\u00ed d\u00edlny ru\u010dn\u00edch krajk\u00e1\u0159ek aj. V letech 1987-1989 vyu\u010dovala tak\u00e9 pali\u010dkov\u00e1n\u00ed na St\u0159edn\u00edm odborn\u00e9m u\u010dili\u0161ti textiln\u00edm v Hronov\u011b II. Um\u011bleck\u00e9 krajce se v\u011bnuje od roku 1988. Tvo\u0159\u00ed krajky voln\u00e9, krajky aplikovan\u00e9 na od\u011bv i krajky prostorov\u00e9. R\u00e1da jimi dopl\u0148uje c\u00ednovan\u00e9 nebo st\u0159\u00edbrn\u00e9 \u0161perky. Na tvorbu pali\u010dkovan\u00fdch \u0161perk\u016f se specializuje. D\u00edky spolupr\u00e1ci s \u00da\u0159adem vl\u00e1dy \u010cR se dostaly i k takov\u00fdm osobnostem, jako jsou Angela Merkel, Margaret Thatcher \u010di Madeleine Albright. V roce 2009 navrhla bro\u017e s \u010desk\u00fdmi gran\u00e1ty jako dar v r\u00e1mci p\u0159edsednictv\u00ed \u010cR v EU. Ve Vambereck\u00e9 krajce CZ spolupracovala s m\u00f3dn\u00ed n\u00e1vrh\u00e1\u0159kou Zuzanou \u0160t\u011bp\u00e1nkovou. Dvakr\u00e1t spole\u010dn\u011b vytvo\u0159ily modely pro Mezin\u00e1rodn\u00ed trien\u00e1le Od\u011bv a jeho dopln\u011bk v Jablonci nad Nisou, jsou autorkami dvou \u0161at\u016f pro Miss World Ta\u0165\u00e1nu Kucha\u0159ovou pro Expo v \u0160anghaji 2010. Ve stejn\u00e9m roce se s \u00fasp\u011bchem z\u00fa\u010dastnily sout\u011b\u017ee Svatebn\u00ed \u0161aty roku v Praze. Jsou autorkami kolekce spole\u010densk\u00fdch \u0161at\u016f s krajkou zna\u010dky Bonheure, prezentovan\u00fdch ve sv\u011bt\u011b. Pali\u010dkov\u00e1n\u00ed se d\u00e1le aktivn\u011b v\u011bnuje a spolupracuje nap\u0159. s francouzskou um\u011blkyn\u00ed Julie B\u00e9na, jej\u00ed\u017e n\u00e1vrhy p\u0159ev\u00e1d\u00ed do obrazov\u00e9 krajky. Z\u00fa\u010dastnila se mnoha kolektivn\u00edch v\u00fdstav v \u010cesk\u00e9 republice i v zahrani\u010d\u00ed a z\u00edskala \u0159adu ocen\u011bn\u00ed. Roku 2010 z\u00edskala nap\u0159\u00edklad na V. Bien\u00e1le \u010desk\u00e9 krajky ve Vamberku Cenu sympatie, kterou ud\u011bluj\u00ed n\u00e1v\u0161t\u011bvn\u00edci bien\u00e1le.<\/p>\n<figure id=\"attachment_1990\" aria-describedby=\"caption-attachment-1990\" style=\"width: 680px\" class=\"wp-caption alignleft\"><img loading=\"lazy\" decoding=\"async\" class=\"size-large wp-image-1990\" src=\"https:\/\/www.vlaknapameti.cz\/wp-content\/uploads\/1309v-680x1024.jpg\" alt=\"Vsadka do \u0161at\u016f, len, lacetka \u2013 visk\u00f3za, pali\u010dkovan\u00e1 krajka, 2005\" width=\"680\" height=\"1024\" srcset=\"https:\/\/www.vlaknapameti.cz\/wp-content\/uploads\/1309v-680x1024.jpg 680w, https:\/\/www.vlaknapameti.cz\/wp-content\/uploads\/1309v-199x300.jpg 199w, https:\/\/www.vlaknapameti.cz\/wp-content\/uploads\/1309v-768x1157.jpg 768w, https:\/\/www.vlaknapameti.cz\/wp-content\/uploads\/1309v-1019x1536.jpg 1019w, https:\/\/www.vlaknapameti.cz\/wp-content\/uploads\/1309v.jpg 1200w\" sizes=\"auto, (max-width: 680px) 100vw, 680px\" \/><figcaption id=\"caption-attachment-1990\" class=\"wp-caption-text\">Vsadka do \u0161at\u016f, len, lacetka \u2013 visk\u00f3za, pali\u010dkovan\u00e1 krajka, 2005<\/figcaption><\/figure>\n<figure id=\"attachment_1991\" aria-describedby=\"caption-attachment-1991\" style=\"width: 680px\" class=\"wp-caption alignleft\"><img loading=\"lazy\" decoding=\"async\" class=\" wp-image-1991\" src=\"https:\/\/www.vlaknapameti.cz\/wp-content\/uploads\/1309va-680x1024.jpg\" alt=\"Bolerko, hedv\u00e1b\u00ed, lacetka \u2013 kovov\u00e9 vl\u00e1kno, pali\u010dkovan\u00e1 krajka, 2007\" width=\"680\" height=\"1024\" srcset=\"https:\/\/www.vlaknapameti.cz\/wp-content\/uploads\/1309va-680x1024.jpg 680w, https:\/\/www.vlaknapameti.cz\/wp-content\/uploads\/1309va-199x300.jpg 199w, https:\/\/www.vlaknapameti.cz\/wp-content\/uploads\/1309va-768x1157.jpg 768w, https:\/\/www.vlaknapameti.cz\/wp-content\/uploads\/1309va-1019x1536.jpg 1019w, https:\/\/www.vlaknapameti.cz\/wp-content\/uploads\/1309va.jpg 1200w\" sizes=\"auto, (max-width: 680px) 100vw, 680px\" \/><figcaption id=\"caption-attachment-1991\" class=\"wp-caption-text\">Bolerko, hedv\u00e1b\u00ed, lacetka \u2013 kovov\u00e9 vl\u00e1kno, pali\u010dkovan\u00e1 krajka, 2007<\/figcaption><\/figure>\n<figure id=\"attachment_1992\" aria-describedby=\"caption-attachment-1992\" style=\"width: 680px\" class=\"wp-caption alignleft\"><img loading=\"lazy\" decoding=\"async\" class=\" wp-image-1992\" src=\"https:\/\/www.vlaknapameti.cz\/wp-content\/uploads\/1309vb-752x1024.jpg\" alt=\"Pali\u010dkovan\u00e9 krajkov\u00e9 pr\u00e1dlo, len, lacetka \u2013 visk\u00f3za, 2007\" width=\"680\" height=\"926\" srcset=\"https:\/\/www.vlaknapameti.cz\/wp-content\/uploads\/1309vb-752x1024.jpg 752w, https:\/\/www.vlaknapameti.cz\/wp-content\/uploads\/1309vb-220x300.jpg 220w, https:\/\/www.vlaknapameti.cz\/wp-content\/uploads\/1309vb-768x1046.jpg 768w, https:\/\/www.vlaknapameti.cz\/wp-content\/uploads\/1309vb-1127x1536.jpg 1127w, https:\/\/www.vlaknapameti.cz\/wp-content\/uploads\/1309vb.jpg 1200w\" sizes=\"auto, (max-width: 680px) 100vw, 680px\" \/><figcaption id=\"caption-attachment-1992\" class=\"wp-caption-text\">Pali\u010dkovan\u00e9 krajkov\u00e9 pr\u00e1dlo, len, lacetka \u2013 visk\u00f3za, 2007<\/figcaption><\/figure>\n<p>&nbsp;<\/p>\n<p>&nbsp;<\/p>\n<figure id=\"attachment_1993\" aria-describedby=\"caption-attachment-1993\" style=\"width: 680px\" class=\"wp-caption alignnone\"><img loading=\"lazy\" decoding=\"async\" class=\" wp-image-1993\" src=\"https:\/\/www.vlaknapameti.cz\/wp-content\/uploads\/1309vc-476x1024.jpg\" alt=\"\u0160aty pro Ta\u0165\u00e1nu Kucha\u0159ovou pro \u010cesk\u00fd ve\u010der na\u00a0EXPU 2010 v\u00a0\u0160anghaji, 2010, hedv\u00e1b\u00ed, dracoun, pali\u010dkovan\u00e1 krajka, n\u00e1vrh \u0161at\u016f: Zuzana \u0160t\u011bp\u00e1nkov\u00e1, 2010\" width=\"680\" height=\"1463\" srcset=\"https:\/\/www.vlaknapameti.cz\/wp-content\/uploads\/1309vc-476x1024.jpg 476w, https:\/\/www.vlaknapameti.cz\/wp-content\/uploads\/1309vc-139x300.jpg 139w, https:\/\/www.vlaknapameti.cz\/wp-content\/uploads\/1309vc-768x1653.jpg 768w, https:\/\/www.vlaknapameti.cz\/wp-content\/uploads\/1309vc-714x1536.jpg 714w, https:\/\/www.vlaknapameti.cz\/wp-content\/uploads\/1309vc-951x2048.jpg 951w, https:\/\/www.vlaknapameti.cz\/wp-content\/uploads\/1309vc-scaled.jpg 1189w\" sizes=\"auto, (max-width: 680px) 100vw, 680px\" \/><figcaption id=\"caption-attachment-1993\" class=\"wp-caption-text\">\u0160aty pro <a href=\"https:\/\/rychnovsky.denik.cz\/zpravy_region\/saty-z-vamberecke-krajky-se-predstavi-na-expo--.html\" target=\"_blank\" rel=\"noopener\">Ta\u0165\u00e1nu Kucha\u0159ovou pro \u010cesk\u00fd ve\u010der na\u00a0EXPU 2010 v\u00a0\u0160anghaji<\/a>, 2010, hedv\u00e1b\u00ed, dracoun, pali\u010dkovan\u00e1 krajka, n\u00e1vrh \u0161at\u016f: Zuzana \u0160t\u011bp\u00e1nkov\u00e1, 2010<\/figcaption><\/figure>\n<figure id=\"attachment_1994\" aria-describedby=\"caption-attachment-1994\" style=\"width: 681px\" class=\"wp-caption alignleft\"><img loading=\"lazy\" decoding=\"async\" class=\" wp-image-1994\" src=\"https:\/\/www.vlaknapameti.cz\/wp-content\/uploads\/1309vd-1024x729.jpg\" alt=\"B\u00e9\u017eov\u00fd set \u2013 n\u00e1hrdeln\u00edk, n\u00e1ramek, n\u00e1u\u0161nice, kabelka, hedv\u00e1bn\u00e1 \u0161\u00e1la, hedv\u00e1b\u00ed, pali\u010dkovan\u00e1 krajka, 2011\" width=\"681\" height=\"485\" srcset=\"https:\/\/www.vlaknapameti.cz\/wp-content\/uploads\/1309vd-1024x729.jpg 1024w, https:\/\/www.vlaknapameti.cz\/wp-content\/uploads\/1309vd-300x214.jpg 300w, https:\/\/www.vlaknapameti.cz\/wp-content\/uploads\/1309vd-768x547.jpg 768w, https:\/\/www.vlaknapameti.cz\/wp-content\/uploads\/1309vd.jpg 1200w\" sizes=\"auto, (max-width: 681px) 100vw, 681px\" \/><figcaption id=\"caption-attachment-1994\" class=\"wp-caption-text\">B\u00e9\u017eov\u00fd set \u2013 n\u00e1hrdeln\u00edk, n\u00e1ramek, n\u00e1u\u0161nice, kabelka, hedv\u00e1bn\u00e1 \u0161\u00e1la, hedv\u00e1b\u00ed, pali\u010dkovan\u00e1 krajka, 2011<\/figcaption><\/figure>\n<p>&nbsp;<\/p>\n<p>&nbsp;<\/p>\n","protected":false},"excerpt":{"rendered":"<p>Lenka Kroul\u00edkov\u00e1 (polo\u017eka interaktivn\u00ed mapy s v\u00edcero reprodukcemi) Lenka Kroul\u00edkov\u00e1 (1966) \u017eije v Kvasin\u00e1ch. Po absolvov\u00e1n\u00ed oboru \u201eRu\u010dn\u00ed krajk\u00e1\u0159ka\u201c na St\u0159edn\u00edm odborn\u00e9m u\u010dili\u0161ti textiln\u00edm v Hronov\u011b II (dnes Velk\u00e9 Po\u0159\u00ed\u010d\u00ed &#8230;<\/p>\n","protected":false},"author":1,"featured_media":0,"parent":0,"menu_order":0,"comment_status":"closed","ping_status":"closed","template":"","meta":{"footnotes":""},"class_list":["post-2385","page","type-page","status-publish","hentry"],"_links":{"self":[{"href":"https:\/\/www.vlaknapameti.cz\/index.php?rest_route=\/wp\/v2\/pages\/2385","targetHints":{"allow":["GET"]}}],"collection":[{"href":"https:\/\/www.vlaknapameti.cz\/index.php?rest_route=\/wp\/v2\/pages"}],"about":[{"href":"https:\/\/www.vlaknapameti.cz\/index.php?rest_route=\/wp\/v2\/types\/page"}],"author":[{"embeddable":true,"href":"https:\/\/www.vlaknapameti.cz\/index.php?rest_route=\/wp\/v2\/users\/1"}],"replies":[{"embeddable":true,"href":"https:\/\/www.vlaknapameti.cz\/index.php?rest_route=%2Fwp%2Fv2%2Fcomments&post=2385"}],"version-history":[{"count":9,"href":"https:\/\/www.vlaknapameti.cz\/index.php?rest_route=\/wp\/v2\/pages\/2385\/revisions"}],"predecessor-version":[{"id":2824,"href":"https:\/\/www.vlaknapameti.cz\/index.php?rest_route=\/wp\/v2\/pages\/2385\/revisions\/2824"}],"wp:attachment":[{"href":"https:\/\/www.vlaknapameti.cz\/index.php?rest_route=%2Fwp%2Fv2%2Fmedia&parent=2385"}],"curies":[{"name":"wp","href":"https:\/\/api.w.org\/{rel}","templated":true}]}}