{"id":2369,"date":"2025-08-12T23:42:57","date_gmt":"2025-08-12T23:42:57","guid":{"rendered":"https:\/\/www.vlaknapameti.cz\/?page_id=2369"},"modified":"2025-09-12T19:21:48","modified_gmt":"2025-09-12T19:21:48","slug":"im_anna-sterbova","status":"publish","type":"page","link":"https:\/\/www.vlaknapameti.cz\/?page_id=2369","title":{"rendered":"IM: Anna \u0160t\u011brbov\u00e1"},"content":{"rendered":"<h2>Anna \u0160t\u011brbov\u00e1<\/h2>\n<p><em>(polo\u017eka interaktivn\u00ed mapy s v\u00edcero reprodukcemi)<\/em><\/p>\n<p>Podrobn\u00fd popis zat\u00edm nen\u00ed k dispozici.<\/p>\n<figure id=\"attachment_1988\" aria-describedby=\"caption-attachment-1988\" style=\"width: 800px\" class=\"wp-caption alignleft\"><img loading=\"lazy\" decoding=\"async\" class=\"size-large wp-image-1988\" src=\"https:\/\/www.vlaknapameti.cz\/wp-content\/uploads\/1272v-1024x607.jpg\" alt=\"Pali\u010dkovan\u00e1 vsadka,\u00a0Muzeum krajky Vamberk\" width=\"800\" height=\"474\" srcset=\"https:\/\/www.vlaknapameti.cz\/wp-content\/uploads\/1272v-1024x607.jpg 1024w, https:\/\/www.vlaknapameti.cz\/wp-content\/uploads\/1272v-300x178.jpg 300w, https:\/\/www.vlaknapameti.cz\/wp-content\/uploads\/1272v-768x455.jpg 768w, https:\/\/www.vlaknapameti.cz\/wp-content\/uploads\/1272v.jpg 1200w\" sizes=\"auto, (max-width: 800px) 100vw, 800px\" \/><figcaption id=\"caption-attachment-1988\" class=\"wp-caption-text\">Pali\u010dkovan\u00e1 vsadka,\u00a0Muzeum krajky Vamberk<\/figcaption><\/figure>\n<figure id=\"attachment_1989\" aria-describedby=\"caption-attachment-1989\" style=\"width: 800px\" class=\"wp-caption alignleft\"><img loading=\"lazy\" decoding=\"async\" class=\"size-large wp-image-1989\" src=\"https:\/\/www.vlaknapameti.cz\/wp-content\/uploads\/1272va-1024x966.jpg\" alt=\"Pali\u010dkovan\u00e1 vsadka,\u00a0Muzeum krajky Vamberk\" width=\"800\" height=\"755\" srcset=\"https:\/\/www.vlaknapameti.cz\/wp-content\/uploads\/1272va-1024x966.jpg 1024w, https:\/\/www.vlaknapameti.cz\/wp-content\/uploads\/1272va-300x283.jpg 300w, https:\/\/www.vlaknapameti.cz\/wp-content\/uploads\/1272va-768x724.jpg 768w, https:\/\/www.vlaknapameti.cz\/wp-content\/uploads\/1272va.jpg 1200w\" sizes=\"auto, (max-width: 800px) 100vw, 800px\" \/><figcaption id=\"caption-attachment-1989\" class=\"wp-caption-text\">Pali\u010dkovan\u00e1 vsadka,\u00a0Muzeum krajky Vamberk<\/figcaption><\/figure>\n","protected":false},"excerpt":{"rendered":"<p>Anna \u0160t\u011brbov\u00e1 (polo\u017eka interaktivn\u00ed mapy s v\u00edcero reprodukcemi) Podrobn\u00fd popis zat\u00edm nen\u00ed k dispozici.<\/p>\n","protected":false},"author":1,"featured_media":0,"parent":0,"menu_order":0,"comment_status":"closed","ping_status":"closed","template":"","meta":{"footnotes":""},"class_list":["post-2369","page","type-page","status-publish","hentry"],"_links":{"self":[{"href":"https:\/\/www.vlaknapameti.cz\/index.php?rest_route=\/wp\/v2\/pages\/2369","targetHints":{"allow":["GET"]}}],"collection":[{"href":"https:\/\/www.vlaknapameti.cz\/index.php?rest_route=\/wp\/v2\/pages"}],"about":[{"href":"https:\/\/www.vlaknapameti.cz\/index.php?rest_route=\/wp\/v2\/types\/page"}],"author":[{"embeddable":true,"href":"https:\/\/www.vlaknapameti.cz\/index.php?rest_route=\/wp\/v2\/users\/1"}],"replies":[{"embeddable":true,"href":"https:\/\/www.vlaknapameti.cz\/index.php?rest_route=%2Fwp%2Fv2%2Fcomments&post=2369"}],"version-history":[{"count":2,"href":"https:\/\/www.vlaknapameti.cz\/index.php?rest_route=\/wp\/v2\/pages\/2369\/revisions"}],"predecessor-version":[{"id":2728,"href":"https:\/\/www.vlaknapameti.cz\/index.php?rest_route=\/wp\/v2\/pages\/2369\/revisions\/2728"}],"wp:attachment":[{"href":"https:\/\/www.vlaknapameti.cz\/index.php?rest_route=%2Fwp%2Fv2%2Fmedia&parent=2369"}],"curies":[{"name":"wp","href":"https:\/\/api.w.org\/{rel}","templated":true}]}}