{"id":2357,"date":"2025-08-12T23:10:00","date_gmt":"2025-08-12T23:10:00","guid":{"rendered":"https:\/\/www.vlaknapameti.cz\/?page_id=2357"},"modified":"2025-09-12T19:23:51","modified_gmt":"2025-09-12T19:23:51","slug":"im_kostel-umuceni-sv-jana-krtitele","status":"publish","type":"page","link":"https:\/\/www.vlaknapameti.cz\/?page_id=2357","title":{"rendered":"IM: Kostel Umu\u010den\u00ed sv. Jana K\u0159titele"},"content":{"rendered":"<h1>Kostel Umu\u010den\u00ed (St\u011bt\u00ed) sv. Jana K\u0159titele v Solnici<\/h1>\n<p><em>(polo\u017eka interaktivn\u00ed mapy s v\u00edcero reprodukcemi)<\/em><\/p>\n<p>Kostel Umu\u010den\u00ed (St\u011bt\u00ed) sv. Jana K\u0159titele v Solnici je \u0159\u00edmskokatolick\u00fd farn\u00ed kostel. Je chr\u00e1n\u011bn jako kulturn\u00ed pam\u00e1tka. Barokn\u00ed\u00a0stavba z let\u00a01681\u20131686\u00a0byla upravena\u00a0novobarokn\u011b\u00a0v letech\u00a01869\u20131870.<\/p>\n<figure id=\"attachment_1732\" aria-describedby=\"caption-attachment-1732\" style=\"width: 800px\" class=\"wp-caption alignleft\"><img loading=\"lazy\" decoding=\"async\" class=\"size-large wp-image-1732\" src=\"https:\/\/www.vlaknapameti.cz\/wp-content\/uploads\/0552v-1024x468.jpg\" alt=\"P\u00e1sov\u00e1 krajka (z kn\u011b\u017esk\u00e9 rochety), len, 24 \u00d7 320 cm, pali\u010dkovan\u00e1 krajka, 1. polovina 20. stolet\u00ed, Holice, sb\u00edrka R. Martinka.\" width=\"800\" height=\"366\" srcset=\"https:\/\/www.vlaknapameti.cz\/wp-content\/uploads\/0552v-1024x468.jpg 1024w, https:\/\/www.vlaknapameti.cz\/wp-content\/uploads\/0552v-300x137.jpg 300w, https:\/\/www.vlaknapameti.cz\/wp-content\/uploads\/0552v-768x351.jpg 768w, https:\/\/www.vlaknapameti.cz\/wp-content\/uploads\/0552v.jpg 1200w\" sizes=\"auto, (max-width: 800px) 100vw, 800px\" \/><figcaption id=\"caption-attachment-1732\" class=\"wp-caption-text\">P\u00e1sov\u00e1 krajka (z kn\u011b\u017esk\u00e9 rochety), len, 24 \u00d7 320 cm, pali\u010dkovan\u00e1 krajka, 1. polovina 20. stolet\u00ed, Holice, sb\u00edrka R. Martinka.<\/figcaption><\/figure>\n<figure id=\"attachment_1733\" aria-describedby=\"caption-attachment-1733\" style=\"width: 800px\" class=\"wp-caption alignleft\"><img loading=\"lazy\" decoding=\"async\" class=\"size-large wp-image-1733\" src=\"https:\/\/www.vlaknapameti.cz\/wp-content\/uploads\/0552va-1024x472.jpg\" alt=\"P\u00e1sov\u00e1 krajka (z olt\u00e1\u0159n\u00edho pl\u00e1tna), len, 35\u00d7295 cm, pali\u010dkovan\u00e1 krajka, 1. polovina 20. stolet\u00ed, Holice, sb\u00edrka R. Martinka.\" width=\"800\" height=\"369\" srcset=\"https:\/\/www.vlaknapameti.cz\/wp-content\/uploads\/0552va-1024x472.jpg 1024w, https:\/\/www.vlaknapameti.cz\/wp-content\/uploads\/0552va-300x138.jpg 300w, https:\/\/www.vlaknapameti.cz\/wp-content\/uploads\/0552va-768x354.jpg 768w, https:\/\/www.vlaknapameti.cz\/wp-content\/uploads\/0552va.jpg 1200w\" sizes=\"auto, (max-width: 800px) 100vw, 800px\" \/><figcaption id=\"caption-attachment-1733\" class=\"wp-caption-text\">P\u00e1sov\u00e1 krajka (z olt\u00e1\u0159n\u00edho pl\u00e1tna), len, 35\u00d7295 cm, pali\u010dkovan\u00e1 krajka, 1. polovina 20. stolet\u00ed, Holice, sb\u00edrka R. Martinka.<\/figcaption><\/figure>\n<p><img loading=\"lazy\" decoding=\"async\" class=\"\" src=\"https:\/\/upload.wikimedia.org\/wikipedia\/commons\/thumb\/d\/df\/Solnice_-_Church.jpg\/960px-Solnice_-_Church.jpg\" alt=\"Kostel Umu\u010den\u00ed sv. Jana K\u0159titele v Solnici, fotografie Radek Barto\u0161\" width=\"800\" height=\"1067\" \/><\/p>\n<p>Kostel Umu\u010den\u00ed sv. Jana K\u0159titele v Solnici, fotografie Radek Barto\u0161<\/p>\n","protected":false},"excerpt":{"rendered":"<p>Kostel Umu\u010den\u00ed (St\u011bt\u00ed) sv. Jana K\u0159titele v Solnici (polo\u017eka interaktivn\u00ed mapy s v\u00edcero reprodukcemi) Kostel Umu\u010den\u00ed (St\u011bt\u00ed) sv. Jana K\u0159titele v Solnici je \u0159\u00edmskokatolick\u00fd farn\u00ed kostel. Je chr\u00e1n\u011bn jako kulturn\u00ed &#8230;<\/p>\n","protected":false},"author":1,"featured_media":0,"parent":0,"menu_order":0,"comment_status":"closed","ping_status":"closed","template":"","meta":{"footnotes":""},"class_list":["post-2357","page","type-page","status-publish","hentry"],"_links":{"self":[{"href":"https:\/\/www.vlaknapameti.cz\/index.php?rest_route=\/wp\/v2\/pages\/2357","targetHints":{"allow":["GET"]}}],"collection":[{"href":"https:\/\/www.vlaknapameti.cz\/index.php?rest_route=\/wp\/v2\/pages"}],"about":[{"href":"https:\/\/www.vlaknapameti.cz\/index.php?rest_route=\/wp\/v2\/types\/page"}],"author":[{"embeddable":true,"href":"https:\/\/www.vlaknapameti.cz\/index.php?rest_route=\/wp\/v2\/users\/1"}],"replies":[{"embeddable":true,"href":"https:\/\/www.vlaknapameti.cz\/index.php?rest_route=%2Fwp%2Fv2%2Fcomments&post=2357"}],"version-history":[{"count":5,"href":"https:\/\/www.vlaknapameti.cz\/index.php?rest_route=\/wp\/v2\/pages\/2357\/revisions"}],"predecessor-version":[{"id":2738,"href":"https:\/\/www.vlaknapameti.cz\/index.php?rest_route=\/wp\/v2\/pages\/2357\/revisions\/2738"}],"wp:attachment":[{"href":"https:\/\/www.vlaknapameti.cz\/index.php?rest_route=%2Fwp%2Fv2%2Fmedia&parent=2357"}],"curies":[{"name":"wp","href":"https:\/\/api.w.org\/{rel}","templated":true}]}}