{"id":2012,"date":"2025-07-20T09:42:01","date_gmt":"2025-07-20T09:42:01","guid":{"rendered":"https:\/\/www.vlaknapameti.cz\/?page_id=2012"},"modified":"2025-08-12T23:39:39","modified_gmt":"2025-08-12T23:39:39","slug":"im-anna-kuncova","status":"publish","type":"page","link":"https:\/\/www.vlaknapameti.cz\/?page_id=2012","title":{"rendered":"IM: Anna Kuncov\u00e1"},"content":{"rendered":"<h2>Anna Kuncov\u00e1<\/h2>\n<p><em style=\"font-size: 11pt; font-weight: normal;\">(osobnost lokalizovan\u00e1 v interaktivn\u00ed map\u011b s v\u00edcero reprodukcemi)<\/em><\/p>\n<p>Anna Kuncov\u00e1 (1911) z\u00a0Rovn\u011b u Rychnova nad Kn\u011b\u017enou (\u010d.p. 31) absolvovala v roce 1930 Krajk\u00e1\u0159skou \u0161kolu ve Vamberku. Byla zru\u010dnou krajk\u00e1\u0159kou. Od ml\u00e1d\u00ed navrhovala tak\u00e9 vzory pro pali\u010dkovan\u00e9 krajky. Pat\u0159ila mezi zakladatelsk\u00e9 \u010dleny dru\u017estva Vambereck\u00e1 krajka Vamberk (VKV), kde pracovala od roku 1946 nejprve jako krajk\u00e1\u0159ka. Stala se prvn\u00ed n\u00e1vrh\u00e1\u0159kou dru\u017estva VKV. Krajky v n\u011bm navrhovala v letech 1952-1973, tak\u017ee do z\u00e1vorky. V polovin\u011b 50. let se zaslou\u017eila o zaveden\u00ed zcela nov\u00e9ho v\u00fdrobku \u2013 krajk\u00e1\u0159sk\u00e9 bi\u017euterie. Je autorkou \u0159ady vzor\u016f pali\u010dkovan\u00fdch l\u00edmc\u016f a dal\u0161\u00edch od\u011bvn\u00edch dopl\u0148k\u016f, v\u010detn\u011b kabelek a klobouk\u016f. Jej\u00ed tvorba proch\u00e1zela t\u00e9m\u011b\u0159 cel\u00fdm v\u00fdrobn\u00edm sortimentem dru\u017estva. Navrhovala pali\u010dkovan\u00e9 halenky, \u0161aty, pokr\u00fdvky k v\u00fdzdob\u011b stolu, ubrusy a soupravy prost\u00edr\u00e1n\u00ed. V dru\u017estvu p\u016fsobila t\u00e9m\u011b\u0159 30 let. Pr\u00e1ce Anny Kuncov\u00e9 byly ocen\u011bny na mnoha tuzemsk\u00fdch v\u00fdstav\u00e1ch, v Liberci, Jablonci aj. V roce 1957 obdr\u017eela titul Nejlep\u0161\u00ed pracovn\u00edk v\u00fdrobn\u00edho dru\u017estevnictv\u00ed, o rok pozd\u011bji byla vysl\u00e1na na studijn\u00ed cestu na sv\u011btovou v\u00fdstavu Expo Brusel 1958.\u00a0\u00a0Roku 1970 p\u0159evzala na Pra\u017esk\u00e9m hrad\u011b z rukou prezidenta Ludv\u00edka Svobody st\u00e1tn\u00ed vyznamen\u00e1n\u00ed \u201eZa z\u00e1sluhy o v\u00fdstavbu\u201c. V roce 1971 j\u00ed byl ud\u011blen titul \u201cMistr lidov\u00e9ho um\u011bn\u00ed v oboru ru\u010dn\u011b pali\u010dkovan\u00e1 krajka\u201d.<\/p>\n<figure id=\"attachment_1748\" aria-describedby=\"caption-attachment-1748\" style=\"width: 800px\" class=\"wp-caption alignleft\"><img loading=\"lazy\" decoding=\"async\" class=\"size-large wp-image-1748\" src=\"https:\/\/www.vlaknapameti.cz\/wp-content\/uploads\/1199vb-1024x702.jpg\" alt=\"Pali\u010dkovan\u00e1 pokr\u00fdvka 1970\" width=\"800\" height=\"548\" srcset=\"https:\/\/www.vlaknapameti.cz\/wp-content\/uploads\/1199vb-1024x702.jpg 1024w, https:\/\/www.vlaknapameti.cz\/wp-content\/uploads\/1199vb-300x206.jpg 300w, https:\/\/www.vlaknapameti.cz\/wp-content\/uploads\/1199vb-768x527.jpg 768w, https:\/\/www.vlaknapameti.cz\/wp-content\/uploads\/1199vb.jpg 1200w\" sizes=\"auto, (max-width: 800px) 100vw, 800px\" \/><figcaption id=\"caption-attachment-1748\" class=\"wp-caption-text\">Pokr\u00fdvka, pali\u010dkovan\u00e1 krajka, 35 \u00d7 23 cm, realizace:\u00a0Miroslava \u0160ustrov\u00e1,\u00a0Krajk\u00e1\u0159sk\u00e1 \u0161kola Vamberk, 1970<\/figcaption><\/figure>\n<figure id=\"attachment_1749\" aria-describedby=\"caption-attachment-1749\" style=\"width: 800px\" class=\"wp-caption alignleft\"><img loading=\"lazy\" decoding=\"async\" class=\"size-large wp-image-1749\" src=\"https:\/\/www.vlaknapameti.cz\/wp-content\/uploads\/1199vc-1024x847.jpg\" alt=\"Stoln\u00ed souprava, pali\u010dkovan\u00e1 krajka, 1973\" width=\"800\" height=\"662\" srcset=\"https:\/\/www.vlaknapameti.cz\/wp-content\/uploads\/1199vc-1024x847.jpg 1024w, https:\/\/www.vlaknapameti.cz\/wp-content\/uploads\/1199vc-300x248.jpg 300w, https:\/\/www.vlaknapameti.cz\/wp-content\/uploads\/1199vc-768x635.jpg 768w, https:\/\/www.vlaknapameti.cz\/wp-content\/uploads\/1199vc.jpg 1200w\" sizes=\"auto, (max-width: 800px) 100vw, 800px\" \/><figcaption id=\"caption-attachment-1749\" class=\"wp-caption-text\">Stoln\u00ed souprava, pali\u010dkovan\u00e1 krajka, 1973, Muzeum v\u00fdchodn\u00edch \u010cech Hradec Kr\u00e1lov\u00e9<\/figcaption><\/figure>\n<figure id=\"attachment_1747\" aria-describedby=\"caption-attachment-1747\" style=\"width: 734px\" class=\"wp-caption aligncenter\"><img loading=\"lazy\" decoding=\"async\" class=\"size-large wp-image-1747\" src=\"https:\/\/www.vlaknapameti.cz\/wp-content\/uploads\/1199va-734x1024.jpg\" alt=\"Pali\u010dkovan\u00fd klobouk a kabelka 1957\" width=\"734\" height=\"1024\" srcset=\"https:\/\/www.vlaknapameti.cz\/wp-content\/uploads\/1199va-734x1024.jpg 734w, https:\/\/www.vlaknapameti.cz\/wp-content\/uploads\/1199va-215x300.jpg 215w, https:\/\/www.vlaknapameti.cz\/wp-content\/uploads\/1199va-768x1071.jpg 768w, https:\/\/www.vlaknapameti.cz\/wp-content\/uploads\/1199va-1101x1536.jpg 1101w, https:\/\/www.vlaknapameti.cz\/wp-content\/uploads\/1199va.jpg 1200w\" sizes=\"auto, (max-width: 734px) 100vw, 734px\" \/><figcaption id=\"caption-attachment-1747\" class=\"wp-caption-text\">Pali\u010dkovan\u00fd klobouk a kabelka, b\u00edl\u00e1 ln\u011bn\u00e1 p\u0159\u00edze\u00a0klobouk \u00d8 35 cm, kabelka 25 \u00d7 12,5 cm, kolem roku 1957<\/figcaption><\/figure>\n<figure id=\"attachment_1746\" aria-describedby=\"caption-attachment-1746\" style=\"width: 394px\" class=\"wp-caption aligncenter\"><img loading=\"lazy\" decoding=\"async\" class=\"size-large wp-image-1746\" src=\"https:\/\/www.vlaknapameti.cz\/wp-content\/uploads\/1199v-394x1024.jpg\" alt=\"Spole\u010densk\u00e9 krajkov\u00e9 \u0161aty (1955)\" width=\"394\" height=\"1024\" srcset=\"https:\/\/www.vlaknapameti.cz\/wp-content\/uploads\/1199v-394x1024.jpg 394w, https:\/\/www.vlaknapameti.cz\/wp-content\/uploads\/1199v-115x300.jpg 115w, https:\/\/www.vlaknapameti.cz\/wp-content\/uploads\/1199v-768x1997.jpg 768w, https:\/\/www.vlaknapameti.cz\/wp-content\/uploads\/1199v-591x1536.jpg 591w, https:\/\/www.vlaknapameti.cz\/wp-content\/uploads\/1199v-787x2048.jpg 787w, https:\/\/www.vlaknapameti.cz\/wp-content\/uploads\/1199v-scaled.jpg 984w\" sizes=\"auto, (max-width: 394px) 100vw, 394px\" \/><figcaption id=\"caption-attachment-1746\" class=\"wp-caption-text\">Spole\u010densk\u00e9 \u0161aty,\u00a0vln\u011bn\u00e1 p\u0159\u00edze,\u00a0pali\u010dkovan\u00e1\u00a0p\u00e1skov\u00e1\u00a0krajka, kolem roku 1955<\/figcaption><\/figure>\n","protected":false},"excerpt":{"rendered":"<p>Anna Kuncov\u00e1 (osobnost lokalizovan\u00e1 v interaktivn\u00ed map\u011b s v\u00edcero reprodukcemi) Anna Kuncov\u00e1 (1911) z\u00a0Rovn\u011b u Rychnova nad Kn\u011b\u017enou (\u010d.p. 31) absolvovala v roce 1930 Krajk\u00e1\u0159skou \u0161kolu ve Vamberku. Byla zru\u010dnou &#8230;<\/p>\n","protected":false},"author":1,"featured_media":0,"parent":0,"menu_order":0,"comment_status":"closed","ping_status":"closed","template":"","meta":{"footnotes":""},"class_list":["post-2012","page","type-page","status-publish","hentry"],"_links":{"self":[{"href":"https:\/\/www.vlaknapameti.cz\/index.php?rest_route=\/wp\/v2\/pages\/2012","targetHints":{"allow":["GET"]}}],"collection":[{"href":"https:\/\/www.vlaknapameti.cz\/index.php?rest_route=\/wp\/v2\/pages"}],"about":[{"href":"https:\/\/www.vlaknapameti.cz\/index.php?rest_route=\/wp\/v2\/types\/page"}],"author":[{"embeddable":true,"href":"https:\/\/www.vlaknapameti.cz\/index.php?rest_route=\/wp\/v2\/users\/1"}],"replies":[{"embeddable":true,"href":"https:\/\/www.vlaknapameti.cz\/index.php?rest_route=%2Fwp%2Fv2%2Fcomments&post=2012"}],"version-history":[{"count":11,"href":"https:\/\/www.vlaknapameti.cz\/index.php?rest_route=\/wp\/v2\/pages\/2012\/revisions"}],"predecessor-version":[{"id":2368,"href":"https:\/\/www.vlaknapameti.cz\/index.php?rest_route=\/wp\/v2\/pages\/2012\/revisions\/2368"}],"wp:attachment":[{"href":"https:\/\/www.vlaknapameti.cz\/index.php?rest_route=%2Fwp%2Fv2%2Fmedia&parent=2012"}],"curies":[{"name":"wp","href":"https:\/\/api.w.org\/{rel}","templated":true}]}}